109.108.97.60 - - [15/Nov/2024:09:27:32 -0500] "POST /2024/10/07/the-new-2025-bmw-m5/ HTTP/1.1" 200 23567 "-" "Mozilla/5.0 (Windows NT 10.0; Win64; x64) AppleWebKit/537.36 (KHTML, like Gecko) Chrome/120.0.0.0 Safari/537.36"
109.108.97.60 - - [15/Nov/2024:09:27:34 -0500] "POST /2024/10/07/the-new-2025-bmw-m5/ HTTP/1.1" 200 23403 "-" "Mozilla/5.0 (Windows NT 10.0; Win64; x64) AppleWebKit/537.36 (KHTML, like Gecko) Chrome/120.0.0.0 Safari/537.36"
195.2.78.89 - - [15/Nov/2024:09:27:37 -0500] "GET /2024/10/07/the-new-2025-bmw-m5/feed/ HTTP/1.1" 200 441 "-" "Mozilla/5.0 (Windows NT 10.0; Win64; x64) AppleWebKit/537.36 (KHTML, like Gecko) Chrome/120.0.0.0 Safari/537.36"
195.2.78.89 - - [15/Nov/2024:09:27:38 -0500] "GET /2024/10/07/the-new-2025-bmw-m5/ HTTP/1.1" 200 23437 "-" "Mozilla/5.0 (Windows NT 10.0; Win64; x64) AppleWebKit/537.36 (KHTML, like Gecko) Chrome/120.0.0.0 Safari/537.36"
109.108.97.60 - - [15/Nov/2024:09:27:39 -0500] "POST /2024/10/07/the-new-2025-bmw-m5/ HTTP/1.1" 200 23613 "-" "Mozilla/5.0 (Windows NT 10.0; Win64; x64) AppleWebKit/537.36 (KHTML, like Gecko) Chrome/120.0.0.0 Safari/537.36"
109.108.97.60 - - [15/Nov/2024:09:27:41 -0500] "POST /2024/10/07/the-new-2025-bmw-m5/ HTTP/1.1" 200 23338 "-" "Mozilla/5.0 (Windows NT 10.0; Win64; x64) AppleWebKit/537.36 (KHTML, like Gecko) Chrome/120.0.0.0 Safari/537.36"
195.2.78.89 - - [15/Nov/2024:09:27:43 -0500] "GET /2024/10/07/the-new-2025-bmw-m5/ HTTP/1.1" 200 23437 "-" "Mozilla/5.0 (Windows NT 10.0; Win64; x64) AppleWebKit/537.36 (KHTML, like Gecko) Chrome/120.0.0.0 Safari/537.36"
195.2.78.89 - - [15/Nov/2024:09:27:44 -0500] "GET /product/laptop-bag-most-aero-15-blue/ HTTP/1.1" 200 24945 "-" "Mozilla/5.0 (Windows NT 10.0; Win64; x64) AppleWebKit/537.36 (KHTML, like Gecko) Chrome/120.0.0.0 Safari/537.36"
195.2.78.89 - - [15/Nov/2024:09:27:46 -0500] "GET / HTTP/1.1" 200 22159 "-" "Mozilla/5.0 (Windows NT 10.0; Win64; x64) AppleWebKit/537.36 (KHTML, like Gecko) Chrome/120.0.0.0 Safari/537.36"
195.2.78.89 - - [15/Nov/2024:09:27:46 -0500] "GET / HTTP/1.1" 200 22159 "-" "Mozilla/5.0 (Windows NT 10.0; Win64; x64) AppleWebKit/537.36 (KHTML, like Gecko) Chrome/120.0.0.0 Safari/537.36"
109.108.97.60 - - [15/Nov/2024:09:27:47 -0500] "POST / HTTP/1.1" 200 22295 "-" "Mozilla/5.0 (Windows NT 10.0; Win64; x64) AppleWebKit/537.36 (KHTML, like Gecko) Chrome/120.0.0.0 Safari/537.36"
109.108.97.60 - - [15/Nov/2024:09:27:49 -0500] "POST / HTTP/1.1" 200 22106 "-" "Mozilla/5.0 (Windows NT 10.0; Win64; x64) AppleWebKit/537.36 (KHTML, like Gecko) Chrome/120.0.0.0 Safari/537.36"
195.2.78.89 - - [15/Nov/2024:09:27:52 -0500] "GET /2017/04/04/staff-picks-the-gear-we-want-this-year-to-drive/ HTTP/1.1" 200 22537 "-" "Mozilla/5.0 (Windows NT 10.0; Win64; x64) AppleWebKit/537.36 (KHTML, like Gecko) Chrome/120.0.0.0 Safari/537.36"
195.2.78.89 - - [15/Nov/2024:09:27:53 -0500] "GET /2017/04/04/staff-picks-the-gear-we-want-this-year-to-drive/ HTTP/1.1" 200 22537 "-" "Mozilla/5.0 (Windows NT 10.0; Win64; x64) AppleWebKit/537.36 (KHTML, like Gecko) Chrome/120.0.0.0 Safari/537.36"
195.2.78.89 - - [15/Nov/2024:09:27:54 -0500] "GET /2017/04/04/staff-picks-the-gear-we-want-this-year-to-drive/?replytocom=2 HTTP/1.1" 200 22594 "-" "Mozilla/5.0 (Windows NT 10.0; Win64; x64) AppleWebKit/537.36 (KHTML, like Gecko) Chrome/120.0.0.0 Safari/537.36"
195.2.78.89 - - [15/Nov/2024:09:27:56 -0500] "GET /2017/04/04/staff-picks-the-gear-we-want-this-year-to-drive/?replytocom=3 HTTP/1.1" 200 22573 "-" "Mozilla/5.0 (Windows NT 10.0; Win64; x64) AppleWebKit/537.36 (KHTML, like Gecko) Chrome/120.0.0.0 Safari/537.36"
162.213.251.208 - - [15/Nov/2024:09:27:59 -0500] "POST /wp-cron.php?doing_wp_cron=1731680879.9655869007110595703125 HTTP/1.1" 200 0 "-" "WordPress/6.7; https://carschronicle.com"
109.108.97.60 - - [15/Nov/2024:09:27:59 -0500] "POST /2017/04/04/staff-picks-the-gear-we-want-this-year-to-drive/?replytocom=3 HTTP/1.1" 200 22731 "-" "Mozilla/5.0 (Windows NT 10.0; Win64; x64) AppleWebKit/537.36 (KHTML, like Gecko) Chrome/120.0.0.0 Safari/537.36"
109.108.97.60 - - [15/Nov/2024:09:28:02 -0500] "POST /2017/04/04/staff-picks-the-gear-we-want-this-year-to-drive/?replytocom=3 HTTP/1.1" 200 22518 "-" "Mozilla/5.0 (Windows NT 10.0; Win64; x64) AppleWebKit/537.36 (KHTML, like Gecko) Chrome/120.0.0.0 Safari/537.36"
162.213.251.208 - - [15/Nov/2024:09:30:46 -0500] "POST /wp-cron.php?doing_wp_cron=1731681046.3383150100708007812500 HTTP/1.1" 200 0 "-" "WordPress/6.7; https://carschronicle.com"
157.55.39.201 - - [15/Nov/2024:09:30:39 -0500] "GET /105218792886.shtml HTTP/1.1" 301 0 "-" "Mozilla/5.0 AppleWebKit/537.36 (KHTML, like Gecko; compatible; bingbot/2.0; +http://www.bing.com/bingbot.htm) Chrome/116.0.1938.76 Safari/537.36"
162.213.251.208 - - [15/Nov/2024:09:30:47 -0500] "POST /wp-admin/admin-ajax.php?action=async_litespeed&nonce=NdJXdjX2YZcU6a2COiLUQmjIz2EF2BAJ&litespeed_type=imgoptm HTTP/1.1" 200 21 "-" "WordPress/6.7; https://carschronicle.com"
162.213.251.208 - - [15/Nov/2024:09:31:33 -0500] "POST /wp-cron.php?doing_wp_cron=1731681093.8250598907470703125000 HTTP/1.1" 200 0 "-" "WordPress/6.7; https://carschronicle.com"
157.55.39.49 - - [15/Nov/2024:09:31:33 -0500] "GET /44300427730.shtml HTTP/1.1" 301 0 "-" "Mozilla/5.0 AppleWebKit/537.36 (KHTML, like Gecko; compatible; bingbot/2.0; +http://www.bing.com/bingbot.htm) Chrome/116.0.1938.76 Safari/537.36"
162.213.251.208 - - [15/Nov/2024:09:31:34 -0500] "POST /wp-admin/admin-ajax.php?action=async_litespeed&nonce=19gu10V2CbBb9Vl7kItMrYcRzY39Oaca&litespeed_type=imgoptm HTTP/1.1" 200 21 "-" "WordPress/6.7; https://carschronicle.com"
57.141.3.30 - - [15/Nov/2024:09:32:45 -0500] "GET /tag/news/page/3/ HTTP/1.1" 403 1242 "-" "meta-externalagent/1.1 (+https://developers.facebook.com/docs/sharing/webmasters/crawler)"
162.213.251.208 - - [15/Nov/2024:09:33:03 -0500] "POST /wp-cron.php?doing_wp_cron=1731681183.3634269237518310546875 HTTP/1.1" 200 0 "-" "WordPress/6.7; https://carschronicle.com"
216.244.66.234 - - [15/Nov/2024:09:32:59 -0500] "GET /2017/10/08/long-hairstyle-ideas-all-season-tips-and-tricks/feed/ HTTP/1.1" 200 747 "-" "Mozilla/5.0 (compatible; DotBot/1.2; +https://opensiteexplorer.org/dotbot; help@moz.com)"
162.213.251.208 - - [15/Nov/2024:09:33:03 -0500] "POST /wp-admin/admin-ajax.php?action=async_litespeed&nonce=Vi5n9H8UNbfve3JoVjncHVKGsY7JCJKU&litespeed_type=imgoptm HTTP/1.1" 200 21 "-" "WordPress/6.7; https://carschronicle.com"
162.213.251.208 - - [15/Nov/2024:09:37:32 -0500] "POST /wp-cron.php?doing_wp_cron=1731681452.7407000064849853515625 HTTP/1.1" 200 0 "-" "WordPress/6.7; https://carschronicle.com"
66.249.79.34 - - [15/Nov/2024:09:37:27 -0500] "GET /%E3%82%A2%E3%83%B3%E3%83%91%E3%83%B3%E3%83%9E%E3%83%B3%E5%8D%8A%E8%A2%9695%20%20%20%C2%A51199 HTTP/1.1" 404 13902 "-" "Googlebot-Image/1.0"
162.213.251.208 - - [15/Nov/2024:09:37:33 -0500] "POST /wp-admin/admin-ajax.php?action=async_litespeed&nonce=Tu9eZcH5ErGk3Zz64L8sEvmHAED3SqIs&litespeed_type=imgoptm HTTP/1.1" 200 21 "-" "WordPress/6.7; https://carschronicle.com"
162.213.251.208 - - [15/Nov/2024:09:38:35 -0500] "POST /wp-cron.php?doing_wp_cron=1731681515.9372549057006835937500 HTTP/1.1" 200 0 "-" "WordPress/6.7; https://carschronicle.com"
157.55.39.13 - - [15/Nov/2024:09:38:35 -0500] "GET /107038678807.shtml HTTP/1.1" 301 0 "-" "Mozilla/5.0 AppleWebKit/537.36 (KHTML, like Gecko; compatible; bingbot/2.0; +http://www.bing.com/bingbot.htm) Chrome/116.0.1938.76 Safari/537.36"
162.213.251.208 - - [15/Nov/2024:09:38:36 -0500] "POST /wp-admin/admin-ajax.php?action=async_litespeed&nonce=VERgartmIvw6qY6GqHvH1EgeVs9oZ9jP&litespeed_type=imgoptm HTTP/1.1" 200 21 "-" "WordPress/6.7; https://carschronicle.com"
57.141.3.28 - - [15/Nov/2024:09:34:00 -0500] "GET /product-tag/accessories/ HTTP/1.1" 403 1242 "-" "meta-externalagent/1.1 (+https://developers.facebook.com/docs/sharing/webmasters/crawler)"
57.141.3.18 - - [15/Nov/2024:09:34:25 -0500] "GET /2017/09/26/california-streetstyling-how-the-state-influences-us/ HTTP/1.1" 403 1242 "-" "meta-externalagent/1.1 (+https://developers.facebook.com/docs/sharing/webmasters/crawler)"
57.141.3.30 - - [15/Nov/2024:09:39:53 -0500] "GET /category/dont-miss/ HTTP/1.1" 403 1242 "-" "meta-externalagent/1.1 (+https://developers.facebook.com/docs/sharing/webmasters/crawler)"
162.213.251.208 - - [15/Nov/2024:09:40:12 -0500] "POST /wp-cron.php?doing_wp_cron=1731681611.9810469150543212890625 HTTP/1.1" 200 0 "-" "WordPress/6.7; https://carschronicle.com"
66.249.79.35 - - [15/Nov/2024:09:40:06 -0500] "GET /Krementz%20BOX%E4%BB%98%20%E7%BF%A1%E7%BF%A0%E3%81%A8%E7%9C%9F%E7%8F%A0%E3%81%AE%E8%9D%B6%E3%80%85%E3%81%AE%E3%83%96%E3%83%AD%E3%83%BC%E3%83%81%20%E3%83%B4%E3%82%A3%E3%83%B3%E3%83%86%E3%83%BC%E3%82%B8%2014KGF HTTP/1.1" 404 13928 "-" "Googlebot-Image/1.0"
162.213.251.208 - - [15/Nov/2024:09:40:12 -0500] "POST /wp-admin/admin-ajax.php?action=async_litespeed&nonce=DLOQQP1gZsgCBi8gR8RkWrxDjIGEvlpv&litespeed_type=imgoptm HTTP/1.1" 200 0 "-" "WordPress/6.7; https://carschronicle.com"
66.249.79.33 - - [15/Nov/2024:09:40:22 -0500] "GET /%E3%82%AF%E3%83%AA%E3%82%B9%E3%83%81%E3%83%A3%E3%83%B3%E3%83%87%E3%82%A3%E3%82%AA%E3%83%BC%E3%83%AB%E3%83%AC%E3%82%B6%E3%83%BC%E6%89%8B%E8%A2%8B HTTP/1.1" 404 13940 "-" "Googlebot-Image/1.0"
66.249.79.33 - - [15/Nov/2024:09:40:32 -0500] "GET /LOUIS%20VUITTON%20%E3%83%90%E3%83%B3%E3%83%89%E3%83%BC%20%E3%82%B9%E3%83%88%E3%83%BC%E3%83%AB HTTP/1.1" 404 13931 "-" "Googlebot-Image/1.0"
66.249.79.33 - - [15/Nov/2024:09:40:50 -0500] "GET /navajo%20tahe%E8%A3%BD%EF%BC%91%EF%BC%92%EF%BD%8B%E3%82%B4%E3%83%BC%E3%83%AB%E3%83%89%EF%BC%99%EF%BC%92%EF%BC%95%E3%82%B7%E3%83%AB%E3%83%90%E3%83%BC%E3%83%99%E3%83%AC%E3%82%B9%E3%83%AC%E3%83%88%E3%83%90%E3%83%B3%E3%82%B0%E3%83%AB%E3%83%83%E3%83%88 HTTP/1.1" 404 13887 "-" "Googlebot-Image/1.0"
162.213.251.208 - - [15/Nov/2024:09:41:41 -0500] "POST /wp-cron.php?doing_wp_cron=1731681701.6996459960937500000000 HTTP/1.1" 200 0 "-" "WordPress/6.7; https://carschronicle.com"
66.249.79.33 - - [15/Nov/2024:09:41:40 -0500] "GET /%E3%80%90worlds%20end%E3%80%91%E3%83%AC%E3%82%B6%E3%83%BC%E3%83%AA%E3%82%B9%E3%83%88%E3%83%90%E3%83%B3%E3%83%89%20%20classics HTTP/1.1" 404 13931 "-" "Googlebot-Image/1.0"
162.213.251.208 - - [15/Nov/2024:09:41:42 -0500] "POST /wp-admin/admin-ajax.php?action=async_litespeed&nonce=WGmSQJG0Py9Wb8VQx82LKdfzOabmRFCd&litespeed_type=imgoptm HTTP/1.1" 200 0 "-" "WordPress/6.7; https://carschronicle.com"
162.213.251.208 - - [15/Nov/2024:09:42:04 -0500] "POST /wp-cron.php?doing_wp_cron=1731681724.4074170589447021484375 HTTP/1.1" 200 0 "-" "WordPress/6.7; https://carschronicle.com"
66.249.79.33 - - [15/Nov/2024:09:42:03 -0500] "GET /%E2%99%A0%EF%B8%8F%E3%82%B7%E3%83%A3%E3%83%8D%E3%83%AB%20%E3%82%B3%E3%82%B3%E3%82%B7%E3%83%A3%E3%83%8D%E3%83%AB%E2%99%A0%EF%B8%8F%E5%A4%A7%E7%9B%A4%20%E3%82%B9%E3%82%AB%E3%83%BC%E3%83%95%20%E3%83%90%E3%83%B3%E3%83%80%E3%83%8A HTTP/1.1" 404 13908 "-" "Googlebot-Image/1.0"
162.213.251.208 - - [15/Nov/2024:09:42:16 -0500] "POST /wp-cron.php?doing_wp_cron=1731681736.6956989765167236328125 HTTP/1.1" 200 0 "-" "WordPress/6.7; https://carschronicle.com"
66.249.79.33 - - [15/Nov/2024:09:42:15 -0500] "GET /HERMES%20%E3%82%A8%E3%83%AB%E3%83%A1%E3%82%B9%20%E3%82%B0%E3%83%AD%E3%83%BC%E3%83%96%E3%83%9B%E3%83%AB%E3%83%80%E3%83%BC%20%E3%83%95%E3%82%A3%E3%83%AB%E3%83%BC%20%E3%82%B4%E3%83%BC%E3%83%AB%E3%83%89%E3%83%AC%E3%83%87%E3%82%A3%E3%83%BC%E3%82%B9 HTTP/1.1" 404 13916 "-" "Googlebot-Image/1.0"
162.213.251.208 - - [15/Nov/2024:09:42:17 -0500] "POST /wp-admin/admin-ajax.php?action=async_litespeed&nonce=IngtT4YGuCWWCCiZFJ5VNrgF42JWkswr&litespeed_type=imgoptm HTTP/1.1" 200 21 "-" "WordPress/6.7; https://carschronicle.com"
66.249.79.33 - - [15/Nov/2024:09:42:23 -0500] "GET /%E3%83%93%E3%83%93%E3%83%87%E3%82%A3%E3%83%90%E3%83%B4%E3%82%A3%E3%83%87%E3%82%A3%E3%83%96%E3%83%86%E3%82%A3%E3%83%83%E3%82%AF%E3%82%B0%E3%83%AD%E3%83%BC%E3%83%96%E4%BB%98%E3%81%8D HTTP/1.1" 404 13931 "-" "Googlebot-Image/1.0"
66.249.79.33 - - [15/Nov/2024:09:42:42 -0500] "GET /%E7%A5%9D%E2%9C%B3%EF%B8%8E%E5%8D%92%E6%9C%8D%E3%83%9D%E3%83%B3%E3%83%9D%E3%83%8D%E3%83%83%E3%83%88150%20%E2%9C%B3%EF%B8%8E%E2%9C%B3%EF%B8%8E%E3%82%AF%E3%83%AA%E3%83%BC%E3%83%8B%E3%83%B3%E3%82%B0%E6%B8%88%E3%81%BF%E2%9C%B3%EF%B8%8E%E2%9C%B3%EF%B8%8E HTTP/1.1" 404 13924 "-" "Googlebot-Image/1.0"
162.213.251.208 - - [15/Nov/2024:09:43:16 -0500] "POST /wp-cron.php?doing_wp_cron=1731681796.5837690830230712890625 HTTP/1.1" 200 0 "-" "WordPress/6.7; https://carschronicle.com"
66.249.79.35 - - [15/Nov/2024:09:43:15 -0500] "GET /%E3%83%8A%E3%83%90%E3%83%9B%E6%97%8F%20%E3%82%BF%E3%83%BC%E3%82%B3%E3%82%A4%E3%82%BA%20PILL%20CASE HTTP/1.1" 404 13902 "-" "Googlebot-Image/1.0"
162.213.251.208 - - [15/Nov/2024:09:43:17 -0500] "POST /wp-admin/admin-ajax.php?action=async_litespeed&nonce=ZHgGSIloqAQYgDuxNXAKrlMxlXsCilIZ&litespeed_type=imgoptm HTTP/1.1" 200 0 "-" "WordPress/6.7; https://carschronicle.com"
66.249.79.33 - - [15/Nov/2024:09:43:24 -0500] "GET /%E3%82%AF%E3%83%AD%E3%83%A0%E3%83%8F%E3%83%BC%E3%83%84%20%E3%82%AF%E3%83%AD%E3%82%B9%20%E3%83%90%E3%83%B3%E3%82%B0%E3%83%AB HTTP/1.1" 404 13886 "-" "Googlebot-Image/1.0"
66.249.79.33 - - [15/Nov/2024:09:43:26 -0500] "GET /%EF%BC%A8%EF%BC%B2%EF%BC%AD%E3%83%90%E3%83%B3%E3%82%B0%E3%83%AB%E2%AD%90 HTTP/1.1" 404 13901 "-" "Googlebot-Image/1.0"
162.213.251.208 - - [15/Nov/2024:09:44:42 -0500] "POST /wp-cron.php?doing_wp_cron=1731681882.2688720226287841796875 HTTP/1.1" 200 0 "-" "WordPress/6.7; https://carschronicle.com"
207.46.13.124 - - [15/Nov/2024:09:44:41 -0500] "GET /94852203630.shtml HTTP/1.1" 301 0 "-" "Mozilla/5.0 AppleWebKit/537.36 (KHTML, like Gecko; compatible; bingbot/2.0; +http://www.bing.com/bingbot.htm) Chrome/116.0.1938.76 Safari/537.36"
162.213.251.208 - - [15/Nov/2024:09:44:42 -0500] "POST /wp-admin/admin-ajax.php?action=async_litespeed&nonce=dVSFQKsSmCWREL2bJ70K7ANiGMSETCgl&litespeed_type=imgoptm HTTP/1.1" 200 21 "-" "WordPress/6.7; https://carschronicle.com"
93.183.93.32 - - [15/Nov/2024:09:44:44 -0500] "GET /contacts/ HTTP/1.0" 200 79376 "https://carschronicle.com/contacts/" "Mozilla/5.0 (Windows NT 10.0; Win64; x64) AppleWebKit/537.36 (KHTML, like Gecko) Chrome/125.0.0.0 Safari/537.36"
93.183.93.32 - - [15/Nov/2024:09:44:45 -0500] "POST /contacts/ HTTP/1.0" 200 79711 "https://carschronicle.com/contacts/" "Mozilla/5.0 (Windows NT 10.0; Win64; x64) AppleWebKit/537.36 (KHTML, like Gecko) Chrome/125.0.0.0 Safari/537.36"
162.213.251.208 - - [15/Nov/2024:09:46:12 -0500] "POST /wp-cron.php?doing_wp_cron=1731681972.0151751041412353515625 HTTP/1.1" 200 0 "-" "WordPress/6.7; https://carschronicle.com"
51.222.253.7 - - [15/Nov/2024:09:46:09 -0500] "GET /2017/05/06/how-far-will-humanity-go/ HTTP/1.1" 404 13915 "-" "Mozilla/5.0 (compatible; AhrefsBot/7.0; +http://ahrefs.com/robot/)"
162.213.251.208 - - [15/Nov/2024:09:46:14 -0500] "POST /wp-admin/admin-ajax.php?action=async_litespeed&nonce=S6qyFTs1Xs7K6ui8C4GCdZ6xvS7xUw1M&litespeed_type=imgoptm HTTP/1.1" 200 0 "-" "WordPress/6.7; https://carschronicle.com"
162.213.251.208 - - [15/Nov/2024:09:46:17 -0500] "POST /wp-cron.php HTTP/1.1" 200 0 "-" "WordPress/6.7; https://carschronicle.com"
162.213.251.208 - - [15/Nov/2024:09:46:18 -0500] "GET / HTTP/1.1" 200 22149 "-" "WordPress/6.7; https://carschronicle.com"
162.213.251.208 - - [15/Nov/2024:09:46:21 -0500] "GET / HTTP/1.1" 200 22149 "-" "WordPress/6.7; https://carschronicle.com"
162.213.251.208 - - [15/Nov/2024:09:46:21 -0500] "GET / HTTP/1.1" 200 22149 "-" "WordPress/6.7; https://carschronicle.com"
162.213.251.208 - - [15/Nov/2024:09:46:21 -0500] "GET / HTTP/1.1" 200 22149 "-" "WordPress/6.7; https://carschronicle.com"
57.141.3.17 - - [15/Nov/2024:09:46:43 -0500] "GET /category/popular-video/ HTTP/1.1" 403 1242 "-" "meta-externalagent/1.1 (+https://developers.facebook.com/docs/sharing/webmasters/crawler)"
66.249.79.33 - - [15/Nov/2024:09:48:08 -0500] "GET /HERMES%20%E3%82%A8%E3%83%AB%E3%83%A1%E3%82%B9%20%E3%82%B9%E3%82%AB%E3%83%BC%E3%83%95%20%E3%82%AB%E3%83%AC90%20%E3%82%B7%E3%83%AB%E3%82%AF100% HTTP/1.1" 403 1242 "-" "Googlebot-Image/1.0"
162.213.251.208 - - [15/Nov/2024:09:49:07 -0500] "POST /wp-cron.php?doing_wp_cron=1731682147.4784579277038574218750 HTTP/1.1" 200 0 "-" "WordPress/6.7; https://carschronicle.com"
66.249.79.33 - - [15/Nov/2024:09:48:58 -0500] "GET /%E6%97%A9%E3%81%84%E8%80%85%E5%8B%9D%E3%81%A1%E9%99%90%E5%AE%9A%E3%81%8A%E5%80%A4%E4%B8%8B%E3%81%92%EF%BC%81%E3%83%89%E3%82%A5%E3%83%AD%E3%83%AF%E3%83%BC%E8%B3%BC%E5%85%A5%E3%83%95%E3%82%A9%E3%83%83%E3%82%AF%E3%82%B9%E3%82%B9%E3%83%88%E3%83%BC%E3%83%AB%E3%82%A4%E3%83%B4%20%E3%82%B5%E3%83%AD%E3%83%A2%E3%83%B318%E4%B8%87%E7%A8%8B HTTP/1.1" 404 13907 "-" "Googlebot-Image/1.0"
162.213.251.208 - - [15/Nov/2024:09:49:08 -0500] "POST /wp-admin/admin-ajax.php?action=async_litespeed&nonce=BbjdfcQUuKJaGRQjas1xvid3HiOTB1pw&litespeed_type=imgoptm HTTP/1.1" 200 0 "-" "WordPress/6.7; https://carschronicle.com"
162.213.251.208 - - [15/Nov/2024:09:49:34 -0500] "POST /wp-cron.php?doing_wp_cron=1731682174.7704770565032958984375 HTTP/1.1" 200 0 "-" "WordPress/6.7; https://carschronicle.com"
157.55.39.7 - - [15/Nov/2024:09:49:33 -0500] "GET /47877495130.shtml HTTP/1.1" 301 0 "-" "Mozilla/5.0 AppleWebKit/537.36 (KHTML, like Gecko; compatible; bingbot/2.0; +http://www.bing.com/bingbot.htm) Chrome/116.0.1938.76 Safari/537.36"
162.213.251.208 - - [15/Nov/2024:09:49:35 -0500] "POST /wp-admin/admin-ajax.php?action=async_litespeed&nonce=pkoeas4E62VBnwqJqUFDt2QhmTASinaT&litespeed_type=imgoptm HTTP/1.1" 200 21 "-" "WordPress/6.7; https://carschronicle.com"
162.213.251.208 - - [15/Nov/2024:09:50:01 -0500] "POST /wp-cron.php?doing_wp_cron=1731682201.5089919567108154296875 HTTP/1.1" 200 0 "-" "WordPress/6.7; https://carschronicle.com"
66.249.79.33 - - [15/Nov/2024:09:50:00 -0500] "GET /GUCCI%20%E3%83%B4%E3%82%A3%E3%83%B3%E3%83%86%E3%83%BC%E3%82%B8%E3%83%AC%E3%82%A2%E7%89%A9%E3%83%88%E3%83%A0%E3%83%95%E3%82%A9%E3%83%BC%E3%83%89%E6%9C%9F%E3%83%96%E3%83%AC%E3%82%B9%E3%83%AC%E3%83%83%E3%83%88 HTTP/1.1" 404 13923 "-" "Googlebot-Image/1.0"
162.213.251.208 - - [15/Nov/2024:09:50:11 -0500] "POST /wp-cron.php?doing_wp_cron=1731682211.5984609127044677734375 HTTP/1.1" 200 0 "-" "WordPress/6.7; https://carschronicle.com"
66.249.79.33 - - [15/Nov/2024:09:50:11 -0500] "GET /J&M%20DAVIDSON%20%E6%9C%AC%E9%9D%A9%E3%83%99%E3%83%AB%E3%83%88MADE%20IN%20ENGLAND HTTP/1.1" 404 13910 "-" "Googlebot-Image/1.0"
162.213.251.208 - - [15/Nov/2024:09:50:12 -0500] "POST /wp-admin/admin-ajax.php?action=async_litespeed&nonce=Bh4DiOIth1cbYtXYyI1TzJxZKPSUzsTF&litespeed_type=imgoptm HTTP/1.1" 200 21 "-" "WordPress/6.7; https://carschronicle.com"
51.222.253.18 - - [15/Nov/2024:09:50:17 -0500] "GET /robots.txt HTTP/1.1" 200 270 "-" "Mozilla/5.0 (compatible; AhrefsBot/7.0; +http://ahrefs.com/robot/)"
157.55.39.10 - - [15/Nov/2024:09:50:22 -0500] "GET /75571895525.shtml HTTP/1.1" 301 0 "-" "Mozilla/5.0 AppleWebKit/537.36 (KHTML, like Gecko; compatible; bingbot/2.0; +http://www.bing.com/bingbot.htm) Chrome/116.0.1938.76 Safari/537.36"
66.249.79.33 - - [15/Nov/2024:09:50:23 -0500] "GET /%E3%82%B3%E3%83%87%E3%82%A3%E3%82%B5%E3%83%B3%E3%83%80%E3%83%BC%E3%82%BD%E3%83%B3%E3%81%AE%E3%83%90%E3%83%B3%E3%82%B0%E3%83%AB HTTP/1.1" 404 13942 "-" "Googlebot-Image/1.0"
104.196.194.61 - - [15/Nov/2024:09:50:39 -0500] "GET /worker.html HTTP/1.1" 404 71670 "-" "Mozilla/5.0 (Windows NT 10.0; Win64; x64) AppleWebKit/537.36 (KHTML, like Gecko) Chrome/124.0.0.0 Safari/537.36"
162.213.251.208 - - [15/Nov/2024:09:52:58 -0500] "POST /wp-cron.php?doing_wp_cron=1731682378.2061550617218017578125 HTTP/1.1" 200 0 "-" "WordPress/6.7; https://carschronicle.com"
157.55.39.10 - - [15/Nov/2024:09:52:51 -0500] "GET /34653666056.shtml HTTP/1.1" 301 0 "-" "Mozilla/5.0 AppleWebKit/537.36 (KHTML, like Gecko; compatible; bingbot/2.0; +http://www.bing.com/bingbot.htm) Chrome/116.0.1938.76 Safari/537.36"
162.213.251.208 - - [15/Nov/2024:09:53:00 -0500] "POST /wp-admin/admin-ajax.php?action=async_litespeed&nonce=kyFIz7vtk4EKmDEFubU9dcmiPTu4Kh2K&litespeed_type=imgoptm HTTP/1.1" 200 0 "-" "WordPress/6.7; https://carschronicle.com"
57.141.3.26 - - [15/Nov/2024:09:53:03 -0500] "GET /2017/07/10/the-high-importance-of-doing-absolutely-nothing/ HTTP/1.1" 403 1242 "-" "meta-externalagent/1.1 (+https://developers.facebook.com/docs/sharing/webmasters/crawler)"
62.113.113.106 - - [15/Nov/2024:09:53:15 -0500] "GET /contacts/ HTTP/1.0" 200 79376 "https://carschronicle.com/contacts/" "Mozilla/5.0 (Windows NT 10.0; Win64; x64) AppleWebKit/537.36 (KHTML, like Gecko) Chrome/124.0.0.0 Safari/537.36"
162.213.251.208 - - [15/Nov/2024:09:53:18 -0500] "POST /wp-cron.php?doing_wp_cron=1731682398.8963880538940429687500 HTTP/1.1" 200 0 "-" "WordPress/6.7; https://carschronicle.com"
62.113.113.106 - - [15/Nov/2024:09:53:17 -0500] "POST /contacts/ HTTP/1.0" 200 79685 "https://carschronicle.com/contacts/" "Mozilla/5.0 (Windows NT 10.0; Win64; x64) AppleWebKit/537.36 (KHTML, like Gecko) Chrome/124.0.0.0 Safari/537.36"
162.213.251.208 - - [15/Nov/2024:09:53:20 -0500] "POST /wp-admin/admin-ajax.php?action=async_litespeed&nonce=2PeTqn95F0giStpYLCvlxJkHfFxBmwdK&litespeed_type=imgoptm HTTP/1.1" 200 21 "-" "WordPress/6.7; https://carschronicle.com"
162.213.251.208 - - [15/Nov/2024:09:56:13 -0500] "POST /wp-cron.php?doing_wp_cron=1731682572.9861979484558105468750 HTTP/1.1" 200 0 "-" "WordPress/6.7; https://carschronicle.com"
157.55.39.9 - - [15/Nov/2024:09:56:10 -0500] "GET /37020483417.shtml HTTP/1.1" 301 0 "-" "Mozilla/5.0 AppleWebKit/537.36 (KHTML, like Gecko; compatible; bingbot/2.0; +http://www.bing.com/bingbot.htm) Chrome/116.0.1938.76 Safari/537.36"
66.249.79.33 - - [15/Nov/2024:09:56:09 -0500] "GET /%E3%82%BB%E3%83%BC%E3%83%AB%E2%98%85%E3%83%B4%E3%82%A1%E3%83%AC%E3%83%B3%E3%83%86%E3%82%A3%E3%83%8E%E3%82%B9%E3%82%BF%E3%83%83%E3%82%BA%E3%83%94%E3%82%A2%E3%82%B9 HTTP/1.1" 404 13927 "-" "Googlebot-Image/1.0"
162.213.251.208 - - [15/Nov/2024:09:56:13 -0500] "POST /wp-admin/admin-ajax.php?action=async_litespeed&nonce=e7OE6JcuYpJSTqfYOM1XUAdVj38TaV69&litespeed_type=imgoptm HTTP/1.1" 200 21 "-" "WordPress/6.7; https://carschronicle.com"
57.141.3.28 - - [15/Nov/2024:09:57:43 -0500] "GET /tag/fortune/page/3/ HTTP/1.1" 403 1242 "-" "meta-externalagent/1.1 (+https://developers.facebook.com/docs/sharing/webmasters/crawler)"
57.141.3.18 - - [15/Nov/2024:09:58:48 -0500] "GET /2017/09/10/active-life-turns-you-to-sport-and-extreme/ HTTP/1.1" 403 1242 "-" "meta-externalagent/1.1 (+https://developers.facebook.com/docs/sharing/webmasters/crawler)"
57.141.3.30 - - [15/Nov/2024:09:59:18 -0500] "GET /blog-portfolio-2-columns/page/2/ HTTP/1.1" 403 1242 "-" "meta-externalagent/1.1 (+https://developers.facebook.com/docs/sharing/webmasters/crawler)"
57.141.3.1 - - [15/Nov/2024:10:05:00 -0500] "GET /2017/03/12/the-easiest-summer-make-up-tutorials-and-cosmetics/ HTTP/1.1" 403 1242 "-" "meta-externalagent/1.1 (+https://developers.facebook.com/docs/sharing/webmasters/crawler)"
57.141.3.10 - - [15/Nov/2024:10:05:16 -0500] "GET /product-category/headphones/ HTTP/1.1" 403 1242 "-" "meta-externalagent/1.1 (+https://developers.facebook.com/docs/sharing/webmasters/crawler)"
162.213.251.208 - - [15/Nov/2024:10:06:10 -0500] "POST /wp-cron.php?doing_wp_cron=1731683170.2487449645996093750000 HTTP/1.1" 200 0 "-" "WordPress/6.7; https://carschronicle.com"
51.222.253.17 - - [15/Nov/2024:10:06:02 -0500] "GET /2017/09/06/the-culture-caught-up-with-spike-lee/ HTTP/1.1" 404 13906 "-" "Mozilla/5.0 (compatible; AhrefsBot/7.0; +http://ahrefs.com/robot/)"
162.213.251.208 - - [15/Nov/2024:10:06:11 -0500] "POST /wp-admin/admin-ajax.php?action=async_litespeed&nonce=OHn2dtgpKhDbn6WqOLUJ1R5unHcIEFqM&litespeed_type=imgoptm HTTP/1.1" 200 0 "-" "WordPress/6.7; https://carschronicle.com"
57.141.3.13 - - [15/Nov/2024:10:07:37 -0500] "GET /author/carschronicle/page/2/ HTTP/1.1" 403 1242 "-" "meta-externalagent/1.1 (+https://developers.facebook.com/docs/sharing/webmasters/crawler)"
57.141.3.8 - - [15/Nov/2024:10:08:50 -0500] "GET /product/notepad-economix-a5-quality-60-sheets/ HTTP/1.1" 403 1242 "-" "meta-externalagent/1.1 (+https://developers.facebook.com/docs/sharing/webmasters/crawler)"
162.213.251.208 - - [15/Nov/2024:10:09:57 -0500] "POST /wp-cron.php?doing_wp_cron=1731683397.5002698898315429687500 HTTP/1.1" 200 0 "-" "WordPress/6.7; https://carschronicle.com"
157.55.39.195 - - [15/Nov/2024:10:09:48 -0500] "GET /64386089502.shtml HTTP/1.1" 301 0 "-" "Mozilla/5.0 AppleWebKit/537.36 (KHTML, like Gecko; compatible; bingbot/2.0; +http://www.bing.com/bingbot.htm) Chrome/116.0.1938.76 Safari/537.36"
66.249.79.34 - - [15/Nov/2024:10:09:57 -0500] "GET /%E3%83%8A%E3%83%90%E3%83%9B%E6%97%8F%E3%83%87%E3%83%AB%E3%83%90%E3%83%BC%E3%83%88%E3%82%B4%E3%83%BC%E3%83%89%E3%83%B3Delbert%20Gordon%E3%83%90%E3%83%B3%E3%82%B0%E3%83%AB HTTP/1.1" 404 13903 "-" "Googlebot-Image/1.0"
162.213.251.208 - - [15/Nov/2024:10:09:59 -0500] "POST /wp-admin/admin-ajax.php?action=async_litespeed&nonce=4shxtf1A6jzDMj3ogzKOdTwp4sOKaRga&litespeed_type=imgoptm HTTP/1.1" 200 0 "-" "WordPress/6.7; https://carschronicle.com"
57.141.3.19 - - [15/Nov/2024:10:10:06 -0500] "GET /2017/11/06/the-coast-guards-floating-guantanamos/ HTTP/1.1" 403 1242 "-" "meta-externalagent/1.1 (+https://developers.facebook.com/docs/sharing/webmasters/crawler)"
162.213.251.208 - - [15/Nov/2024:10:12:16 -0500] "POST /wp-cron.php?doing_wp_cron=1731683536.2079820632934570312500 HTTP/1.1" 200 0 "-" "WordPress/6.7; https://carschronicle.com"
157.55.39.10 - - [15/Nov/2024:10:12:12 -0500] "GET /97239667823.shtml HTTP/1.1" 404 13949 "-" "Mozilla/5.0 AppleWebKit/537.36 (KHTML, like Gecko; compatible; bingbot/2.0; +http://www.bing.com/bingbot.htm) Chrome/116.0.1938.76 Safari/537.36"
162.213.251.208 - - [15/Nov/2024:10:12:16 -0500] "POST /wp-admin/admin-ajax.php?action=async_litespeed&nonce=obWfz3uD6JngG0fnMQeOEZCgRLbYl4Vn&litespeed_type=imgoptm HTTP/1.1" 200 21 "-" "WordPress/6.7; https://carschronicle.com"
162.213.251.208 - - [15/Nov/2024:10:14:20 -0500] "POST /wp-cron.php?doing_wp_cron=1731683660.3894639015197753906250 HTTP/1.1" 200 0 "-" "WordPress/6.7; https://carschronicle.com"
207.46.13.151 - - [15/Nov/2024:10:14:16 -0500] "GET /77108858222.shtml HTTP/1.1" 301 0 "-" "Mozilla/5.0 AppleWebKit/537.36 (KHTML, like Gecko; compatible; bingbot/2.0; +http://www.bing.com/bingbot.htm) Chrome/116.0.1938.76 Safari/537.36"
162.213.251.208 - - [15/Nov/2024:10:14:21 -0500] "POST /wp-admin/admin-ajax.php?action=async_litespeed&nonce=W8mpPAL7HcyI2ja1xK8SfaSyma54H9d8&litespeed_type=imgoptm HTTP/1.1" 200 21 "-" "WordPress/6.7; https://carschronicle.com"
162.213.251.208 - - [15/Nov/2024:10:20:57 -0500] "POST /wp-cron.php?doing_wp_cron=1731684057.1586680412292480468750 HTTP/1.1" 200 0 "-" "WordPress/6.7; https://carschronicle.com"
157.55.39.58 - - [15/Nov/2024:10:20:47 -0500] "GET /23427162715.shtml HTTP/1.1" 301 0 "-" "Mozilla/5.0 AppleWebKit/537.36 (KHTML, like Gecko; compatible; bingbot/2.0; +http://www.bing.com/bingbot.htm) Chrome/116.0.1938.76 Safari/537.36"
162.213.251.208 - - [15/Nov/2024:10:20:57 -0500] "POST /wp-admin/admin-ajax.php?action=async_litespeed&nonce=KiGEvS4LyWSv7J1SYDy12vjC6U4hMDmM&litespeed_type=imgoptm HTTP/1.1" 200 0 "-" "WordPress/6.7; https://carschronicle.com"
57.141.3.12 - - [15/Nov/2024:10:21:00 -0500] "GET /2017/06/24/what-makes-us-happy-simple-rules-of-life/ HTTP/1.1" 403 1242 "-" "meta-externalagent/1.1 (+https://developers.facebook.com/docs/sharing/webmasters/crawler)"
57.141.3.20 - - [15/Nov/2024:10:21:32 -0500] "GET /all-posts/ HTTP/1.1" 403 1242 "-" "meta-externalagent/1.1 (+https://developers.facebook.com/docs/sharing/webmasters/crawler)"
162.213.251.208 - - [15/Nov/2024:10:22:04 -0500] "POST /wp-cron.php?doing_wp_cron=1731684124.3122260570526123046875 HTTP/1.1" 200 0 "-" "WordPress/6.7; https://carschronicle.com"
207.46.13.111 - - [15/Nov/2024:10:22:03 -0500] "GET /22328330863.shtml HTTP/1.1" 301 0 "-" "Mozilla/5.0 AppleWebKit/537.36 (KHTML, like Gecko; compatible; bingbot/2.0; +http://www.bing.com/bingbot.htm) Chrome/116.0.1938.76 Safari/537.36"
162.213.251.208 - - [15/Nov/2024:10:22:04 -0500] "POST /wp-admin/admin-ajax.php?action=async_litespeed&nonce=JmHNf3VYnyKNkEsYGJG1gYCxdn7g2Wtw&litespeed_type=imgoptm HTTP/1.1" 200 21 "-" "WordPress/6.7; https://carschronicle.com"
162.213.251.208 - - [15/Nov/2024:10:22:22 -0500] "POST /wp-cron.php?doing_wp_cron=1731684142.4496860504150390625000 HTTP/1.1" 200 0 "-" "WordPress/6.7; https://carschronicle.com"
157.55.39.58 - - [15/Nov/2024:10:22:21 -0500] "GET /64751475534.shtml HTTP/1.1" 301 0 "-" "Mozilla/5.0 AppleWebKit/537.36 (KHTML, like Gecko; compatible; bingbot/2.0; +http://www.bing.com/bingbot.htm) Chrome/116.0.1938.76 Safari/537.36"
162.213.251.208 - - [15/Nov/2024:10:22:22 -0500] "POST /wp-admin/admin-ajax.php?action=async_litespeed&nonce=aaw9FNbljbrFYUtynfrm2Jxeq2BB0yC9&litespeed_type=imgoptm HTTP/1.1" 200 21 "-" "WordPress/6.7; https://carschronicle.com"
157.55.39.58 - - [15/Nov/2024:10:22:23 -0500] "GET /99572590557.shtml HTTP/1.1" 301 0 "-" "Mozilla/5.0 AppleWebKit/537.36 (KHTML, like Gecko; compatible; bingbot/2.0; +http://www.bing.com/bingbot.htm) Chrome/116.0.1938.76 Safari/537.36"
157.55.39.201 - - [15/Nov/2024:10:22:26 -0500] "GET /45619404496.shtml HTTP/1.1" 301 0 "-" "Mozilla/5.0 AppleWebKit/537.36 (KHTML, like Gecko; compatible; bingbot/2.0; +http://www.bing.com/bingbot.htm) Chrome/116.0.1938.76 Safari/537.36"
162.213.251.208 - - [15/Nov/2024:10:22:57 -0500] "POST /wp-cron.php?doing_wp_cron=1731684177.0713279247283935546875 HTTP/1.1" 200 0 "-" "WordPress/6.7; https://carschronicle.com"
157.55.39.58 - - [15/Nov/2024:10:22:56 -0500] "GET /33941309786.shtml HTTP/1.1" 301 0 "-" "Mozilla/5.0 AppleWebKit/537.36 (KHTML, like Gecko; compatible; bingbot/2.0; +http://www.bing.com/bingbot.htm) Chrome/116.0.1938.76 Safari/537.36"
162.213.251.208 - - [15/Nov/2024:10:23:53 -0500] "POST /wp-cron.php?doing_wp_cron=1731684233.7307639122009277343750 HTTP/1.1" 200 0 "-" "WordPress/6.7; https://carschronicle.com"
207.46.13.111 - - [15/Nov/2024:10:23:53 -0500] "GET /61093860001.shtml HTTP/1.1" 301 0 "-" "Mozilla/5.0 AppleWebKit/537.36 (KHTML, like Gecko; compatible; bingbot/2.0; +http://www.bing.com/bingbot.htm) Chrome/116.0.1938.76 Safari/537.36"
162.213.251.208 - - [15/Nov/2024:10:23:54 -0500] "POST /wp-admin/admin-ajax.php?action=async_litespeed&nonce=t7iMd2vGriKEc4LqmXZ8Ot5y6PviTbJO&litespeed_type=imgoptm HTTP/1.1" 200 21 "-" "WordPress/6.7; https://carschronicle.com"
57.141.3.27 - - [15/Nov/2024:10:25:31 -0500] "GET /tag/web/page/3/ HTTP/1.1" 403 1242 "-" "meta-externalagent/1.1 (+https://developers.facebook.com/docs/sharing/webmasters/crawler)"
162.213.251.208 - - [15/Nov/2024:10:25:32 -0500] "POST /wp-cron.php?doing_wp_cron=1731684332.3601689338684082031250 HTTP/1.1" 200 0 "-" "WordPress/6.7; https://carschronicle.com"
157.55.39.49 - - [15/Nov/2024:10:25:24 -0500] "GET /50005416452.shtml HTTP/1.1" 301 0 "-" "Mozilla/5.0 AppleWebKit/537.36 (KHTML, like Gecko; compatible; bingbot/2.0; +http://www.bing.com/bingbot.htm) Chrome/116.0.1938.76 Safari/537.36"
51.222.253.14 - - [15/Nov/2024:10:25:33 -0500] "GET /tag/bmw/feed/ HTTP/1.1" 200 2231 "-" "Mozilla/5.0 (compatible; AhrefsBot/7.0; +http://ahrefs.com/robot/)"
162.213.251.208 - - [15/Nov/2024:10:25:33 -0500] "POST /wp-admin/admin-ajax.php?action=async_litespeed&nonce=PkFzCM0TNIKuZBqPIN0APhPbfkJPDGB5&litespeed_type=imgoptm HTTP/1.1" 200 0 "-" "WordPress/6.7; https://carschronicle.com"
57.141.3.26 - - [15/Nov/2024:10:28:01 -0500] "GET /2017/03/24/what-if-all-your-secrets-some-day-went-public/ HTTP/1.1" 403 1242 "-" "meta-externalagent/1.1 (+https://developers.facebook.com/docs/sharing/webmasters/crawler)"
57.141.3.29 - - [15/Nov/2024:10:28:14 -0500] "GET /tag/entertainment/page/2/ HTTP/1.1" 403 1242 "-" "meta-externalagent/1.1 (+https://developers.facebook.com/docs/sharing/webmasters/crawler)"
57.141.3.23 - - [15/Nov/2024:10:29:58 -0500] "GET /category/lifestyle/ HTTP/1.1" 403 1242 "-" "meta-externalagent/1.1 (+https://developers.facebook.com/docs/sharing/webmasters/crawler)"
162.213.251.208 - - [15/Nov/2024:10:30:21 -0500] "POST /wp-cron.php?doing_wp_cron=1731684621.0724289417266845703125 HTTP/1.1" 200 0 "-" "WordPress/6.7; https://carschronicle.com"
157.55.39.49 - - [15/Nov/2024:10:30:03 -0500] "GET /75740998388.shtml HTTP/1.1" 301 0 "-" "Mozilla/5.0 AppleWebKit/537.36 (KHTML, like Gecko; compatible; bingbot/2.0; +http://www.bing.com/bingbot.htm) Chrome/116.0.1938.76 Safari/537.36"
162.213.251.208 - - [15/Nov/2024:10:30:22 -0500] "POST /wp-admin/admin-ajax.php?action=async_litespeed&nonce=JXPiTI6O4g6jmAKVIEGBM0FTXkmtMpxG&litespeed_type=imgoptm HTTP/1.1" 200 0 "-" "WordPress/6.7; https://carschronicle.com"
57.141.3.28 - - [15/Nov/2024:10:31:08 -0500] "GET /all-posts/page/2/ HTTP/1.1" 403 1242 "-" "meta-externalagent/1.1 (+https://developers.facebook.com/docs/sharing/webmasters/crawler)"
57.141.3.8 - - [15/Nov/2024:10:31:55 -0500] "GET /2017/04/04/staff-picks-the-gear-we-want-this-year-to-drive/ HTTP/1.1" 403 1242 "-" "meta-externalagent/1.1 (+https://developers.facebook.com/docs/sharing/webmasters/crawler)"
216.244.66.234 - - [15/Nov/2024:10:35:22 -0500] "GET /robots.txt HTTP/1.1" 200 270 "-" "Mozilla/5.0 (compatible; DotBot/1.2; +https://opensiteexplorer.org/dotbot; help@moz.com)"
162.213.251.208 - - [15/Nov/2024:10:38:04 -0500] "POST /wp-cron.php?doing_wp_cron=1731685084.2895309925079345703125 HTTP/1.1" 200 0 "-" "WordPress/6.7; https://carschronicle.com"
157.55.39.204 - - [15/Nov/2024:10:37:48 -0500] "GET /75395080714.shtml HTTP/1.1" 301 0 "-" "Mozilla/5.0 AppleWebKit/537.36 (KHTML, like Gecko; compatible; bingbot/2.0; +http://www.bing.com/bingbot.htm) Chrome/116.0.1938.76 Safari/537.36"
162.213.251.208 - - [15/Nov/2024:10:38:05 -0500] "POST /wp-admin/admin-ajax.php?action=async_litespeed&nonce=lamIMc6dxQcp6VXJdrIO7YgXJ3UgnnhT&litespeed_type=imgoptm HTTP/1.1" 200 0 "-" "WordPress/6.7; https://carschronicle.com"
162.213.251.208 - - [15/Nov/2024:10:38:16 -0500] "POST /wp-cron.php?doing_wp_cron=1731685096.5967168807983398437500 HTTP/1.1" 200 0 "-" "WordPress/6.7; https://carschronicle.com"
157.55.39.204 - - [15/Nov/2024:10:38:15 -0500] "GET /36705567003.shtml HTTP/1.1" 301 0 "-" "Mozilla/5.0 AppleWebKit/537.36 (KHTML, like Gecko; compatible; bingbot/2.0; +http://www.bing.com/bingbot.htm) Chrome/116.0.1938.76 Safari/537.36"
162.213.251.208 - - [15/Nov/2024:10:38:17 -0500] "POST /wp-admin/admin-ajax.php?action=async_litespeed&nonce=dh6FPuqyACGcbmxgkQ7gYuywCWfZ1oKl&litespeed_type=imgoptm HTTP/1.1" 200 0 "-" "WordPress/6.7; https://carschronicle.com"
57.141.3.16 - - [15/Nov/2024:10:38:55 -0500] "GET /2017/06/04/homemade-food-is-better-expert-chefs-suggest-pro-and-cons/ HTTP/1.1" 404 71674 "-" "meta-externalagent/1.1 (+https://developers.facebook.com/docs/sharing/webmasters/crawler)"
162.213.251.208 - - [15/Nov/2024:10:39:29 -0500] "POST /wp-cron.php?doing_wp_cron=1731685169.1009519100189208984375 HTTP/1.1" 200 0 "-" "WordPress/6.7; https://carschronicle.com"
57.141.3.26 - - [15/Nov/2024:10:39:28 -0500] "GET /2017/06/08/fashion-bloggers-talk-about-trends-and-industry/ HTTP/1.1" 404 71671 "-" "meta-externalagent/1.1 (+https://developers.facebook.com/docs/sharing/webmasters/crawler)"
162.213.251.208 - - [15/Nov/2024:10:39:29 -0500] "POST /wp-admin/admin-ajax.php?action=async_litespeed&nonce=aigCYPjI17a0Ec0XUYQMaHa5ka7xgh2R&litespeed_type=imgoptm HTTP/1.1" 200 21 "-" "WordPress/6.7; https://carschronicle.com"
162.213.251.208 - - [15/Nov/2024:10:41:23 -0500] "POST /wp-cron.php?doing_wp_cron=1731685283.3754620552062988281250 HTTP/1.1" 200 0 "-" "WordPress/6.7; https://carschronicle.com"
157.55.39.10 - - [15/Nov/2024:10:41:10 -0500] "GET /62594260823.shtml HTTP/1.1" 301 0 "-" "Mozilla/5.0 AppleWebKit/537.36 (KHTML, like Gecko; compatible; bingbot/2.0; +http://www.bing.com/bingbot.htm) Chrome/116.0.1938.76 Safari/537.36"
162.213.251.208 - - [15/Nov/2024:10:41:25 -0500] "POST /wp-admin/admin-ajax.php?action=async_litespeed&nonce=TcpungPdjnReSDgvkW4RDoVlNE2zSAPF&litespeed_type=imgoptm HTTP/1.1" 200 0 "-" "WordPress/6.7; https://carschronicle.com"
57.141.3.5 - - [15/Nov/2024:10:41:26 -0500] "GET /2017/10/20/the-gear-you-need-for-easy-campfire-cooking/ HTTP/1.1" 404 71673 "-" "meta-externalagent/1.1 (+https://developers.facebook.com/docs/sharing/webmasters/crawler)"
57.141.3.16 - - [15/Nov/2024:10:41:30 -0500] "GET /gallery/ HTTP/1.1" 200 103888 "-" "meta-externalagent/1.1 (+https://developers.facebook.com/docs/sharing/webmasters/crawler)"
162.213.251.208 - - [15/Nov/2024:10:42:23 -0500] "POST /wp-cron.php?doing_wp_cron=1731685343.3445820808410644531250 HTTP/1.1" 200 0 "-" "WordPress/6.7; https://carschronicle.com"
57.141.3.21 - - [15/Nov/2024:10:42:21 -0500] "GET /2017/11/02/heres-how-the-end-of-net-neutrality-will-change-the-internet/ HTTP/1.1" 404 71672 "-" "meta-externalagent/1.1 (+https://developers.facebook.com/docs/sharing/webmasters/crawler)"
162.213.251.208 - - [15/Nov/2024:10:42:25 -0500] "POST /wp-admin/admin-ajax.php?action=async_litespeed&nonce=LP6V5NkMEJahPRK5dZE3XdJD88bTGLGZ&litespeed_type=imgoptm HTTP/1.1" 200 0 "-" "WordPress/6.7; https://carschronicle.com"
57.141.3.25 - - [15/Nov/2024:10:42:26 -0500] "GET /category/news-updates/page/2/ HTTP/1.1" 404 71674 "-" "meta-externalagent/1.1 (+https://developers.facebook.com/docs/sharing/webmasters/crawler)"
162.213.251.208 - - [15/Nov/2024:10:44:43 -0500] "POST /wp-cron.php?doing_wp_cron=1731685483.1284940242767333984375 HTTP/1.1" 200 0 "-" "WordPress/6.7; https://carschronicle.com"
57.141.3.24 - - [15/Nov/2024:10:44:37 -0500] "GET /2017/10/24/want-the-upper-hand-ask-the-dumb-questions/ HTTP/1.1" 404 71673 "-" "meta-externalagent/1.1 (+https://developers.facebook.com/docs/sharing/webmasters/crawler)"
162.213.251.208 - - [15/Nov/2024:10:44:44 -0500] "POST /wp-admin/admin-ajax.php?action=async_litespeed&nonce=I5QuRxnuXYIrBEPkQTukqY8CQkSiH6gg&litespeed_type=imgoptm HTTP/1.1" 200 0 "-" "WordPress/6.7; https://carschronicle.com"
51.222.253.18 - - [15/Nov/2024:10:44:48 -0500] "GET /?action=yith-woocompare-add-product&id=201 HTTP/1.1" 302 0 "-" "Mozilla/5.0 (compatible; AhrefsBot/7.0; +http://ahrefs.com/robot/)"
162.213.251.208 - - [15/Nov/2024:10:46:46 -0500] "POST /wp-cron.php?doing_wp_cron=1731685605.9689540863037109375000 HTTP/1.1" 200 0 "-" "WordPress/6.7; https://carschronicle.com"
157.55.39.11 - - [15/Nov/2024:10:46:37 -0500] "GET /100068112484.shtml HTTP/1.1" 301 0 "-" "Mozilla/5.0 AppleWebKit/537.36 (KHTML, like Gecko; compatible; bingbot/2.0; +http://www.bing.com/bingbot.htm) Chrome/116.0.1938.76 Safari/537.36"
162.213.251.208 - - [15/Nov/2024:10:46:47 -0500] "POST /wp-admin/admin-ajax.php?action=async_litespeed&nonce=E4bbERHniB8ahOtuYbuVeOJkFKjqg4iV&litespeed_type=imgoptm HTTP/1.1" 200 0 "-" "WordPress/6.7; https://carschronicle.com"
162.213.251.208 - - [15/Nov/2024:10:48:03 -0500] "POST /wp-cron.php?doing_wp_cron=1731685683.2093369960784912109375 HTTP/1.1" 200 0 "-" "WordPress/6.7; https://carschronicle.com"
57.141.3.1 - - [15/Nov/2024:10:48:01 -0500] "GET /2017/07/26/tools-of-the-trade-taking-insects-measures/ HTTP/1.1" 404 71675 "-" "meta-externalagent/1.1 (+https://developers.facebook.com/docs/sharing/webmasters/crawler)"
162.213.251.208 - - [15/Nov/2024:10:48:04 -0500] "POST /wp-admin/admin-ajax.php?action=async_litespeed&nonce=2e1qltjkQ04XjsE44uGgxUI0uGalWM3p&litespeed_type=imgoptm HTTP/1.1" 200 21 "-" "WordPress/6.7; https://carschronicle.com"
162.213.251.208 - - [15/Nov/2024:10:53:28 -0500] "POST /wp-cron.php?doing_wp_cron=1731686006.7584929466247558593750 HTTP/1.1" 200 0 "-" "WordPress/6.7; https://carschronicle.com"
57.141.3.29 - - [15/Nov/2024:10:53:05 -0500] "GET /home-2/ HTTP/1.1" 200 101777 "-" "meta-externalagent/1.1 (+https://developers.facebook.com/docs/sharing/webmasters/crawler)"
162.213.251.208 - - [15/Nov/2024:10:55:30 -0500] "POST /wp-cron.php?doing_wp_cron=1731686129.6078279018402099609375 HTTP/1.1" 200 0 "-" "WordPress/6.7; https://carschronicle.com"
192.64.117.37 - - [15/Nov/2024:10:55:18 -0500] "POST /xmlrpc.php HTTP/1.1" 200 403 "-" "Mozilla/5.0 (Windows NT 10.0; Win64; x64) AppleWebKit/537.36 (KHTML, like Gecko) Chrome/78.0.3904.108 Safari/537.36"
162.213.251.208 - - [15/Nov/2024:10:55:32 -0500] "POST /wp-admin/admin-ajax.php?action=async_litespeed&nonce=9ID12rlbvrla1uZ5sNw279MZS4U1YIFP&litespeed_type=imgoptm HTTP/1.1" 200 0 "-" "WordPress/6.7; https://carschronicle.com"
178.128.113.136 - - [15/Nov/2024:10:55:37 -0500] "POST /xmlrpc.php HTTP/1.1" 200 403 "-" "Mozilla/5.0 (Windows NT 10.0; Win64; x64) AppleWebKit/537.36 (KHTML, like Gecko) Chrome/79.0.3945.117 Safari/537.36"
162.213.251.208 - - [15/Nov/2024:10:56:03 -0500] "POST /wp-cron.php?doing_wp_cron=1731686163.5432369709014892578125 HTTP/1.1" 200 0 "-" "WordPress/6.7; https://carschronicle.com"
203.161.62.74 - - [15/Nov/2024:10:56:02 -0500] "POST /xmlrpc.php HTTP/1.1" 200 403 "-" "Mozilla/5.0 (Windows NT 6.1; Win64; x64) AppleWebKit/537.36 (KHTML, like Gecko) Chrome/74.0.3729.169 Safari/537.36"
192.64.117.37 - - [15/Nov/2024:10:56:04 -0500] "POST /xmlrpc.php HTTP/1.1" 200 403 "-" "Mozilla/5.0 (Windows NT 5.1; rv:36.0) Gecko/20100101 Firefox/36.0"
162.213.251.208 - - [15/Nov/2024:10:59:06 -0500] "POST /wp-cron.php?doing_wp_cron=1731686344.9854459762573242187500 HTTP/1.1" 200 0 "-" "WordPress/6.7; https://carschronicle.com"
216.244.66.234 - - [15/Nov/2024:10:58:48 -0500] "GET /product/18-collection-backpack-1020-red/feed/ HTTP/1.1" 200 832 "-" "Mozilla/5.0 (compatible; DotBot/1.2; +https://opensiteexplorer.org/dotbot; help@moz.com)"
57.141.3.11 - - [15/Nov/2024:10:59:02 -0500] "GET /tag/money/ HTTP/1.1" 200 95912 "-" "meta-externalagent/1.1 (+https://developers.facebook.com/docs/sharing/webmasters/crawler)"
57.141.3.18 - - [15/Nov/2024:11:00:20 -0500] "GET /tag/world/page/3/ HTTP/1.1" 404 71673 "-" "meta-externalagent/1.1 (+https://developers.facebook.com/docs/sharing/webmasters/crawler)"
162.213.251.208 - - [15/Nov/2024:11:00:24 -0500] "POST /wp-cron.php?doing_wp_cron=1731686421.6591479778289794921875 HTTP/1.1" 200 0 "-" "WordPress/6.7; https://carschronicle.com"
57.141.3.23 - - [15/Nov/2024:11:01:02 -0500] "GET /blog-classic-3-columns/page/2/ HTTP/1.1" 200 72734 "-" "meta-externalagent/1.1 (+https://developers.facebook.com/docs/sharing/webmasters/crawler)"
162.213.251.208 - - [15/Nov/2024:11:03:55 -0500] "POST /wp-cron.php?doing_wp_cron=1731686635.3818349838256835937500 HTTP/1.1" 200 0 "-" "WordPress/6.7; https://carschronicle.com"
162.213.251.208 - - [15/Nov/2024:11:03:55 -0500] "POST /wp-cron.php?doing_wp_cron=1731686635.3810760974884033203125 HTTP/1.1" 200 0 "-" "WordPress/6.7; https://carschronicle.com"
57.141.3.24 - - [15/Nov/2024:11:03:43 -0500] "GET /tag/activity/page/3/ HTTP/1.1" 404 71673 "-" "meta-externalagent/1.1 (+https://developers.facebook.com/docs/sharing/webmasters/crawler)"
57.141.3.23 - - [15/Nov/2024:11:03:48 -0500] "GET /2017/03/08/running-shoes-do-not-make-you-a-professional-runner/ HTTP/1.1" 404 71679 "-" "meta-externalagent/1.1 (+https://developers.facebook.com/docs/sharing/webmasters/crawler)"
162.213.251.208 - - [15/Nov/2024:11:03:58 -0500] "POST /wp-admin/admin-ajax.php?action=async_litespeed&nonce=mYw5LRbbJsxSjXWKBWAbq32bcuvNEiwa&litespeed_type=imgoptm HTTP/1.1" 200 0 "-" "WordPress/6.7; https://carschronicle.com"
207.46.13.92 - - [15/Nov/2024:11:04:01 -0500] "GET /24547404384.shtml HTTP/1.1" 301 0 "-" "Mozilla/5.0 AppleWebKit/537.36 (KHTML, like Gecko; compatible; bingbot/2.0; +http://www.bing.com/bingbot.htm) Chrome/116.0.1938.76 Safari/537.36"
162.213.251.208 - - [15/Nov/2024:11:06:35 -0500] "POST /wp-cron.php?doing_wp_cron=1731686794.9715049266815185546875 HTTP/1.1" 200 0 "-" "WordPress/6.7; https://carschronicle.com"
207.46.13.87 - - [15/Nov/2024:11:06:21 -0500] "GET /38325080001.shtml HTTP/1.1" 301 0 "-" "Mozilla/5.0 AppleWebKit/537.36 (KHTML, like Gecko; compatible; bingbot/2.0; +http://www.bing.com/bingbot.htm) Chrome/116.0.1938.76 Safari/537.36"
162.213.251.208 - - [15/Nov/2024:11:06:37 -0500] "POST /wp-admin/admin-ajax.php?action=async_litespeed&nonce=dNG5ePZK9cr0g0WC3jECYlWo75R51NgY&litespeed_type=imgoptm HTTP/1.1" 200 0 "-" "WordPress/6.7; https://carschronicle.com"
162.213.251.208 - - [15/Nov/2024:11:09:05 -0500] "POST /wp-cron.php?doing_wp_cron=1731686944.7370300292968750000000 HTTP/1.1" 200 0 "-" "WordPress/6.7; https://carschronicle.com"
57.141.3.30 - - [15/Nov/2024:11:08:52 -0500] "GET /2017/10/12/your-perfect-outdoors-body-is-in-the-mirror/ HTTP/1.1" 404 71676 "-" "meta-externalagent/1.1 (+https://developers.facebook.com/docs/sharing/webmasters/crawler)"
162.213.251.208 - - [15/Nov/2024:11:09:07 -0500] "POST /wp-admin/admin-ajax.php?action=async_litespeed&nonce=XZD2ksWpG0BrYhi2kzIk0UF8qColtFFz&litespeed_type=imgoptm HTTP/1.1" 200 0 "-" "WordPress/6.7; https://carschronicle.com"
57.141.3.26 - - [15/Nov/2024:11:11:51 -0500] "GET / HTTP/1.1" 200 112058 "-" "meta-externalagent/1.1 (+https://developers.facebook.com/docs/sharing/webmasters/crawler)"
162.213.251.208 - - [15/Nov/2024:11:12:14 -0500] "POST /wp-cron.php?doing_wp_cron=1731687134.0303709506988525390625 HTTP/1.1" 200 0 "-" "WordPress/6.7; https://carschronicle.com"
207.46.13.87 - - [15/Nov/2024:11:12:00 -0500] "GET /77197857591.shtml HTTP/1.1" 301 0 "-" "Mozilla/5.0 AppleWebKit/537.36 (KHTML, like Gecko; compatible; bingbot/2.0; +http://www.bing.com/bingbot.htm) Chrome/116.0.1938.76 Safari/537.36"
162.213.251.208 - - [15/Nov/2024:11:12:17 -0500] "POST /wp-admin/admin-ajax.php?action=async_litespeed&nonce=lhnkVqVyC5z2SsIaYBYKo7aMjBI2d9BO&litespeed_type=imgoptm HTTP/1.1" 200 0 "-" "WordPress/6.7; https://carschronicle.com"
57.141.3.23 - - [15/Nov/2024:11:12:55 -0500] "GET /privacy-policy/ HTTP/1.1" 200 122127 "-" "meta-externalagent/1.1 (+https://developers.facebook.com/docs/sharing/webmasters/crawler)"
195.2.84.178 - - [15/Nov/2024:11:15:13 -0500] "GET /contacts/ HTTP/1.0" 200 79376 "https://carschronicle.com/contacts/" "Mozilla/5.0 (Windows NT 10.0.0; Win64; x64; ) AppleWebKit/537.36 (KHTML, like Gecko) Chrome/124.0.6367.78 Chrome/124.0.6367.78 Not-A.Brand/99  Safari/537.36"
162.213.251.208 - - [15/Nov/2024:11:15:33 -0500] "POST /wp-cron.php?doing_wp_cron=1731687332.5539140701293945312500 HTTP/1.1" 200 0 "-" "WordPress/6.7; https://carschronicle.com"
162.213.251.208 - - [15/Nov/2024:11:15:34 -0500] "POST /wp-admin/admin-ajax.php?action=async_litespeed&nonce=ndgYEsPFrkwKz38qoNGHILKFNscwUYm3&litespeed_type=imgoptm HTTP/1.1" 200 0 "-" "WordPress/6.7; https://carschronicle.com"
195.2.84.178 - - [15/Nov/2024:11:15:15 -0500] "POST /contacts/ HTTP/1.0" 200 79840 "https://carschronicle.com/contacts/" "Mozilla/5.0 (Windows NT 10.0.0; Win64; x64; ) AppleWebKit/537.36 (KHTML, like Gecko) Chrome/124.0.6367.78 Chrome/124.0.6367.78 Not-A.Brand/99  Safari/537.36"
162.213.251.208 - - [15/Nov/2024:11:17:43 -0500] "POST /wp-cron.php?doing_wp_cron=1731687463.2102239131927490234375 HTTP/1.1" 200 0 "-" "WordPress/6.7; https://carschronicle.com"
51.222.253.15 - - [15/Nov/2024:11:17:34 -0500] "GET /2017/03/12/the-easiest-summer-make-up-tutorials-and-cosmetics/feed/ HTTP/1.1" 200 409 "-" "Mozilla/5.0 (compatible; AhrefsBot/7.0; +http://ahrefs.com/robot/)"
162.213.251.208 - - [15/Nov/2024:11:17:44 -0500] "POST /wp-admin/admin-ajax.php?action=async_litespeed&nonce=iA7j7hqH1WY7jkwIhBg22MkaWQvn5dHA&litespeed_type=imgoptm HTTP/1.1" 200 0 "-" "WordPress/6.7; https://carschronicle.com"
157.55.39.204 - - [15/Nov/2024:11:21:42 -0500] "GET /102679395130.shtml HTTP/1.1" 301 0 "-" "Mozilla/5.0 AppleWebKit/537.36 (KHTML, like Gecko; compatible; bingbot/2.0; +http://www.bing.com/bingbot.htm) Chrome/116.0.1938.76 Safari/537.36"
162.213.251.208 - - [15/Nov/2024:11:22:01 -0500] "POST /wp-cron.php?doing_wp_cron=1731687719.9911530017852783203125 HTTP/1.1" 200 0 "-" "WordPress/6.7; https://carschronicle.com"
157.55.39.59 - - [15/Nov/2024:11:21:52 -0500] "GET /49249988435.shtml HTTP/1.1" 301 0 "-" "Mozilla/5.0 AppleWebKit/537.36 (KHTML, like Gecko; compatible; bingbot/2.0; +http://www.bing.com/bingbot.htm) Chrome/116.0.1938.76 Safari/537.36"
162.213.251.208 - - [15/Nov/2024:11:22:03 -0500] "POST /wp-admin/admin-ajax.php?action=async_litespeed&nonce=f3mxYUa6YxKefv1nF4KXvkRsDCQFv62i&litespeed_type=imgoptm HTTP/1.1" 200 0 "-" "WordPress/6.7; https://carschronicle.com"
157.55.39.204 - - [15/Nov/2024:11:22:03 -0500] "GET /24901387135.shtml HTTP/1.1" 301 0 "-" "Mozilla/5.0 AppleWebKit/537.36 (KHTML, like Gecko; compatible; bingbot/2.0; +http://www.bing.com/bingbot.htm) Chrome/116.0.1938.76 Safari/537.36"
162.213.251.208 - - [15/Nov/2024:11:22:36 -0500] "POST /wp-cron.php?doing_wp_cron=1731687756.2996120452880859375000 HTTP/1.1" 200 0 "-" "WordPress/6.7; https://carschronicle.com"
157.55.39.204 - - [15/Nov/2024:11:22:35 -0500] "GET /74265755512.shtml HTTP/1.1" 301 0 "-" "Mozilla/5.0 AppleWebKit/537.36 (KHTML, like Gecko; compatible; bingbot/2.0; +http://www.bing.com/bingbot.htm) Chrome/116.0.1938.76 Safari/537.36"
162.213.251.208 - - [15/Nov/2024:11:22:37 -0500] "POST /wp-admin/admin-ajax.php?action=async_litespeed&nonce=0kaPSWMXRoL2OBz72i1EFnNoK06S5zVd&litespeed_type=imgoptm HTTP/1.1" 200 21 "-" "WordPress/6.7; https://carschronicle.com"
162.213.251.208 - - [15/Nov/2024:11:23:13 -0500] "POST /wp-cron.php?doing_wp_cron=1731687793.8337869644165039062500 HTTP/1.1" 200 0 "-" "WordPress/6.7; https://carschronicle.com"
157.55.39.204 - - [15/Nov/2024:11:23:13 -0500] "GET /61676975534.shtml HTTP/1.1" 301 0 "-" "Mozilla/5.0 AppleWebKit/537.36 (KHTML, like Gecko; compatible; bingbot/2.0; +http://www.bing.com/bingbot.htm) Chrome/116.0.1938.76 Safari/537.36"
162.213.251.208 - - [15/Nov/2024:11:23:15 -0500] "POST /wp-admin/admin-ajax.php?action=async_litespeed&nonce=JiUGFVqtVoJ3xXR1wwcw2B2Hybcrd2nA&litespeed_type=imgoptm HTTP/1.1" 200 0 "-" "WordPress/6.7; https://carschronicle.com"
157.55.39.61 - - [15/Nov/2024:11:23:19 -0500] "GET /64870585134.shtml HTTP/1.1" 301 0 "-" "Mozilla/5.0 AppleWebKit/537.36 (KHTML, like Gecko; compatible; bingbot/2.0; +http://www.bing.com/bingbot.htm) Chrome/116.0.1938.76 Safari/537.36"
