157.55.39.196 - - [15/Nov/2024:18:20:49 -0500] "GET /101974854028.shtml HTTP/1.1" 301 0 "-" "Mozilla/5.0 AppleWebKit/537.36 (KHTML, like Gecko; compatible; bingbot/2.0; +http://www.bing.com/bingbot.htm) Chrome/116.0.1938.76 Safari/537.36"
162.213.251.208 - - [15/Nov/2024:18:23:13 -0500] "POST /wp-cron.php?doing_wp_cron=1731712991.0660130977630615234375 HTTP/1.1" 200 0 "-" "WordPress/6.7; https://carschronicle.com"
157.55.39.202 - - [15/Nov/2024:18:22:53 -0500] "GET /77158512484.shtml HTTP/1.1" 404 13919 "-" "Mozilla/5.0 AppleWebKit/537.36 (KHTML, like Gecko; compatible; bingbot/2.0; +http://www.bing.com/bingbot.htm) Chrome/116.0.1938.76 Safari/537.36"
162.213.251.208 - - [15/Nov/2024:18:27:22 -0500] "POST /wp-cron.php?doing_wp_cron=1731713241.3594079017639160156250 HTTP/1.1" 200 0 "-" "WordPress/6.7; https://carschronicle.com"
54.36.149.44 - - [15/Nov/2024:18:26:58 -0500] "GET /2017/03/24/what-if-all-your-secrets-some-day-went-public/ HTTP/1.1" 404 13921 "-" "Mozilla/5.0 (compatible; AhrefsBot/7.0; +http://ahrefs.com/robot/)"
162.213.251.208 - - [15/Nov/2024:18:32:18 -0500] "POST /wp-cron.php?doing_wp_cron=1731713537.4903099536895751953125 HTTP/1.1" 200 0 "-" "WordPress/6.7; https://carschronicle.com"
157.55.39.62 - - [15/Nov/2024:18:31:58 -0500] "GET /60993726660.shtml HTTP/1.1" 301 0 "-" "Mozilla/5.0 AppleWebKit/537.36 (KHTML, like Gecko; compatible; bingbot/2.0; +http://www.bing.com/bingbot.htm) Chrome/116.0.1938.76 Safari/537.36"
162.213.251.208 - - [15/Nov/2024:18:37:15 -0500] "POST /wp-cron.php?doing_wp_cron=1731713834.8389909267425537109375 HTTP/1.1" 200 0 "-" "WordPress/6.7; https://carschronicle.com"
157.55.39.197 - - [15/Nov/2024:18:36:53 -0500] "GET /99383433091.shtml HTTP/1.1" 404 13912 "-" "Mozilla/5.0 AppleWebKit/537.36 (KHTML, like Gecko; compatible; bingbot/2.0; +http://www.bing.com/bingbot.htm) Chrome/116.0.1938.76 Safari/537.36"
162.213.251.208 - - [15/Nov/2024:18:37:18 -0500] "POST /wp-admin/admin-ajax.php?action=async_litespeed&nonce=OJo5DXqqTpM0VsONhIiJEZKgw7Ap8JFC&litespeed_type=imgoptm HTTP/1.1" 200 0 "-" "WordPress/6.7; https://carschronicle.com"
162.213.251.208 - - [15/Nov/2024:18:38:58 -0500] "POST /wp-cron.php?doing_wp_cron=1731713938.4866909980773925781250 HTTP/1.1" 200 0 "-" "WordPress/6.7; https://carschronicle.com"
207.46.13.153 - - [15/Nov/2024:18:38:44 -0500] "GET /97345603082.shtml HTTP/1.1" 404 13925 "-" "Mozilla/5.0 AppleWebKit/537.36 (KHTML, like Gecko; compatible; bingbot/2.0; +http://www.bing.com/bingbot.htm) Chrome/116.0.1938.76 Safari/537.36"
162.213.251.208 - - [15/Nov/2024:18:39:00 -0500] "POST /wp-admin/admin-ajax.php?action=async_litespeed&nonce=VI2qWRQVgWfZkgZvaFW4eodXC5Ud4PhD&litespeed_type=imgoptm HTTP/1.1" 200 0 "-" "WordPress/6.7; https://carschronicle.com"
216.73.172.47 - - [15/Nov/2024:18:39:58 -0500] "GET / HTTP/1.1" 200 22149 "-" "\"Mozilla/5.0 (Macintosh; Intel Mac OS X 10_15_7) AppleWebKit/537.36 (KHTML, like Gecko) Chrome/130.0.0.0 Safari/537.36\""
162.213.251.208 - - [15/Nov/2024:18:40:03 -0500] "POST /wp-cron.php?doing_wp_cron=1731714003.6381928920745849609375 HTTP/1.1" 200 0 "-" "WordPress/6.7; https://carschronicle.com"
216.73.172.47 - - [15/Nov/2024:18:40:01 -0500] "GET /shortcodes/ HTTP/1.1" 200 21278 "-" "\"Mozilla/5.0 (Macintosh; Intel Mac OS X 10_15_7) AppleWebKit/537.36 (KHTML, like Gecko) Chrome/130.0.0.0 Safari/537.36\""
216.73.172.47 - - [15/Nov/2024:18:40:01 -0500] "GET /about-me/ HTTP/1.1" 200 18402 "-" "\"Mozilla/5.0 (Macintosh; Intel Mac OS X 10_15_7) AppleWebKit/537.36 (KHTML, like Gecko) Chrome/130.0.0.0 Safari/537.36\""
216.73.172.47 - - [15/Nov/2024:18:40:05 -0500] "GET /contacts/ HTTP/1.1" 200 18152 "-" "\"Mozilla/5.0 (Macintosh; Intel Mac OS X 10_15_7) AppleWebKit/537.36 (KHTML, like Gecko) Chrome/130.0.0.0 Safari/537.36\""
162.213.251.208 - - [15/Nov/2024:18:40:05 -0500] "POST /wp-admin/admin-ajax.php?action=async_litespeed&nonce=rq35oaHuTD9CgU2XucUjyd9lNsX9jhTH&litespeed_type=imgoptm HTTP/1.1" 200 0 "-" "WordPress/6.7; https://carschronicle.com"
216.73.172.47 - - [15/Nov/2024:18:40:07 -0500] "GET /blog-classic-2-columns/ HTTP/1.1" 200 19390 "-" "\"Mozilla/5.0 (Macintosh; Intel Mac OS X 10_15_7) AppleWebKit/537.36 (KHTML, like Gecko) Chrome/130.0.0.0 Safari/537.36\""
216.73.172.47 - - [15/Nov/2024:18:40:03 -0500] "GET /typography/ HTTP/1.1" 200 22018 "-" "\"Mozilla/5.0 (Macintosh; Intel Mac OS X 10_15_7) AppleWebKit/537.36 (KHTML, like Gecko) Chrome/130.0.0.0 Safari/537.36\""
216.73.172.47 - - [15/Nov/2024:18:40:05 -0500] "GET /service-plus/ HTTP/1.1" 200 18444 "-" "\"Mozilla/5.0 (Macintosh; Intel Mac OS X 10_15_7) AppleWebKit/537.36 (KHTML, like Gecko) Chrome/130.0.0.0 Safari/537.36\""
216.73.172.47 - - [15/Nov/2024:18:40:04 -0500] "GET /home-3/ HTTP/1.1" 200 19904 "-" "\"Mozilla/5.0 (Macintosh; Intel Mac OS X 10_15_7) AppleWebKit/537.36 (KHTML, like Gecko) Chrome/130.0.0.0 Safari/537.36\""
216.73.172.47 - - [15/Nov/2024:18:40:08 -0500] "GET /lifestyle/ HTTP/1.1" 200 19274 "-" "\"Mozilla/5.0 (Macintosh; Intel Mac OS X 10_15_7) AppleWebKit/537.36 (KHTML, like Gecko) Chrome/130.0.0.0 Safari/537.36\""
216.73.172.47 - - [15/Nov/2024:18:40:06 -0500] "GET /all-posts/ HTTP/1.1" 200 20296 "-" "\"Mozilla/5.0 (Macintosh; Intel Mac OS X 10_15_7) AppleWebKit/537.36 (KHTML, like Gecko) Chrome/130.0.0.0 Safari/537.36\""
216.73.172.47 - - [15/Nov/2024:18:40:08 -0500] "GET /home-2 HTTP/1.1" 301 0 "-" "\"Mozilla/5.0 (Macintosh; Intel Mac OS X 10_15_7) AppleWebKit/537.36 (KHTML, like Gecko) Chrome/130.0.0.0 Safari/537.36\""
216.73.172.47 - - [15/Nov/2024:18:40:08 -0500] "GET /shortcodes HTTP/1.1" 301 0 "-" "\"Mozilla/5.0 (Macintosh; Intel Mac OS X 10_15_7) AppleWebKit/537.36 (KHTML, like Gecko) Chrome/130.0.0.0 Safari/537.36\""
216.73.172.47 - - [15/Nov/2024:18:40:11 -0500] "GET /home-2/ HTTP/1.1" 200 20167 "https://carschronicle.com/home-2" "\"Mozilla/5.0 (Macintosh; Intel Mac OS X 10_15_7) AppleWebKit/537.36 (KHTML, like Gecko) Chrome/130.0.0.0 Safari/537.36\""
216.73.172.47 - - [15/Nov/2024:18:40:09 -0500] "GET /all-posts HTTP/1.1" 301 0 "-" "\"Mozilla/5.0 (Macintosh; Intel Mac OS X 10_15_7) AppleWebKit/537.36 (KHTML, like Gecko) Chrome/130.0.0.0 Safari/537.36\""
216.73.172.47 - - [15/Nov/2024:18:40:11 -0500] "GET /shortcodes/ HTTP/1.1" 200 21278 "https://carschronicle.com/shortcodes" "\"Mozilla/5.0 (Macintosh; Intel Mac OS X 10_15_7) AppleWebKit/537.36 (KHTML, like Gecko) Chrome/130.0.0.0 Safari/537.36\""
216.73.172.47 - - [15/Nov/2024:18:40:09 -0500] "GET /lifestyle HTTP/1.1" 301 0 "-" "\"Mozilla/5.0 (Macintosh; Intel Mac OS X 10_15_7) AppleWebKit/537.36 (KHTML, like Gecko) Chrome/130.0.0.0 Safari/537.36\""
162.213.251.208 - - [15/Nov/2024:18:40:11 -0500] "POST /wp-cron.php?doing_wp_cron=1731714010.5629620552062988281250 HTTP/1.1" 200 0 "-" "WordPress/6.7; https://carschronicle.com"
216.73.172.47 - - [15/Nov/2024:18:40:12 -0500] "GET /all-posts/ HTTP/1.1" 200 20296 "https://carschronicle.com/all-posts" "\"Mozilla/5.0 (Macintosh; Intel Mac OS X 10_15_7) AppleWebKit/537.36 (KHTML, like Gecko) Chrome/130.0.0.0 Safari/537.36\""
216.73.172.47 - - [15/Nov/2024:18:40:09 -0500] "GET /gallery HTTP/1.1" 301 0 "-" "\"Mozilla/5.0 (Macintosh; Intel Mac OS X 10_15_7) AppleWebKit/537.36 (KHTML, like Gecko) Chrome/130.0.0.0 Safari/537.36\""
216.73.172.47 - - [15/Nov/2024:18:40:12 -0500] "GET /lifestyle/ HTTP/1.1" 200 19274 "https://carschronicle.com/lifestyle" "\"Mozilla/5.0 (Macintosh; Intel Mac OS X 10_15_7) AppleWebKit/537.36 (KHTML, like Gecko) Chrome/130.0.0.0 Safari/537.36\""
216.73.172.47 - - [15/Nov/2024:18:40:13 -0500] "GET /gallery/ HTTP/1.1" 200 22334 "https://carschronicle.com/gallery" "\"Mozilla/5.0 (Macintosh; Intel Mac OS X 10_15_7) AppleWebKit/537.36 (KHTML, like Gecko) Chrome/130.0.0.0 Safari/537.36\""
162.213.251.208 - - [15/Nov/2024:18:40:14 -0500] "POST /wp-admin/admin-ajax.php?action=async_litespeed&nonce=0475CGsfnbBM3qmc9ZXsbWeUT7Cm86P4&litespeed_type=imgoptm HTTP/1.1" 200 0 "-" "WordPress/6.7; https://carschronicle.com"
216.73.172.47 - - [15/Nov/2024:18:40:12 -0500] "GET /typography HTTP/1.1" 301 0 "-" "\"Mozilla/5.0 (Macintosh; Intel Mac OS X 10_15_7) AppleWebKit/537.36 (KHTML, like Gecko) Chrome/130.0.0.0 Safari/537.36\""
216.73.172.47 - - [15/Nov/2024:18:40:12 -0500] "GET /home-3 HTTP/1.1" 301 0 "-" "\"Mozilla/5.0 (Macintosh; Intel Mac OS X 10_15_7) AppleWebKit/537.36 (KHTML, like Gecko) Chrome/130.0.0.0 Safari/537.36\""
216.73.172.47 - - [15/Nov/2024:18:40:13 -0500] "GET /service-plus HTTP/1.1" 301 0 "-" "\"Mozilla/5.0 (Macintosh; Intel Mac OS X 10_15_7) AppleWebKit/537.36 (KHTML, like Gecko) Chrome/130.0.0.0 Safari/537.36\""
216.73.172.47 - - [15/Nov/2024:18:40:15 -0500] "GET /typography/ HTTP/1.1" 200 22018 "https://carschronicle.com/typography" "\"Mozilla/5.0 (Macintosh; Intel Mac OS X 10_15_7) AppleWebKit/537.36 (KHTML, like Gecko) Chrome/130.0.0.0 Safari/537.36\""
216.73.172.47 - - [15/Nov/2024:18:40:15 -0500] "GET /home-3/ HTTP/1.1" 200 19904 "https://carschronicle.com/home-3" "\"Mozilla/5.0 (Macintosh; Intel Mac OS X 10_15_7) AppleWebKit/537.36 (KHTML, like Gecko) Chrome/130.0.0.0 Safari/537.36\""
216.73.172.47 - - [15/Nov/2024:18:40:14 -0500] "GET /contacts HTTP/1.1" 301 0 "-" "\"Mozilla/5.0 (Macintosh; Intel Mac OS X 10_15_7) AppleWebKit/537.36 (KHTML, like Gecko) Chrome/130.0.0.0 Safari/537.36\""
216.73.172.47 - - [15/Nov/2024:18:40:15 -0500] "GET /service-plus/ HTTP/1.1" 200 18444 "https://carschronicle.com/service-plus" "\"Mozilla/5.0 (Macintosh; Intel Mac OS X 10_15_7) AppleWebKit/537.36 (KHTML, like Gecko) Chrome/130.0.0.0 Safari/537.36\""
216.73.172.47 - - [15/Nov/2024:18:40:15 -0500] "GET /blog-classic-2-columns HTTP/1.1" 301 0 "-" "\"Mozilla/5.0 (Macintosh; Intel Mac OS X 10_15_7) AppleWebKit/537.36 (KHTML, like Gecko) Chrome/130.0.0.0 Safari/537.36\""
216.73.172.47 - - [15/Nov/2024:18:40:16 -0500] "GET /contacts/ HTTP/1.1" 200 18152 "https://carschronicle.com/contacts" "\"Mozilla/5.0 (Macintosh; Intel Mac OS X 10_15_7) AppleWebKit/537.36 (KHTML, like Gecko) Chrome/130.0.0.0 Safari/537.36\""
216.73.172.47 - - [15/Nov/2024:18:40:16 -0500] "GET /blog-classic-2-columns/ HTTP/1.1" 200 19390 "https://carschronicle.com/blog-classic-2-columns" "\"Mozilla/5.0 (Macintosh; Intel Mac OS X 10_15_7) AppleWebKit/537.36 (KHTML, like Gecko) Chrome/130.0.0.0 Safari/537.36\""
216.73.172.47 - - [15/Nov/2024:18:40:16 -0500] "GET /about-me HTTP/1.1" 301 0 "-" "\"Mozilla/5.0 (Macintosh; Intel Mac OS X 10_15_7) AppleWebKit/537.36 (KHTML, like Gecko) Chrome/130.0.0.0 Safari/537.36\""
216.73.172.47 - - [15/Nov/2024:18:40:17 -0500] "GET /about-me/ HTTP/1.1" 200 18402 "https://carschronicle.com/about-me" "\"Mozilla/5.0 (Macintosh; Intel Mac OS X 10_15_7) AppleWebKit/537.36 (KHTML, like Gecko) Chrome/130.0.0.0 Safari/537.36\""
216.73.172.47 - - [15/Nov/2024:18:40:17 -0500] "GET /wp-content/uploads/2023/11/cropped-Logo-Circle-180x180.png HTTP/1.1" 200 7385 "-" "\"Mozilla/5.0 (Macintosh; Intel Mac OS X 10_15_7) AppleWebKit/537.36 (KHTML, like Gecko) Chrome/130.0.0.0 Safari/537.36\""
162.213.251.208 - - [15/Nov/2024:18:41:22 -0500] "POST /wp-cron.php?doing_wp_cron=1731714081.8377199172973632812500 HTTP/1.1" 200 0 "-" "WordPress/6.7; https://carschronicle.com"
54.36.149.106 - - [15/Nov/2024:18:41:20 -0500] "GET /2017/10/28/meet-our-50-most-daring-entrepreneurs-of-2017/ HTTP/1.1" 404 13918 "-" "Mozilla/5.0 (compatible; AhrefsBot/7.0; +http://ahrefs.com/robot/)"
162.213.251.208 - - [15/Nov/2024:18:41:23 -0500] "POST /wp-admin/admin-ajax.php?action=async_litespeed&nonce=0pfre4z9HFyq5iDvw91kbLANuA5a1ATx&litespeed_type=imgoptm HTTP/1.1" 200 21 "-" "WordPress/6.7; https://carschronicle.com"
157.55.39.195 - - [15/Nov/2024:18:41:24 -0500] "GET /49094316853.shtml HTTP/1.1" 301 0 "-" "Mozilla/5.0 AppleWebKit/537.36 (KHTML, like Gecko; compatible; bingbot/2.0; +http://www.bing.com/bingbot.htm) Chrome/116.0.1938.76 Safari/537.36"
162.213.251.208 - - [15/Nov/2024:18:46:52 -0500] "POST /wp-cron.php?doing_wp_cron=1731714412.5765719413757324218750 HTTP/1.1" 200 0 "-" "WordPress/6.7; https://carschronicle.com"
157.55.39.11 - - [15/Nov/2024:18:46:35 -0500] "GET /77302772887.shtml HTTP/1.1" 301 0 "-" "Mozilla/5.0 AppleWebKit/537.36 (KHTML, like Gecko; compatible; bingbot/2.0; +http://www.bing.com/bingbot.htm) Chrome/116.0.1938.76 Safari/537.36"
162.213.251.208 - - [15/Nov/2024:18:46:54 -0500] "POST /wp-admin/admin-ajax.php?action=async_litespeed&nonce=pqNyftXu2jNxnAsMfbJLZvEbYSEKel4f&litespeed_type=imgoptm HTTP/1.1" 200 0 "-" "WordPress/6.7; https://carschronicle.com"
162.213.251.208 - - [15/Nov/2024:18:52:32 -0500] "POST /wp-cron.php?doing_wp_cron=1731714752.5766611099243164062500 HTTP/1.1" 200 0 "-" "WordPress/6.7; https://carschronicle.com"
157.55.39.11 - - [15/Nov/2024:18:52:15 -0500] "GET /30719039955.shtml HTTP/1.1" 301 0 "-" "Mozilla/5.0 AppleWebKit/537.36 (KHTML, like Gecko; compatible; bingbot/2.0; +http://www.bing.com/bingbot.htm) Chrome/116.0.1938.76 Safari/537.36"
162.213.251.208 - - [15/Nov/2024:18:52:34 -0500] "POST /wp-admin/admin-ajax.php?action=async_litespeed&nonce=9EDlEdKW2888mMP7hxOghvNUzV6MCztX&litespeed_type=imgoptm HTTP/1.1" 200 0 "-" "WordPress/6.7; https://carschronicle.com"
54.36.149.53 - - [15/Nov/2024:18:57:49 -0500] "GET /2017/04/04/staff-picks-the-gear-we-want-this-year-to-drive/ HTTP/1.1" 200 18559 "-" "Mozilla/5.0 (compatible; AhrefsBot/7.0; +http://ahrefs.com/robot/)"
54.36.148.97 - - [15/Nov/2024:18:57:52 -0500] "GET /wp-content/uploads/2017/11/post-13-copyright.jpg HTTP/1.1" 200 237914 "-" "Mozilla/5.0 (compatible; AhrefsBot/7.0; +http://ahrefs.com/robot/)"
66.249.79.34 - - [15/Nov/2024:18:58:03 -0500] "GET /?59289705090.shtml HTTP/1.1" 301 0 "-" "Mozilla/5.0 (compatible; Googlebot/2.1; +http://www.google.com/bot.html)"
162.213.251.208 - - [15/Nov/2024:18:58:15 -0500] "POST /wp-cron.php?doing_wp_cron=1731715094.9941220283508300781250 HTTP/1.1" 200 0 "-" "WordPress/6.7; https://carschronicle.com"
157.55.39.195 - - [15/Nov/2024:18:57:58 -0500] "GET /37426594103.shtml HTTP/1.1" 301 0 "-" "Mozilla/5.0 AppleWebKit/537.36 (KHTML, like Gecko; compatible; bingbot/2.0; +http://www.bing.com/bingbot.htm) Chrome/116.0.1938.76 Safari/537.36"
162.213.251.208 - - [15/Nov/2024:18:58:18 -0500] "POST /wp-admin/admin-ajax.php?action=async_litespeed&nonce=Zi0sKVt4MuafLgGaMQj9tECvSztzKV5Q&litespeed_type=imgoptm HTTP/1.1" 200 0 "-" "WordPress/6.7; https://carschronicle.com"
162.213.251.208 - - [15/Nov/2024:19:06:25 -0500] "POST /wp-cron.php?doing_wp_cron=1731715584.9181818962097167968750 HTTP/1.1" 200 0 "-" "WordPress/6.7; https://carschronicle.com"
157.55.39.201 - - [15/Nov/2024:19:06:07 -0500] "GET /90837277717.shtml HTTP/1.1" 301 0 "-" "Mozilla/5.0 AppleWebKit/537.36 (KHTML, like Gecko; compatible; bingbot/2.0; +http://www.bing.com/bingbot.htm) Chrome/116.0.1938.76 Safari/537.36"
162.213.251.208 - - [15/Nov/2024:19:06:27 -0500] "POST /wp-admin/admin-ajax.php?action=async_litespeed&nonce=vctYQVFNx4ICI9OAfvJXR9D1n4S3amsj&litespeed_type=imgoptm HTTP/1.1" 200 0 "-" "WordPress/6.7; https://carschronicle.com"
162.213.251.208 - - [15/Nov/2024:19:10:19 -0500] "POST /wp-cron.php?doing_wp_cron=1731715819.3569760322570800781250 HTTP/1.1" 200 0 "-" "WordPress/6.7; https://carschronicle.com"
207.46.13.51 - - [15/Nov/2024:19:10:01 -0500] "GET /50445968878.shtml HTTP/1.1" 301 0 "-" "Mozilla/5.0 AppleWebKit/537.36 (KHTML, like Gecko; compatible; bingbot/2.0; +http://www.bing.com/bingbot.htm) Chrome/116.0.1938.76 Safari/537.36"
162.213.251.208 - - [15/Nov/2024:19:10:21 -0500] "POST /wp-admin/admin-ajax.php?action=async_litespeed&nonce=uc7FijDKPj4tIgZG3fgusdWbaWLeAQEy&litespeed_type=imgoptm HTTP/1.1" 200 0 "-" "WordPress/6.7; https://carschronicle.com"
162.213.251.208 - - [15/Nov/2024:19:13:07 -0500] "POST /wp-cron.php?doing_wp_cron=1731715986.4623830318450927734375 HTTP/1.1" 200 0 "-" "WordPress/6.7; https://carschronicle.com"
207.46.13.141 - - [15/Nov/2024:19:12:48 -0500] "GET /26613288435.shtml HTTP/1.1" 301 0 "-" "Mozilla/5.0 AppleWebKit/537.36 (KHTML, like Gecko; compatible; bingbot/2.0; +http://www.bing.com/bingbot.htm) Chrome/116.0.1938.76 Safari/537.36"
162.213.251.208 - - [15/Nov/2024:19:13:08 -0500] "POST /wp-admin/admin-ajax.php?action=async_litespeed&nonce=GaEBwnWwwMgexGdRgrVGD1srnaWmX3rY&litespeed_type=imgoptm HTTP/1.1" 200 0 "-" "WordPress/6.7; https://carschronicle.com"
162.213.251.208 - - [15/Nov/2024:19:15:58 -0500] "POST /wp-cron.php?doing_wp_cron=1731716158.2400970458984375000000 HTTP/1.1" 200 0 "-" "WordPress/6.7; https://carschronicle.com"
207.46.13.124 - - [15/Nov/2024:19:15:38 -0500] "GET /80921314863.shtml HTTP/1.1" 301 0 "-" "Mozilla/5.0 AppleWebKit/537.36 (KHTML, like Gecko; compatible; bingbot/2.0; +http://www.bing.com/bingbot.htm) Chrome/116.0.1938.76 Safari/537.36"
162.213.251.208 - - [15/Nov/2024:19:16:00 -0500] "POST /wp-admin/admin-ajax.php?action=async_litespeed&nonce=qgwJ6QwYqzH3G96qNeMbM7F9lniSZOxM&litespeed_type=imgoptm HTTP/1.1" 200 0 "-" "WordPress/6.7; https://carschronicle.com"
162.213.251.208 - - [15/Nov/2024:19:21:44 -0500] "POST /wp-cron.php?doing_wp_cron=1731716504.2995018959045410156250 HTTP/1.1" 200 0 "-" "WordPress/6.7; https://carschronicle.com"
157.55.39.58 - - [15/Nov/2024:19:21:28 -0500] "GET /19142183608.shtml HTTP/1.1" 301 0 "-" "Mozilla/5.0 AppleWebKit/537.36 (KHTML, like Gecko; compatible; bingbot/2.0; +http://www.bing.com/bingbot.htm) Chrome/116.0.1938.76 Safari/537.36"
162.213.251.208 - - [15/Nov/2024:19:21:45 -0500] "POST /wp-admin/admin-ajax.php?action=async_litespeed&nonce=bibPMjrnF4P1kBIq7vJc8HKZ28utr6eT&litespeed_type=imgoptm HTTP/1.1" 200 0 "-" "WordPress/6.7; https://carschronicle.com"
162.213.251.208 - - [15/Nov/2024:19:22:58 -0500] "POST /wp-cron.php?doing_wp_cron=1731716578.4895319938659667968750 HTTP/1.1" 200 0 "-" "WordPress/6.7; https://carschronicle.com"
157.55.39.58 - - [15/Nov/2024:19:22:57 -0500] "GET /94523567003.shtml HTTP/1.1" 301 0 "-" "Mozilla/5.0 AppleWebKit/537.36 (KHTML, like Gecko; compatible; bingbot/2.0; +http://www.bing.com/bingbot.htm) Chrome/116.0.1938.76 Safari/537.36"
162.213.251.208 - - [15/Nov/2024:19:22:59 -0500] "POST /wp-admin/admin-ajax.php?action=async_litespeed&nonce=oiaFOngpgE2bpXO0k1cpgc8uwK2Lyzni&litespeed_type=imgoptm HTTP/1.1" 200 21 "-" "WordPress/6.7; https://carschronicle.com"
162.213.251.208 - - [15/Nov/2024:19:25:31 -0500] "POST /wp-cron.php?doing_wp_cron=1731716731.2725288867950439453125 HTTP/1.1" 200 0 "-" "WordPress/6.7; https://carschronicle.com"
162.213.251.208 - - [15/Nov/2024:19:25:31 -0500] "POST /wp-cron.php?doing_wp_cron=1731716731.2806479930877685546875 HTTP/1.1" 200 0 "-" "WordPress/6.7; https://carschronicle.com"
157.55.39.58 - - [15/Nov/2024:19:25:22 -0500] "GET /77517403164.shtml HTTP/1.1" 301 0 "-" "Mozilla/5.0 AppleWebKit/537.36 (KHTML, like Gecko; compatible; bingbot/2.0; +http://www.bing.com/bingbot.htm) Chrome/116.0.1938.76 Safari/537.36"
157.55.39.54 - - [15/Nov/2024:19:25:18 -0500] "GET /33099374180.shtml HTTP/1.1" 301 0 "-" "Mozilla/5.0 AppleWebKit/537.36 (KHTML, like Gecko; compatible; bingbot/2.0; +http://www.bing.com/bingbot.htm) Chrome/116.0.1938.76 Safari/537.36"
162.213.251.208 - - [15/Nov/2024:19:25:33 -0500] "POST /wp-admin/admin-ajax.php?action=async_litespeed&nonce=tdFaKjfSp9l5wYBKS6tBxEBxiHyKIzuA&litespeed_type=imgoptm HTTP/1.1" 200 0 "-" "WordPress/6.7; https://carschronicle.com"
157.55.39.54 - - [15/Nov/2024:19:25:38 -0500] "GET /52787357003.shtml HTTP/1.1" 301 0 "-" "Mozilla/5.0 AppleWebKit/537.36 (KHTML, like Gecko; compatible; bingbot/2.0; +http://www.bing.com/bingbot.htm) Chrome/116.0.1938.76 Safari/537.36"
162.213.251.208 - - [15/Nov/2024:19:29:14 -0500] "POST /wp-cron.php?doing_wp_cron=1731716953.4228589534759521484375 HTTP/1.1" 200 0 "-" "WordPress/6.7; https://carschronicle.com"
207.46.13.150 - - [15/Nov/2024:19:28:51 -0500] "GET /73834298388.shtml HTTP/1.1" 301 0 "-" "Mozilla/5.0 AppleWebKit/537.36 (KHTML, like Gecko; compatible; bingbot/2.0; +http://www.bing.com/bingbot.htm) Chrome/116.0.1938.76 Safari/537.36"
162.213.251.208 - - [15/Nov/2024:19:29:16 -0500] "POST /wp-admin/admin-ajax.php?action=async_litespeed&nonce=JRj4jP3QWaX1h9AsbIeos54354I25Ffd&litespeed_type=imgoptm HTTP/1.1" 200 0 "-" "WordPress/6.7; https://carschronicle.com"
162.213.251.208 - - [15/Nov/2024:19:31:47 -0500] "POST /wp-cron.php?doing_wp_cron=1731717107.6535229682922363281250 HTTP/1.1" 200 0 "-" "WordPress/6.7; https://carschronicle.com"
207.46.13.150 - - [15/Nov/2024:19:31:33 -0500] "GET /63291562715.shtml HTTP/1.1" 301 0 "-" "Mozilla/5.0 AppleWebKit/537.36 (KHTML, like Gecko; compatible; bingbot/2.0; +http://www.bing.com/bingbot.htm) Chrome/116.0.1938.76 Safari/537.36"
162.213.251.208 - - [15/Nov/2024:19:31:49 -0500] "POST /wp-admin/admin-ajax.php?action=async_litespeed&nonce=fR2hCK8na3R9ESDDwpg9adjdMHjfcD5k&litespeed_type=imgoptm HTTP/1.1" 200 0 "-" "WordPress/6.7; https://carschronicle.com"
162.213.251.208 - - [15/Nov/2024:19:34:59 -0500] "POST /wp-cron.php?doing_wp_cron=1731717299.1743409633636474609375 HTTP/1.1" 200 0 "-" "WordPress/6.7; https://carschronicle.com"
157.55.39.11 - - [15/Nov/2024:19:34:42 -0500] "GET /39495060807.shtml HTTP/1.1" 301 0 "-" "Mozilla/5.0 AppleWebKit/537.36 (KHTML, like Gecko; compatible; bingbot/2.0; +http://www.bing.com/bingbot.htm) Chrome/116.0.1938.76 Safari/537.36"
54.36.148.239 - - [15/Nov/2024:19:34:55 -0500] "GET /2017/03/16/the-greatest-trip-to-unknown-futuristic-places-in-mind/ HTTP/1.1" 404 13895 "-" "Mozilla/5.0 (compatible; AhrefsBot/7.0; +http://ahrefs.com/robot/)"
162.213.251.208 - - [15/Nov/2024:19:35:03 -0500] "POST /wp-admin/admin-ajax.php?action=async_litespeed&nonce=fALqbfjExOoNOLY6rEgQHnIGKgCY0b24&litespeed_type=imgoptm HTTP/1.1" 200 0 "-" "WordPress/6.7; https://carschronicle.com"
162.213.251.208 - - [15/Nov/2024:19:35:18 -0500] "POST /wp-cron.php?doing_wp_cron=1731717318.4037289619445800781250 HTTP/1.1" 200 0 "-" "WordPress/6.7; https://carschronicle.com"
157.55.39.49 - - [15/Nov/2024:19:35:15 -0500] "GET /21622303082.shtml HTTP/1.1" 301 0 "-" "Mozilla/5.0 AppleWebKit/537.36 (KHTML, like Gecko; compatible; bingbot/2.0; +http://www.bing.com/bingbot.htm) Chrome/116.0.1938.76 Safari/537.36"
162.213.251.208 - - [15/Nov/2024:19:35:19 -0500] "POST /wp-admin/admin-ajax.php?action=async_litespeed&nonce=kFE0CJi7zad89U41me3VbF94QoRWzo86&litespeed_type=imgoptm HTTP/1.1" 200 0 "-" "WordPress/6.7; https://carschronicle.com"
162.213.251.208 - - [15/Nov/2024:19:43:35 -0500] "POST /wp-cron.php?doing_wp_cron=1731717814.8939540386199951171875 HTTP/1.1" 200 0 "-" "WordPress/6.7; https://carschronicle.com"
157.55.39.194 - - [15/Nov/2024:19:43:20 -0500] "GET /39565089611.shtml HTTP/1.1" 301 0 "-" "Mozilla/5.0 AppleWebKit/537.36 (KHTML, like Gecko; compatible; bingbot/2.0; +http://www.bing.com/bingbot.htm) Chrome/116.0.1938.76 Safari/537.36"
162.213.251.208 - - [15/Nov/2024:19:43:37 -0500] "POST /wp-admin/admin-ajax.php?action=async_litespeed&nonce=Bi5L7E5eB3tH6KQEVyQ5NHFuJD6u4HJf&litespeed_type=imgoptm HTTP/1.1" 200 0 "-" "WordPress/6.7; https://carschronicle.com"
162.213.251.208 - - [15/Nov/2024:19:50:00 -0500] "POST /wp-cron.php?doing_wp_cron=1731718199.9673259258270263671875 HTTP/1.1" 200 0 "-" "WordPress/6.7; https://carschronicle.com"
157.55.39.9 - - [15/Nov/2024:19:49:50 -0500] "GET /103915462715.shtml HTTP/1.1" 301 0 "-" "Mozilla/5.0 AppleWebKit/537.36 (KHTML, like Gecko; compatible; bingbot/2.0; +http://www.bing.com/bingbot.htm) Chrome/116.0.1938.76 Safari/537.36"
162.213.251.208 - - [15/Nov/2024:19:50:04 -0500] "POST /wp-admin/admin-ajax.php?action=async_litespeed&nonce=LitRVB7YQoPJxCMIhGw7k3XMiEzZ04xo&litespeed_type=imgoptm HTTP/1.1" 200 0 "-" "WordPress/6.7; https://carschronicle.com"
162.213.251.208 - - [15/Nov/2024:19:51:22 -0500] "POST /wp-cron.php?doing_wp_cron=1731718282.8314170837402343750000 HTTP/1.1" 200 0 "-" "WordPress/6.7; https://carschronicle.com"
157.55.39.9 - - [15/Nov/2024:19:51:22 -0500] "GET /66345384918.shtml HTTP/1.1" 301 0 "-" "Mozilla/5.0 AppleWebKit/537.36 (KHTML, like Gecko; compatible; bingbot/2.0; +http://www.bing.com/bingbot.htm) Chrome/116.0.1938.76 Safari/537.36"
162.213.251.208 - - [15/Nov/2024:19:51:24 -0500] "POST /wp-admin/admin-ajax.php?action=async_litespeed&nonce=IhRCbKZ9xccseHfYAFeOVpMsJ0QrOtfH&litespeed_type=imgoptm HTTP/1.1" 200 0 "-" "WordPress/6.7; https://carschronicle.com"
157.55.39.194 - - [15/Nov/2024:19:51:31 -0500] "GET /63356455512.shtml HTTP/1.1" 301 0 "-" "Mozilla/5.0 AppleWebKit/537.36 (KHTML, like Gecko; compatible; bingbot/2.0; +http://www.bing.com/bingbot.htm) Chrome/116.0.1938.76 Safari/537.36"
157.55.39.54 - - [15/Nov/2024:19:53:01 -0500] "GET /51051198701.shtml HTTP/1.1" 301 0 "-" "Mozilla/5.0 AppleWebKit/537.36 (KHTML, like Gecko; compatible; bingbot/2.0; +http://www.bing.com/bingbot.htm) Chrome/116.0.1938.76 Safari/537.36"
162.213.251.208 - - [15/Nov/2024:19:53:15 -0500] "POST /wp-cron.php?doing_wp_cron=1731718395.1246430873870849609375 HTTP/1.1" 200 0 "-" "WordPress/6.7; https://carschronicle.com"
157.55.39.194 - - [15/Nov/2024:19:53:06 -0500] "GET /35336603226.shtml HTTP/1.1" 301 0 "-" "Mozilla/5.0 AppleWebKit/537.36 (KHTML, like Gecko; compatible; bingbot/2.0; +http://www.bing.com/bingbot.htm) Chrome/116.0.1938.76 Safari/537.36"
162.213.251.208 - - [15/Nov/2024:19:53:17 -0500] "POST /wp-admin/admin-ajax.php?action=async_litespeed&nonce=t4PnLT7MYjcUZ1qm6bZ5MJNaC7EcvsRr&litespeed_type=imgoptm HTTP/1.1" 200 0 "-" "WordPress/6.7; https://carschronicle.com"
162.213.251.208 - - [15/Nov/2024:19:59:49 -0500] "POST /wp-cron.php?doing_wp_cron=1731718789.4987530708312988281250 HTTP/1.1" 200 0 "-" "WordPress/6.7; https://carschronicle.com"
157.55.39.10 - - [15/Nov/2024:19:59:35 -0500] "GET /101558337982.shtml HTTP/1.1" 301 0 "-" "Mozilla/5.0 AppleWebKit/537.36 (KHTML, like Gecko; compatible; bingbot/2.0; +http://www.bing.com/bingbot.htm) Chrome/116.0.1938.76 Safari/537.36"
162.213.251.208 - - [15/Nov/2024:19:59:51 -0500] "POST /wp-admin/admin-ajax.php?action=async_litespeed&nonce=gIRnoMEqkA40ua1n6UuNR7Fn2LYEjnzs&litespeed_type=imgoptm HTTP/1.1" 200 0 "-" "WordPress/6.7; https://carschronicle.com"
216.244.66.234 - - [15/Nov/2024:20:00:05 -0500] "GET /robots.txt HTTP/1.1" 200 270 "-" "Mozilla/5.0 (compatible; DotBot/1.2; +https://opensiteexplorer.org/dotbot; help@moz.com)"
162.213.251.208 - - [15/Nov/2024:20:01:10 -0500] "POST /wp-cron.php?doing_wp_cron=1731718870.1362419128417968750000 HTTP/1.1" 200 0 "-" "WordPress/6.7; https://carschronicle.com"
54.36.148.67 - - [15/Nov/2024:20:01:08 -0500] "GET /2017/11/06/the-coast-guards-floating-guantanamos/ HTTP/1.1" 404 13921 "-" "Mozilla/5.0 (compatible; AhrefsBot/7.0; +http://ahrefs.com/robot/)"
162.213.251.208 - - [15/Nov/2024:20:01:13 -0500] "POST /wp-admin/admin-ajax.php?action=async_litespeed&nonce=H2I6MyA98OjzymQq1a5KHgwiZ0PFbF9b&litespeed_type=imgoptm HTTP/1.1" 200 0 "-" "WordPress/6.7; https://carschronicle.com"
52.167.144.56 - - [15/Nov/2024:20:08:45 -0500] "GET /robots.txt HTTP/1.1" 200 270 "-" "Mozilla/5.0 AppleWebKit/537.36 (KHTML, like Gecko; compatible; bingbot/2.0; +http://www.bing.com/bingbot.htm) Chrome/116.0.1938.76 Safari/537.36"
157.55.39.196 - - [15/Nov/2024:20:08:52 -0500] "GET /wp-content/uploads/2017/11/post-37-copyright-1536x1024.jpg HTTP/1.1" 200 457128 "-" "Mozilla/5.0 AppleWebKit/537.36 (KHTML, like Gecko; compatible; bingbot/2.0; +http://www.bing.com/bingbot.htm) Chrome/116.0.1938.76 Safari/537.36"
157.55.39.16 - - [15/Nov/2024:20:11:24 -0500] "GET /19142183608.shtml HTTP/1.1" 301 0 "-" "Mozilla/5.0 AppleWebKit/537.36 (KHTML, like Gecko; compatible; bingbot/2.0; +http://www.bing.com/bingbot.htm) Chrome/116.0.1938.76 Safari/537.36"
134.209.191.52 - - [15/Nov/2024:20:12:25 -0500] "GET / HTTP/1.1" 200 22149 "-" "Mozilla/5.0 (X11; Linux x86_64) AppleWebKit/537.36 (KHTML, like Gecko) Chrome/129.0.0.0 Safari/537.36"
134.209.191.52 - - [15/Nov/2024:20:12:29 -0500] "GET /wp-content/uploads/2023/11/cropped-Logo-Circle-32x32.png HTTP/1.1" 200 630 "https://carschronicle.com/" "Mozilla/5.0 (X11; Linux x86_64) AppleWebKit/537.36 (KHTML, like Gecko) Chrome/129.0.0.0 Safari/537.36"
162.213.251.208 - - [15/Nov/2024:20:16:36 -0500] "POST /wp-cron.php?doing_wp_cron=1731719795.9834361076354980468750 HTTP/1.1" 200 0 "-" "WordPress/6.7; https://carschronicle.com"
195.2.76.117 - - [15/Nov/2024:20:16:24 -0500] "GET /2017/07/30/democracy-is-over-lets-embrace-the-fairy-tale/ HTTP/1.0" 404 71670 "https://carschronicle.com/2017/07/30/democracy-is-over-lets-embrace-the-fairy-tale/" "Mozilla/5.0 (Windows NT 10.0.0; Win64; x64; ) AppleWebKit/537.36 (KHTML, like Gecko) Chrome/124.0.6367.63 Chrome/124.0.6367.63 Not-A.Brand/99  Safari/537.36"
162.213.251.208 - - [15/Nov/2024:20:16:37 -0500] "POST /wp-admin/admin-ajax.php?action=async_litespeed&nonce=bfIQ5we2Ech3m3tP9iEtnW8eKR5uHFVU&litespeed_type=imgoptm HTTP/1.1" 200 0 "-" "WordPress/6.7; https://carschronicle.com"
195.2.76.117 - - [15/Nov/2024:20:16:38 -0500] "GET /contacts/ HTTP/1.0" 200 79376 "https://carschronicle.com/contacts/" "Mozilla/5.0 (Windows NT 10.0.0; Win64; x64; ) AppleWebKit/537.36 (KHTML, like Gecko) Chrome/124.0.6367.63 Chrome/124.0.6367.63 Not-A.Brand/99  Safari/537.36"
195.2.76.117 - - [15/Nov/2024:20:16:52 -0500] "POST /contacts/ HTTP/1.0" 200 79693 "https://carschronicle.com/contacts/" "Mozilla/5.0 (Windows NT 10.0.0; Win64; x64; ) AppleWebKit/537.36 (KHTML, like Gecko) Chrome/124.0.6367.63 Chrome/124.0.6367.63 Not-A.Brand/99  Safari/537.36"
162.213.251.208 - - [15/Nov/2024:20:18:51 -0500] "POST /wp-cron.php?doing_wp_cron=1731719931.5153760910034179687500 HTTP/1.1" 200 0 "-" "WordPress/6.7; https://carschronicle.com"
207.46.13.141 - - [15/Nov/2024:20:18:43 -0500] "GET /97226160001.shtml HTTP/1.1" 301 0 "-" "Mozilla/5.0 AppleWebKit/537.36 (KHTML, like Gecko; compatible; bingbot/2.0; +http://www.bing.com/bingbot.htm) Chrome/116.0.1938.76 Safari/537.36"
162.213.251.208 - - [15/Nov/2024:20:18:52 -0500] "POST /wp-admin/admin-ajax.php?action=async_litespeed&nonce=mjLQwgBNLNEwM3jv0MXHkKJw4cublhyR&litespeed_type=imgoptm HTTP/1.1" 200 0 "-" "WordPress/6.7; https://carschronicle.com"
162.213.251.208 - - [15/Nov/2024:20:19:47 -0500] "POST /wp-cron.php?doing_wp_cron=1731719986.9602580070495605468750 HTTP/1.1" 200 0 "-" "WordPress/6.7; https://carschronicle.com"
207.46.13.124 - - [15/Nov/2024:20:19:45 -0500] "GET /69405506737.shtml HTTP/1.1" 301 0 "-" "Mozilla/5.0 AppleWebKit/537.36 (KHTML, like Gecko; compatible; bingbot/2.0; +http://www.bing.com/bingbot.htm) Chrome/116.0.1938.76 Safari/537.36"
162.213.251.208 - - [15/Nov/2024:20:19:49 -0500] "POST /wp-admin/admin-ajax.php?action=async_litespeed&nonce=Cw1cE7cwNfwhpMiUODTdi45Lcx5SrQBT&litespeed_type=imgoptm HTTP/1.1" 200 0 "-" "WordPress/6.7; https://carschronicle.com"
162.213.251.208 - - [15/Nov/2024:20:20:24 -0500] "POST /wp-cron.php?doing_wp_cron=1731720024.8441379070281982421875 HTTP/1.1" 200 0 "-" "WordPress/6.7; https://carschronicle.com"
207.46.13.141 - - [15/Nov/2024:20:20:23 -0500] "GET /53231386615.shtml HTTP/1.1" 301 0 "-" "Mozilla/5.0 AppleWebKit/537.36 (KHTML, like Gecko; compatible; bingbot/2.0; +http://www.bing.com/bingbot.htm) Chrome/116.0.1938.76 Safari/537.36"
162.213.251.208 - - [15/Nov/2024:20:20:26 -0500] "POST /wp-admin/admin-ajax.php?action=async_litespeed&nonce=F9F0DGJjdXM09F15VJXJVB8L2hIDpWCw&litespeed_type=imgoptm HTTP/1.1" 200 0 "-" "WordPress/6.7; https://carschronicle.com"
157.55.39.10 - - [15/Nov/2024:20:20:27 -0500] "GET /62520289611.shtml HTTP/1.1" 301 0 "-" "Mozilla/5.0 AppleWebKit/537.36 (KHTML, like Gecko; compatible; bingbot/2.0; +http://www.bing.com/bingbot.htm) Chrome/116.0.1938.76 Safari/537.36"
207.46.13.141 - - [15/Nov/2024:20:20:53 -0500] "GET /87629024510.shtml HTTP/1.1" 301 0 "-" "Mozilla/5.0 AppleWebKit/537.36 (KHTML, like Gecko; compatible; bingbot/2.0; +http://www.bing.com/bingbot.htm) Chrome/116.0.1938.76 Safari/537.36"
162.213.251.208 - - [15/Nov/2024:20:22:39 -0500] "POST /wp-cron.php?doing_wp_cron=1731720159.2159440517425537109375 HTTP/1.1" 200 0 "-" "WordPress/6.7; https://carschronicle.com"
157.55.39.10 - - [15/Nov/2024:20:22:33 -0500] "GET /95143339955.shtml HTTP/1.1" 301 0 "-" "Mozilla/5.0 AppleWebKit/537.36 (KHTML, like Gecko; compatible; bingbot/2.0; +http://www.bing.com/bingbot.htm) Chrome/116.0.1938.76 Safari/537.36"
207.46.13.124 - - [15/Nov/2024:20:22:38 -0500] "GET /34437305517.shtml HTTP/1.1" 301 0 "-" "Mozilla/5.0 AppleWebKit/537.36 (KHTML, like Gecko; compatible; bingbot/2.0; +http://www.bing.com/bingbot.htm) Chrome/116.0.1938.76 Safari/537.36"
162.213.251.208 - - [15/Nov/2024:20:22:40 -0500] "POST /wp-admin/admin-ajax.php?action=async_litespeed&nonce=Kuxdq8IycLl3T1rZHJ9iNWIosnwKSBfy&litespeed_type=imgoptm HTTP/1.1" 200 0 "-" "WordPress/6.7; https://carschronicle.com"
20.42.223.37 - - [15/Nov/2024:20:25:59 -0500] "HEAD /wordpress HTTP/1.1" 404 0 "http://carschronicle.com/wordpress" "Mozilla/5.0 (Windows NT 10.0; Win64; x64) AppleWebKit/537.36 (KHTML, like Gecko) Chrome/74.0.3729.169 Safari/537.36"
162.213.251.208 - - [15/Nov/2024:20:26:00 -0500] "POST /wp-cron.php?doing_wp_cron=1731720359.9708080291748046875000 HTTP/1.1" 200 0 "-" "WordPress/6.7; https://carschronicle.com"
52.237.201.21 - - [15/Nov/2024:20:25:59 -0500] "HEAD /wordpress HTTP/1.1" 404 0 "http://carschronicle.com/wordpress" "Mozilla/5.0 (Windows NT 10.0; Win64; x64) AppleWebKit/537.36 (KHTML, like Gecko) Chrome/74.0.3729.169 Safari/537.36"
20.42.223.37 - - [15/Nov/2024:20:26:00 -0500] "HEAD / HTTP/1.1" 200 0 "http://carschronicle.com/" "Mozilla/5.0 (Windows NT 10.0; Win64; x64) AppleWebKit/537.36 (KHTML, like Gecko) Chrome/74.0.3729.169 Safari/537.36"
52.237.201.21 - - [15/Nov/2024:20:26:01 -0500] "HEAD / HTTP/1.1" 200 0 "http://carschronicle.com/" "Mozilla/5.0 (Windows NT 10.0; Win64; x64) AppleWebKit/537.36 (KHTML, like Gecko) Chrome/74.0.3729.169 Safari/537.36"
20.42.223.37 - - [15/Nov/2024:20:26:01 -0500] "HEAD /wp HTTP/1.1" 404 0 "http://carschronicle.com/wp" "Mozilla/5.0 (Windows NT 10.0; Win64; x64) AppleWebKit/537.36 (KHTML, like Gecko) Chrome/74.0.3729.169 Safari/537.36"
52.237.201.21 - - [15/Nov/2024:20:26:01 -0500] "HEAD /wp HTTP/1.1" 404 0 "http://carschronicle.com/wp" "Mozilla/5.0 (Windows NT 10.0; Win64; x64) AppleWebKit/537.36 (KHTML, like Gecko) Chrome/74.0.3729.169 Safari/537.36"
20.42.223.37 - - [15/Nov/2024:20:26:03 -0500] "HEAD /bc HTTP/1.1" 404 0 "http://carschronicle.com/bc" "Mozilla/5.0 (Windows NT 10.0; Win64; x64) AppleWebKit/537.36 (KHTML, like Gecko) Chrome/74.0.3729.169 Safari/537.36"
52.237.201.21 - - [15/Nov/2024:20:26:03 -0500] "HEAD /bc HTTP/1.1" 404 0 "http://carschronicle.com/bc" "Mozilla/5.0 (Windows NT 10.0; Win64; x64) AppleWebKit/537.36 (KHTML, like Gecko) Chrome/74.0.3729.169 Safari/537.36"
52.237.201.21 - - [15/Nov/2024:20:26:04 -0500] "HEAD /bk HTTP/1.1" 404 0 "http://carschronicle.com/bk" "Mozilla/5.0 (Windows NT 10.0; Win64; x64) AppleWebKit/537.36 (KHTML, like Gecko) Chrome/74.0.3729.169 Safari/537.36"
20.42.223.37 - - [15/Nov/2024:20:26:04 -0500] "HEAD /bk HTTP/1.1" 404 0 "http://carschronicle.com/bk" "Mozilla/5.0 (Windows NT 10.0; Win64; x64) AppleWebKit/537.36 (KHTML, like Gecko) Chrome/74.0.3729.169 Safari/537.36"
52.237.201.21 - - [15/Nov/2024:20:26:05 -0500] "HEAD /backup HTTP/1.1" 404 0 "http://carschronicle.com/backup" "Mozilla/5.0 (Windows NT 10.0; Win64; x64) AppleWebKit/537.36 (KHTML, like Gecko) Chrome/74.0.3729.169 Safari/537.36"
20.42.223.37 - - [15/Nov/2024:20:26:06 -0500] "HEAD /backup HTTP/1.1" 404 0 "http://carschronicle.com/backup" "Mozilla/5.0 (Windows NT 10.0; Win64; x64) AppleWebKit/537.36 (KHTML, like Gecko) Chrome/74.0.3729.169 Safari/537.36"
52.237.201.21 - - [15/Nov/2024:20:26:06 -0500] "HEAD /old HTTP/1.1" 404 0 "http://carschronicle.com/old" "Mozilla/5.0 (Windows NT 10.0; Win64; x64) AppleWebKit/537.36 (KHTML, like Gecko) Chrome/74.0.3729.169 Safari/537.36"
20.42.223.37 - - [15/Nov/2024:20:26:08 -0500] "HEAD /old HTTP/1.1" 404 0 "http://carschronicle.com/old" "Mozilla/5.0 (Windows NT 10.0; Win64; x64) AppleWebKit/537.36 (KHTML, like Gecko) Chrome/74.0.3729.169 Safari/537.36"
52.237.201.21 - - [15/Nov/2024:20:26:08 -0500] "HEAD /new HTTP/1.1" 404 0 "http://carschronicle.com/new" "Mozilla/5.0 (Windows NT 10.0; Win64; x64) AppleWebKit/537.36 (KHTML, like Gecko) Chrome/74.0.3729.169 Safari/537.36"
162.213.251.208 - - [15/Nov/2024:20:26:10 -0500] "POST /wp-cron.php?doing_wp_cron=1731720370.9733450412750244140625 HTTP/1.1" 200 0 "-" "WordPress/6.7; https://carschronicle.com"
20.42.223.37 - - [15/Nov/2024:20:26:09 -0500] "HEAD /new HTTP/1.1" 404 0 "http://carschronicle.com/new" "Mozilla/5.0 (Windows NT 10.0; Win64; x64) AppleWebKit/537.36 (KHTML, like Gecko) Chrome/74.0.3729.169 Safari/537.36"
52.237.201.21 - - [15/Nov/2024:20:26:10 -0500] "HEAD /main HTTP/1.1" 404 0 "http://carschronicle.com/main" "Mozilla/5.0 (Windows NT 10.0; Win64; x64) AppleWebKit/537.36 (KHTML, like Gecko) Chrome/74.0.3729.169 Safari/537.36"
52.237.201.21 - - [15/Nov/2024:20:26:11 -0500] "HEAD /home HTTP/1.1" 301 0 "http://carschronicle.com/home" "Mozilla/5.0 (Windows NT 10.0; Win64; x64) AppleWebKit/537.36 (KHTML, like Gecko) Chrome/74.0.3729.169 Safari/537.36"
52.237.201.21 - - [15/Nov/2024:20:26:12 -0500] "HEAD / HTTP/1.1" 200 0 "https://carschronicle.com/home" "Mozilla/5.0 (Windows NT 10.0; Win64; x64) AppleWebKit/537.36 (KHTML, like Gecko) Chrome/74.0.3729.169 Safari/537.36"
162.213.251.208 - - [15/Nov/2024:20:26:11 -0500] "POST /wp-admin/admin-ajax.php?action=async_litespeed&nonce=60K0PyOApFuuX5nKjYn25aU8q9Y23rS1&litespeed_type=imgoptm HTTP/1.1" 200 21 "-" "WordPress/6.7; https://carschronicle.com"
20.42.223.37 - - [15/Nov/2024:20:26:11 -0500] "HEAD /main HTTP/1.1" 404 0 "http://carschronicle.com/main" "Mozilla/5.0 (Windows NT 10.0; Win64; x64) AppleWebKit/537.36 (KHTML, like Gecko) Chrome/74.0.3729.169 Safari/537.36"
20.42.223.37 - - [15/Nov/2024:20:26:13 -0500] "HEAD /home HTTP/1.1" 301 0 "http://carschronicle.com/home" "Mozilla/5.0 (Windows NT 10.0; Win64; x64) AppleWebKit/537.36 (KHTML, like Gecko) Chrome/74.0.3729.169 Safari/537.36"
20.42.223.37 - - [15/Nov/2024:20:26:13 -0500] "HEAD / HTTP/1.1" 200 0 "https://carschronicle.com/home" "Mozilla/5.0 (Windows NT 10.0; Win64; x64) AppleWebKit/537.36 (KHTML, like Gecko) Chrome/74.0.3729.169 Safari/537.36"
162.213.251.208 - - [15/Nov/2024:20:25:38 -0500] "POST /wp-cron.php?doing_wp_cron=1731720338.8515610694885253906250 HTTP/1.1" 200 0 "-" "WordPress/6.7; https://carschronicle.com"
162.213.251.208 - - [15/Nov/2024:20:25:40 -0500] "POST /wp-admin/admin-ajax.php?action=async_litespeed&nonce=8EuVaMxrh2FqSv0eEkdpMVy4KkBIC1Xk&litespeed_type=imgoptm HTTP/1.1" 200 0 "-" "WordPress/6.7; https://carschronicle.com"
207.46.13.51 - - [15/Nov/2024:20:25:26 -0500] "GET /51591009556.shtml HTTP/1.1" 404 13907 "-" "Mozilla/5.0 AppleWebKit/537.36 (KHTML, like Gecko; compatible; bingbot/2.0; +http://www.bing.com/bingbot.htm) Chrome/116.0.1938.76 Safari/537.36"
162.213.251.208 - - [15/Nov/2024:20:28:23 -0500] "POST /wp-cron.php?doing_wp_cron=1731720503.6699678897857666015625 HTTP/1.1" 200 0 "-" "WordPress/6.7; https://carschronicle.com"
54.36.148.208 - - [15/Nov/2024:20:28:17 -0500] "GET /2017/03/28/want-the-upper-hand-ask-the-dumb-questions-2/ HTTP/1.1" 404 13908 "-" "Mozilla/5.0 (compatible; AhrefsBot/7.0; +http://ahrefs.com/robot/)"
162.213.251.208 - - [15/Nov/2024:20:28:24 -0500] "POST /wp-admin/admin-ajax.php?action=async_litespeed&nonce=Go2BUiR7FZKV4Dfsd4HRVFRRqsFCdaKn&litespeed_type=imgoptm HTTP/1.1" 200 0 "-" "WordPress/6.7; https://carschronicle.com"
162.213.251.208 - - [15/Nov/2024:20:31:26 -0500] "POST /wp-cron.php?doing_wp_cron=1731720686.3105540275573730468750 HTTP/1.1" 200 0 "-" "WordPress/6.7; https://carschronicle.com"
207.46.13.157 - - [15/Nov/2024:20:31:18 -0500] "GET /70004915862.shtml HTTP/1.1" 301 0 "-" "Mozilla/5.0 AppleWebKit/537.36 (KHTML, like Gecko; compatible; bingbot/2.0; +http://www.bing.com/bingbot.htm) Chrome/116.0.1938.76 Safari/537.36"
162.213.251.208 - - [15/Nov/2024:20:31:27 -0500] "POST /wp-admin/admin-ajax.php?action=async_litespeed&nonce=RikHOCIkk9wdDdU3qkghDIqfGcXGCqBe&litespeed_type=imgoptm HTTP/1.1" 200 0 "-" "WordPress/6.7; https://carschronicle.com"
207.46.13.157 - - [15/Nov/2024:20:31:28 -0500] "GET /75984076417.shtml HTTP/1.1" 301 0 "-" "Mozilla/5.0 AppleWebKit/537.36 (KHTML, like Gecko; compatible; bingbot/2.0; +http://www.bing.com/bingbot.htm) Chrome/116.0.1938.76 Safari/537.36"
162.213.251.208 - - [15/Nov/2024:20:33:24 -0500] "POST /wp-cron.php?doing_wp_cron=1731720804.5956881046295166015625 HTTP/1.1" 200 0 "-" "WordPress/6.7; https://carschronicle.com"
207.46.13.157 - - [15/Nov/2024:20:33:20 -0500] "GET /75392965437.shtml HTTP/1.1" 301 0 "-" "Mozilla/5.0 AppleWebKit/537.36 (KHTML, like Gecko; compatible; bingbot/2.0; +http://www.bing.com/bingbot.htm) Chrome/116.0.1938.76 Safari/537.36"
162.213.251.208 - - [15/Nov/2024:20:33:25 -0500] "POST /wp-admin/admin-ajax.php?action=async_litespeed&nonce=8LwalHr12qzmfENC8ykTKYfLaODqXB3X&litespeed_type=imgoptm HTTP/1.1" 200 0 "-" "WordPress/6.7; https://carschronicle.com"
162.213.251.208 - - [15/Nov/2024:20:37:43 -0500] "POST /wp-cron.php?doing_wp_cron=1731721063.5346291065216064453125 HTTP/1.1" 200 0 "-" "WordPress/6.7; https://carschronicle.com"
207.46.13.157 - - [15/Nov/2024:20:37:29 -0500] "GET /30639675921.shtml HTTP/1.1" 301 0 "-" "Mozilla/5.0 AppleWebKit/537.36 (KHTML, like Gecko; compatible; bingbot/2.0; +http://www.bing.com/bingbot.htm) Chrome/116.0.1938.76 Safari/537.36"
162.213.251.208 - - [15/Nov/2024:20:37:45 -0500] "POST /wp-admin/admin-ajax.php?action=async_litespeed&nonce=c0LydkB0nrtYDZTMmOfEjVCaNTSQsotf&litespeed_type=imgoptm HTTP/1.1" 200 0 "-" "WordPress/6.7; https://carschronicle.com"
162.213.251.208 - - [15/Nov/2024:20:41:07 -0500] "POST /wp-cron.php?doing_wp_cron=1731721267.1553280353546142578125 HTTP/1.1" 200 0 "-" "WordPress/6.7; https://carschronicle.com"
157.55.39.7 - - [15/Nov/2024:20:41:05 -0500] "GET /74355757003.shtml HTTP/1.1" 404 13917 "-" "Mozilla/5.0 AppleWebKit/537.36 (KHTML, like Gecko; compatible; bingbot/2.0; +http://www.bing.com/bingbot.htm) Chrome/116.0.1938.76 Safari/537.36"
216.244.66.234 - - [15/Nov/2024:20:39:45 -0500] "GET /wp-content/uploads/2017/11/2-copyright.jpg HTTP/1.1" 200 50154 "-" "Mozilla/5.0 (compatible; DotBot/1.2; +https://opensiteexplorer.org/dotbot; help@moz.com)"
162.213.251.208 - - [15/Nov/2024:20:40:19 -0500] "POST /wp-cron.php?doing_wp_cron=1731721219.4199941158294677734375 HTTP/1.1" 200 0 "-" "WordPress/6.7; https://carschronicle.com"
157.55.39.204 - - [15/Nov/2024:20:40:10 -0500] "GET /27829394856.shtml HTTP/1.1" 301 0 "-" "Mozilla/5.0 AppleWebKit/537.36 (KHTML, like Gecko; compatible; bingbot/2.0; +http://www.bing.com/bingbot.htm) Chrome/116.0.1938.76 Safari/537.36"
162.213.251.208 - - [15/Nov/2024:20:40:20 -0500] "POST /wp-admin/admin-ajax.php?action=async_litespeed&nonce=PemAr9yDgWNM5b0tJka4atUwYtnngC3y&litespeed_type=imgoptm HTTP/1.1" 200 0 "-" "WordPress/6.7; https://carschronicle.com"
217.196.107.80 - - [15/Nov/2024:20:45:16 -0500] "GET / HTTP/1.1" 200 22149 "-" "Mozilla/5.0 (Windows NT 6.1; Win64; x64; rv:47.0) Gecko/20100101 Firefox/47.0"
162.213.251.208 - - [15/Nov/2024:20:45:37 -0500] "POST /wp-cron.php?doing_wp_cron=1731721537.0259549617767333984375 HTTP/1.1" 200 0 "-" "WordPress/6.7; https://carschronicle.com"
157.55.39.204 - - [15/Nov/2024:20:45:33 -0500] "GET /27979489611.shtml HTTP/1.1" 301 0 "-" "Mozilla/5.0 AppleWebKit/537.36 (KHTML, like Gecko; compatible; bingbot/2.0; +http://www.bing.com/bingbot.htm) Chrome/116.0.1938.76 Safari/537.36"
217.196.107.80 - - [15/Nov/2024:20:45:27 -0500] "POST /wp-json/trx_addons/v2/get/sc_layout HTTP/1.1" 404 114 "https://carschronicle.com/" "Mozilla/5.0 (Windows NT 6.1; Win64; x64; rv:47.0) Gecko/20100101 Firefox/47.0"
162.213.251.208 - - [15/Nov/2024:20:45:38 -0500] "POST /wp-admin/admin-ajax.php?action=async_litespeed&nonce=KCJDvMFZD7ORhuw4xZoKNtkUvYQmdnxN&litespeed_type=imgoptm HTTP/1.1" 200 0 "-" "WordPress/6.7; https://carschronicle.com"
157.55.39.7 - - [15/Nov/2024:20:45:48 -0500] "GET /84027616853.shtml HTTP/1.1" 301 0 "-" "Mozilla/5.0 AppleWebKit/537.36 (KHTML, like Gecko; compatible; bingbot/2.0; +http://www.bing.com/bingbot.htm) Chrome/116.0.1938.76 Safari/537.36"
157.55.39.7 - - [15/Nov/2024:20:45:50 -0500] "GET /25968294186.shtml HTTP/1.1" 301 0 "-" "Mozilla/5.0 AppleWebKit/537.36 (KHTML, like Gecko; compatible; bingbot/2.0; +http://www.bing.com/bingbot.htm) Chrome/116.0.1938.76 Safari/537.36"
66.249.79.33 - - [15/Nov/2024:20:49:36 -0500] "GET /robots.txt HTTP/1.1" 200 270 "-" "Mozilla/5.0 (compatible; Googlebot/2.1; +http://www.google.com/bot.html)"
103.131.71.47 - - [15/Nov/2024:20:50:30 -0500] "GET /robots.txt HTTP/1.1" 200 270 "-" "Mozilla/5.0 (compatible; coccocbot-image/1.0; +http://help.coccoc.com/searchengine)"
103.131.71.18 - - [15/Nov/2024:20:50:33 -0500] "GET /wp-content/uploads/2017/12/lightning.png HTTP/1.1" 304 0 "-" "Mozilla/5.0 (compatible; coccocbot-image/1.0; +http://help.coccoc.com/searchengine)"
54.36.148.123 - - [15/Nov/2024:20:53:31 -0500] "GET /all-posts/ HTTP/1.1" 200 16564 "-" "Mozilla/5.0 (compatible; AhrefsBot/7.0; +http://ahrefs.com/robot/)"
162.213.251.208 - - [15/Nov/2024:20:54:37 -0500] "POST /wp-cron.php?doing_wp_cron=1731722077.2254669666290283203125 HTTP/1.1" 200 0 "-" "WordPress/6.7; https://carschronicle.com"
157.55.39.197 - - [15/Nov/2024:20:54:24 -0500] "GET /49646076201.shtml HTTP/1.1" 404 13909 "-" "Mozilla/5.0 AppleWebKit/537.36 (KHTML, like Gecko; compatible; bingbot/2.0; +http://www.bing.com/bingbot.htm) Chrome/116.0.1938.76 Safari/537.36"
162.213.251.208 - - [15/Nov/2024:20:54:39 -0500] "POST /wp-admin/admin-ajax.php?action=async_litespeed&nonce=JKfKBe21lYA32oLlSQrKQe7SegVJbxOY&litespeed_type=imgoptm HTTP/1.1" 200 0 "-" "WordPress/6.7; https://carschronicle.com"
162.213.251.208 - - [15/Nov/2024:20:55:36 -0500] "POST /wp-cron.php?doing_wp_cron=1731722135.8708789348602294921875 HTTP/1.1" 200 0 "-" "WordPress/6.7; https://carschronicle.com"
142.171.160.208 - - [15/Nov/2024:20:55:33 -0500] "POST /xmlrpc.php HTTP/1.1" 200 212 "-" "Mozilla/5.0 (Windows NT 10.0; Win64; x64; rv:51.0) Gecko/20100101 Firefox/51.0"
162.213.251.208 - - [15/Nov/2024:20:55:37 -0500] "POST /wp-admin/admin-ajax.php?action=async_litespeed&nonce=yIsjmKiyBZOLSsHDFtSWjd6puAFxrLFQ&litespeed_type=imgoptm HTTP/1.1" 200 0 "-" "WordPress/6.7; https://carschronicle.com"
162.213.251.208 - - [15/Nov/2024:20:59:27 -0500] "POST /wp-cron.php?doing_wp_cron=1731722367.0763399600982666015625 HTTP/1.1" 200 0 "-" "WordPress/6.7; https://carschronicle.com"
172.58.166.192 - - [15/Nov/2024:20:59:07 -0500] "GET /wp-json/wp/v2/users HTTP/1.1" 200 0 "-" "Mozilla/5.0 (iPhone; CPU iPhone OS 17_1 like Mac OS X) AppleWebKit/605.1.15 (KHTML, like Gecko) EdgiOS/121.0.2277.107 Version/17.0 Mobile/15E148 Safari/604.1"
162.213.251.208 - - [15/Nov/2024:20:59:29 -0500] "POST /wp-admin/admin-ajax.php?action=async_litespeed&nonce=IK1qNAyIlC81dRF3qQkcMBO7DC1MNFrk&litespeed_type=imgoptm HTTP/1.1" 200 0 "-" "WordPress/6.7; https://carschronicle.com"
162.213.251.208 - - [15/Nov/2024:21:00:18 -0500] "POST /wp-cron.php?doing_wp_cron=1731722418.3006379604339599609375 HTTP/1.1" 200 0 "-" "WordPress/6.7; https://carschronicle.com"
207.46.13.54 - - [15/Nov/2024:21:00:17 -0500] "GET /91949604384.shtml HTTP/1.1" 301 0 "-" "Mozilla/5.0 AppleWebKit/537.36 (KHTML, like Gecko; compatible; bingbot/2.0; +http://www.bing.com/bingbot.htm) Chrome/116.0.1938.76 Safari/537.36"
162.213.251.208 - - [15/Nov/2024:21:00:21 -0500] "POST /wp-admin/admin-ajax.php?action=async_litespeed&nonce=maZgf0SYtoCEoRi7PYESCybkoIrQrxO4&litespeed_type=imgoptm HTTP/1.1" 200 0 "-" "WordPress/6.7; https://carschronicle.com"
162.213.251.208 - - [15/Nov/2024:21:01:00 -0500] "POST /wp-cron.php?doing_wp_cron=1731722460.2369389533996582031250 HTTP/1.1" 200 0 "-" "WordPress/6.7; https://carschronicle.com"
207.46.13.157 - - [15/Nov/2024:21:00:59 -0500] "GET /101267565822.shtml HTTP/1.1" 301 0 "-" "Mozilla/5.0 AppleWebKit/537.36 (KHTML, like Gecko; compatible; bingbot/2.0; +http://www.bing.com/bingbot.htm) Chrome/116.0.1938.76 Safari/537.36"
162.213.251.208 - - [15/Nov/2024:21:01:58 -0500] "POST /wp-cron.php?doing_wp_cron=1731722518.8187689781188964843750 HTTP/1.1" 200 0 "-" "WordPress/6.7; https://carschronicle.com"
207.46.13.54 - - [15/Nov/2024:21:01:57 -0500] "GET /25755587630.shtml HTTP/1.1" 301 0 "-" "Mozilla/5.0 AppleWebKit/537.36 (KHTML, like Gecko; compatible; bingbot/2.0; +http://www.bing.com/bingbot.htm) Chrome/116.0.1938.76 Safari/537.36"
162.213.251.208 - - [15/Nov/2024:21:02:00 -0500] "POST /wp-admin/admin-ajax.php?action=async_litespeed&nonce=QiqOLTHJfCtgKTK0VIeNuRL38RHyEOjh&litespeed_type=imgoptm HTTP/1.1" 200 0 "-" "WordPress/6.7; https://carschronicle.com"
162.213.251.208 - - [15/Nov/2024:21:07:36 -0500] "POST /wp-cron.php?doing_wp_cron=1731722855.4883909225463867187500 HTTP/1.1" 200 0 "-" "WordPress/6.7; https://carschronicle.com"
157.55.39.201 - - [15/Nov/2024:21:07:17 -0500] "GET /58428314651.shtml HTTP/1.1" 301 0 "-" "Mozilla/5.0 AppleWebKit/537.36 (KHTML, like Gecko; compatible; bingbot/2.0; +http://www.bing.com/bingbot.htm) Chrome/116.0.1938.76 Safari/537.36"
162.213.251.208 - - [15/Nov/2024:21:07:37 -0500] "POST /wp-admin/admin-ajax.php?action=async_litespeed&nonce=F8OBoZuSStyxksRjdRhyQNe2LMIlJz1N&litespeed_type=imgoptm HTTP/1.1" 200 0 "-" "WordPress/6.7; https://carschronicle.com"
162.213.251.208 - - [15/Nov/2024:21:10:15 -0500] "POST /wp-cron.php?doing_wp_cron=1731723015.7475800514221191406250 HTTP/1.1" 200 0 "-" "WordPress/6.7; https://carschronicle.com"
207.46.13.54 - - [15/Nov/2024:21:09:58 -0500] "GET /48983115180.shtml HTTP/1.1" 301 0 "-" "Mozilla/5.0 AppleWebKit/537.36 (KHTML, like Gecko; compatible; bingbot/2.0; +http://www.bing.com/bingbot.htm) Chrome/116.0.1938.76 Safari/537.36"
162.213.251.208 - - [15/Nov/2024:21:10:17 -0500] "POST /wp-admin/admin-ajax.php?action=async_litespeed&nonce=K8nIcGtbLgOTuWlS1aFkmyomdf9MkGEV&litespeed_type=imgoptm HTTP/1.1" 200 0 "-" "WordPress/6.7; https://carschronicle.com"
