157.55.39.204 - - [15/Nov/2024:11:23:24 -0500] "GET /93381990406.shtml HTTP/1.1" 301 0 "-" "Mozilla/5.0 AppleWebKit/537.36 (KHTML, like Gecko; compatible; bingbot/2.0; +http://www.bing.com/bingbot.htm) Chrome/116.0.1938.76 Safari/537.36"
162.213.251.208 - - [15/Nov/2024:11:24:31 -0500] "POST /wp-cron.php?doing_wp_cron=1731687871.2077169418334960937500 HTTP/1.1" 200 0 "-" "WordPress/6.7; https://carschronicle.com"
157.55.39.61 - - [15/Nov/2024:11:24:30 -0500] "GET /40475626660.shtml HTTP/1.1" 301 0 "-" "Mozilla/5.0 AppleWebKit/537.36 (KHTML, like Gecko; compatible; bingbot/2.0; +http://www.bing.com/bingbot.htm) Chrome/116.0.1938.76 Safari/537.36"
162.213.251.208 - - [15/Nov/2024:11:24:32 -0500] "POST /wp-admin/admin-ajax.php?action=async_litespeed&nonce=OJ9S84mvWzPcjdXxpciuZSfxlYaoaFRu&litespeed_type=imgoptm HTTP/1.1" 200 0 "-" "WordPress/6.7; https://carschronicle.com"
162.213.251.208 - - [15/Nov/2024:11:28:55 -0500] "POST /wp-cron.php?doing_wp_cron=1731688135.2030069828033447265625 HTTP/1.1" 200 0 "-" "WordPress/6.7; https://carschronicle.com"
57.141.3.21 - - [15/Nov/2024:11:28:44 -0500] "GET /tag/activity/page/2/ HTTP/1.1" 404 71674 "-" "meta-externalagent/1.1 (+https://developers.facebook.com/docs/sharing/webmasters/crawler)"
162.213.251.208 - - [15/Nov/2024:11:28:56 -0500] "POST /wp-admin/admin-ajax.php?action=async_litespeed&nonce=ZwudNN3KG0kyUfcfCzxNIsyKAyzIYrhP&litespeed_type=imgoptm HTTP/1.1" 200 0 "-" "WordPress/6.7; https://carschronicle.com"
216.244.66.234 - - [15/Nov/2024:11:29:10 -0500] "GET /robots.txt HTTP/1.1" 200 270 "-" "Mozilla/5.0 (compatible; DotBot/1.2; +https://opensiteexplorer.org/dotbot; help@moz.com)"
162.213.251.208 - - [15/Nov/2024:11:29:42 -0500] "POST /wp-cron.php?doing_wp_cron=1731688182.3530740737915039062500 HTTP/1.1" 200 0 "-" "WordPress/6.7; https://carschronicle.com"
157.55.39.201 - - [15/Nov/2024:11:29:41 -0500] "GET /48168360674.shtml HTTP/1.1" 301 0 "-" "Mozilla/5.0 AppleWebKit/537.36 (KHTML, like Gecko; compatible; bingbot/2.0; +http://www.bing.com/bingbot.htm) Chrome/116.0.1938.76 Safari/537.36"
162.213.251.208 - - [15/Nov/2024:11:29:43 -0500] "POST /wp-admin/admin-ajax.php?action=async_litespeed&nonce=ETyc2s8mYq6qsntiqpwByKR4fHauvIYi&litespeed_type=imgoptm HTTP/1.1" 200 21 "-" "WordPress/6.7; https://carschronicle.com"
162.213.251.208 - - [15/Nov/2024:11:31:03 -0500] "POST /wp-cron.php?doing_wp_cron=1731688263.1257109642028808593750 HTTP/1.1" 200 0 "-" "WordPress/6.7; https://carschronicle.com"
157.55.39.201 - - [15/Nov/2024:11:31:02 -0500] "GET /68724494856.shtml HTTP/1.1" 301 0 "-" "Mozilla/5.0 AppleWebKit/537.36 (KHTML, like Gecko; compatible; bingbot/2.0; +http://www.bing.com/bingbot.htm) Chrome/116.0.1938.76 Safari/537.36"
162.213.251.208 - - [15/Nov/2024:11:31:04 -0500] "POST /wp-admin/admin-ajax.php?action=async_litespeed&nonce=AswPIxRV0iXCsGmGggV4Bxi5Ye9SnKT3&litespeed_type=imgoptm HTTP/1.1" 200 0 "-" "WordPress/6.7; https://carschronicle.com"
162.213.251.208 - - [15/Nov/2024:11:33:08 -0500] "POST /wp-cron.php?doing_wp_cron=1731688388.0128660202026367187500 HTTP/1.1" 200 0 "-" "WordPress/6.7; https://carschronicle.com"
157.55.39.201 - - [15/Nov/2024:11:32:55 -0500] "GET /55042466635.shtml HTTP/1.1" 301 0 "-" "Mozilla/5.0 AppleWebKit/537.36 (KHTML, like Gecko; compatible; bingbot/2.0; +http://www.bing.com/bingbot.htm) Chrome/116.0.1938.76 Safari/537.36"
162.213.251.208 - - [15/Nov/2024:11:33:09 -0500] "POST /wp-admin/admin-ajax.php?action=async_litespeed&nonce=ePqqSgSptbjNbjkmAcai5l2JVLGbqHmD&litespeed_type=imgoptm HTTP/1.1" 200 0 "-" "WordPress/6.7; https://carschronicle.com"
162.213.251.208 - - [15/Nov/2024:11:34:27 -0500] "POST /wp-cron.php?doing_wp_cron=1731688467.9516949653625488281250 HTTP/1.1" 200 0 "-" "WordPress/6.7; https://carschronicle.com"
157.55.39.55 - - [15/Nov/2024:11:34:26 -0500] "GET /41517690975.shtml HTTP/1.1" 301 0 "-" "Mozilla/5.0 AppleWebKit/537.36 (KHTML, like Gecko; compatible; bingbot/2.0; +http://www.bing.com/bingbot.htm) Chrome/116.0.1938.76 Safari/537.36"
162.213.251.208 - - [15/Nov/2024:11:34:28 -0500] "POST /wp-admin/admin-ajax.php?action=async_litespeed&nonce=rZGfMiCyXKWQWSc3BP6cx7RDbiuH2D05&litespeed_type=imgoptm HTTP/1.1" 200 0 "-" "WordPress/6.7; https://carschronicle.com"
176.113.115.225 - - [15/Nov/2024:11:35:16 -0500] "GET / HTTP/1.1" 200 112058 "-" "Mozilla/5.0 (Windows NT 10.0; Win64; x64) AppleWebKit/537.36 (KHTML, like Gecko) Chrome/121.0.0.0 Safari/537.36 Edg/121.0.0.0 Herring/95.1.1930.31"
162.213.251.208 - - [15/Nov/2024:11:35:19 -0500] "POST /wp-cron.php?doing_wp_cron=1731688519.6674199104309082031250 HTTP/1.1" 200 0 "-" "WordPress/6.7; https://carschronicle.com"
162.213.251.208 - - [15/Nov/2024:11:35:21 -0500] "POST /wp-admin/admin-ajax.php?action=async_litespeed&nonce=G0Mnxx6599hYfaM6w8e6RY43e8vdWGUd&litespeed_type=imgoptm HTTP/1.1" 200 0 "-" "WordPress/6.7; https://carschronicle.com"
176.113.115.225 - - [15/Nov/2024:11:35:17 -0500] "POST / HTTP/1.1" 200 112695 "-" "Mozilla/5.0 (Windows NT 10.0; Win64; x64) AppleWebKit/537.36 (KHTML, like Gecko) Chrome/121.0.0.0 Safari/537.36 Edg/121.0.0.0 Herring/95.1.1930.31"
176.113.115.225 - - [15/Nov/2024:11:35:24 -0500] "POST /about-me/ HTTP/1.1" 200 81450 "-" "Mozilla/5.0 (Windows NT 10.0; Win64; x64) AppleWebKit/537.36 (KHTML, like Gecko) Chrome/121.0.0.0 Safari/537.36 Edg/121.0.0.0 Herring/95.1.1930.31"
176.113.115.225 - - [15/Nov/2024:11:35:27 -0500] "POST /contacts/ HTTP/1.1" 404 71777 "-" "Mozilla/5.0 (Windows NT 10.0; Win64; x64) AppleWebKit/537.36 (KHTML, like Gecko) Chrome/121.0.0.0 Safari/537.36 Edg/121.0.0.0 Herring/95.1.1930.31"
176.113.115.225 - - [15/Nov/2024:11:35:30 -0500] "POST /all-posts/ HTTP/1.1" 200 91403 "-" "Mozilla/5.0 (Windows NT 10.0; Win64; x64) AppleWebKit/537.36 (KHTML, like Gecko) Chrome/121.0.0.0 Safari/537.36 Edg/121.0.0.0 Herring/95.1.1930.31"
162.213.251.208 - - [15/Nov/2024:11:37:12 -0500] "POST /wp-cron.php?doing_wp_cron=1731688632.2082369327545166015625 HTTP/1.1" 200 0 "-" "WordPress/6.7; https://carschronicle.com"
157.55.39.55 - - [15/Nov/2024:11:36:57 -0500] "GET /39913586517.shtml HTTP/1.1" 301 0 "-" "Mozilla/5.0 AppleWebKit/537.36 (KHTML, like Gecko; compatible; bingbot/2.0; +http://www.bing.com/bingbot.htm) Chrome/116.0.1938.76 Safari/537.36"
162.213.251.208 - - [15/Nov/2024:11:37:15 -0500] "POST /wp-admin/admin-ajax.php?action=async_litespeed&nonce=Eh3LsDWpdETX3IuASvFiIlLWQrpxUEJR&litespeed_type=imgoptm HTTP/1.1" 200 0 "-" "WordPress/6.7; https://carschronicle.com"
162.213.251.208 - - [15/Nov/2024:11:41:03 -0500] "POST /wp-cron.php?doing_wp_cron=1731688863.0640869140625000000000 HTTP/1.1" 200 0 "-" "WordPress/6.7; https://carschronicle.com"
157.55.39.9 - - [15/Nov/2024:11:40:39 -0500] "GET /77942020455.shtml HTTP/1.1" 301 0 "-" "Mozilla/5.0 AppleWebKit/537.36 (KHTML, like Gecko; compatible; bingbot/2.0; +http://www.bing.com/bingbot.htm) Chrome/116.0.1938.76 Safari/537.36"
162.213.251.208 - - [15/Nov/2024:11:41:09 -0500] "POST /wp-admin/admin-ajax.php?action=async_litespeed&nonce=7WmoTgYev75Jd5R9EpLbRfG6l3we4ijc&litespeed_type=imgoptm HTTP/1.1" 200 0 "-" "WordPress/6.7; https://carschronicle.com"
162.213.251.208 - - [15/Nov/2024:11:43:31 -0500] "POST /wp-cron.php?doing_wp_cron=1731689011.8038649559020996093750 HTTP/1.1" 200 0 "-" "WordPress/6.7; https://carschronicle.com"
157.55.39.9 - - [15/Nov/2024:11:43:18 -0500] "GET /62309290557.shtml HTTP/1.1" 301 0 "-" "Mozilla/5.0 AppleWebKit/537.36 (KHTML, like Gecko; compatible; bingbot/2.0; +http://www.bing.com/bingbot.htm) Chrome/116.0.1938.76 Safari/537.36"
162.213.251.208 - - [15/Nov/2024:11:43:33 -0500] "POST /wp-admin/admin-ajax.php?action=async_litespeed&nonce=jrsm6oZoD8RzBFT3E8FExbAs27BjIGMz&litespeed_type=imgoptm HTTP/1.1" 200 0 "-" "WordPress/6.7; https://carschronicle.com"
162.213.251.208 - - [15/Nov/2024:11:57:10 -0500] "POST /wp-cron.php?doing_wp_cron=1731689830.4953210353851318359375 HTTP/1.1" 200 0 "-" "WordPress/6.7; https://carschronicle.com"
157.55.39.193 - - [15/Nov/2024:11:56:46 -0500] "GET /98637961076.shtml HTTP/1.1" 301 0 "-" "Mozilla/5.0 AppleWebKit/537.36 (KHTML, like Gecko; compatible; bingbot/2.0; +http://www.bing.com/bingbot.htm) Chrome/116.0.1938.76 Safari/537.36"
162.213.251.208 - - [15/Nov/2024:11:57:17 -0500] "POST /wp-admin/admin-ajax.php?action=async_litespeed&nonce=HJWKxx0C8x7qwJCzoBa1okc5FgFvgIpO&litespeed_type=imgoptm HTTP/1.1" 200 0 "-" "WordPress/6.7; https://carschronicle.com"
51.222.253.8 - - [15/Nov/2024:11:57:17 -0500] "GET /robots.txt HTTP/1.1" 200 270 "-" "Mozilla/5.0 (compatible; AhrefsBot/7.0; +http://ahrefs.com/robot/)"
54.36.148.111 - - [15/Nov/2024:11:57:20 -0500] "GET /product-tag/gifts/ HTTP/1.1" 200 16371 "-" "Mozilla/5.0 (compatible; AhrefsBot/7.0; +http://ahrefs.com/robot/)"
162.213.251.208 - - [15/Nov/2024:12:04:29 -0500] "POST /wp-cron.php?doing_wp_cron=1731690269.0357580184936523437500 HTTP/1.1" 200 0 "-" "WordPress/6.7; https://carschronicle.com"
157.55.39.194 - - [15/Nov/2024:12:03:53 -0500] "GET /60857155535.shtml HTTP/1.1" 301 0 "-" "Mozilla/5.0 AppleWebKit/537.36 (KHTML, like Gecko; compatible; bingbot/2.0; +http://www.bing.com/bingbot.htm) Chrome/116.0.1938.76 Safari/537.36"
162.213.251.208 - - [15/Nov/2024:12:04:48 -0500] "POST /wp-admin/admin-ajax.php?action=async_litespeed&nonce=Dfbs9jGtxvARV7W4dynEH9xM89fKypfA&litespeed_type=imgoptm HTTP/1.1" 200 0 "-" "WordPress/6.7; https://carschronicle.com"
162.213.251.208 - - [15/Nov/2024:12:06:19 -0500] "POST /wp-cron.php?doing_wp_cron=1731690377.8528990745544433593750 HTTP/1.1" 200 0 "-" "WordPress/6.7; https://carschronicle.com"
157.55.39.197 - - [15/Nov/2024:12:06:04 -0500] "GET /27067460823.shtml HTTP/1.1" 301 0 "-" "Mozilla/5.0 AppleWebKit/537.36 (KHTML, like Gecko; compatible; bingbot/2.0; +http://www.bing.com/bingbot.htm) Chrome/116.0.1938.76 Safari/537.36"
162.213.251.208 - - [15/Nov/2024:12:06:36 -0500] "POST /wp-admin/admin-ajax.php?action=async_litespeed&nonce=kEZtq1hYMSpsp97TCRdaZ4xCYqgrs1Gm&litespeed_type=imgoptm HTTP/1.1" 200 0 "-" "WordPress/6.7; https://carschronicle.com"
157.55.39.197 - - [15/Nov/2024:12:10:55 -0500] "GET /43192500982.shtml HTTP/1.1" 301 0 "-" "Mozilla/5.0 AppleWebKit/537.36 (KHTML, like Gecko; compatible; bingbot/2.0; +http://www.bing.com/bingbot.htm) Chrome/116.0.1938.76 Safari/537.36"
162.213.251.208 - - [15/Nov/2024:12:15:59 -0500] "POST /wp-cron.php?doing_wp_cron=1731690958.9500229358673095703125 HTTP/1.1" 200 0 "-" "WordPress/6.7; https://carschronicle.com"
157.55.39.57 - - [15/Nov/2024:12:15:40 -0500] "GET /30915832776.shtml HTTP/1.1" 301 0 "-" "Mozilla/5.0 AppleWebKit/537.36 (KHTML, like Gecko; compatible; bingbot/2.0; +http://www.bing.com/bingbot.htm) Chrome/116.0.1938.76 Safari/537.36"
216.244.66.234 - - [15/Nov/2024:12:20:15 -0500] "GET /robots.txt HTTP/1.1" 200 270 "-" "Mozilla/5.0 (compatible; DotBot/1.2; +https://opensiteexplorer.org/dotbot; help@moz.com)"
207.46.13.31 - - [15/Nov/2024:12:21:52 -0500] "GET /65044758222.shtml HTTP/1.1" 301 0 "-" "Mozilla/5.0 AppleWebKit/537.36 (KHTML, like Gecko; compatible; bingbot/2.0; +http://www.bing.com/bingbot.htm) Chrome/116.0.1938.76 Safari/537.36"
207.46.13.155 - - [15/Nov/2024:12:21:48 -0500] "GET /49300403082.shtml HTTP/1.1" 301 0 "-" "Mozilla/5.0 AppleWebKit/537.36 (KHTML, like Gecko; compatible; bingbot/2.0; +http://www.bing.com/bingbot.htm) Chrome/116.0.1938.76 Safari/537.36"
207.46.13.31 - - [15/Nov/2024:12:22:17 -0500] "GET /100050660823.shtml HTTP/1.1" 301 0 "-" "Mozilla/5.0 AppleWebKit/537.36 (KHTML, like Gecko; compatible; bingbot/2.0; +http://www.bing.com/bingbot.htm) Chrome/116.0.1938.76 Safari/537.36"
207.46.13.155 - - [15/Nov/2024:12:22:58 -0500] "GET /82718677428.shtml HTTP/1.1" 301 0 "-" "Mozilla/5.0 AppleWebKit/537.36 (KHTML, like Gecko; compatible; bingbot/2.0; +http://www.bing.com/bingbot.htm) Chrome/116.0.1938.76 Safari/537.36"
157.55.39.56 - - [15/Nov/2024:12:23:28 -0500] "GET /103262288037.shtml HTTP/1.1" 301 0 "-" "Mozilla/5.0 AppleWebKit/537.36 (KHTML, like Gecko; compatible; bingbot/2.0; +http://www.bing.com/bingbot.htm) Chrome/116.0.1938.76 Safari/537.36"
207.46.13.31 - - [15/Nov/2024:12:23:31 -0500] "GET /26734532766.shtml HTTP/1.1" 301 0 "-" "Mozilla/5.0 AppleWebKit/537.36 (KHTML, like Gecko; compatible; bingbot/2.0; +http://www.bing.com/bingbot.htm) Chrome/116.0.1938.76 Safari/537.36"
207.46.13.31 - - [15/Nov/2024:12:23:46 -0500] "GET /76160236585.shtml HTTP/1.1" 301 0 "-" "Mozilla/5.0 AppleWebKit/537.36 (KHTML, like Gecko; compatible; bingbot/2.0; +http://www.bing.com/bingbot.htm) Chrome/116.0.1938.76 Safari/537.36"
54.36.148.190 - - [15/Nov/2024:12:26:38 -0500] "GET /2017/08/12/entertainment-in-big-cities-never-gets-old/ HTTP/1.1" 404 13944 "-" "Mozilla/5.0 (compatible; AhrefsBot/7.0; +http://ahrefs.com/robot/)"
162.213.251.208 - - [15/Nov/2024:12:31:00 -0500] "POST /wp-cron.php?doing_wp_cron=1731691859.8063299655914306640625 HTTP/1.1" 200 0 "-" "WordPress/6.7; https://carschronicle.com"
207.46.13.155 - - [15/Nov/2024:12:30:42 -0500] "GET /72608394102.shtml HTTP/1.1" 301 0 "-" "Mozilla/5.0 AppleWebKit/537.36 (KHTML, like Gecko; compatible; bingbot/2.0; +http://www.bing.com/bingbot.htm) Chrome/116.0.1938.76 Safari/537.36"
162.213.251.208 - - [15/Nov/2024:12:31:03 -0500] "POST /wp-admin/admin-ajax.php?action=async_litespeed&nonce=1lEIwJ3LctDrxHxXoiXHRzNw5L1h4wOw&litespeed_type=imgoptm HTTP/1.1" 200 0 "-" "WordPress/6.7; https://carschronicle.com"
216.244.66.234 - - [15/Nov/2024:12:31:47 -0500] "GET /wp-content/uploads/2017/11/bg_cta1.jpg HTTP/1.1" 200 34106 "-" "Mozilla/5.0 (compatible; DotBot/1.2; +https://opensiteexplorer.org/dotbot; help@moz.com)"
162.213.251.208 - - [15/Nov/2024:12:35:29 -0500] "POST /wp-cron.php?doing_wp_cron=1731692129.7043631076812744140625 HTTP/1.1" 200 0 "-" "WordPress/6.7; https://carschronicle.com"
157.55.39.193 - - [15/Nov/2024:12:35:18 -0500] "GET /26268988435.shtml HTTP/1.1" 301 0 "-" "Mozilla/5.0 AppleWebKit/537.36 (KHTML, like Gecko; compatible; bingbot/2.0; +http://www.bing.com/bingbot.htm) Chrome/116.0.1938.76 Safari/537.36"
162.213.251.208 - - [15/Nov/2024:12:35:30 -0500] "POST /wp-admin/admin-ajax.php?action=async_litespeed&nonce=jSvI6UHzVoPLvfh0Tx5nGQIaDxLAajKD&litespeed_type=imgoptm HTTP/1.1" 200 0 "-" "WordPress/6.7; https://carschronicle.com"
203.161.62.74 - - [15/Nov/2024:12:35:44 -0500] "POST /xmlrpc.php HTTP/1.1" 200 403 "-" "Mozilla/5.0 (Windows NT 10.0; Win64; x64) AppleWebKit/537.36 (KHTML, like Gecko) Chrome/88.0.4324.104 Safari/537.36"
111.67.196.90 - - [15/Nov/2024:12:35:44 -0500] "POST /xmlrpc.php HTTP/1.1" 200 403 "-" "Mozilla/5.0 (Windows NT 6.0; rv:34.0) Gecko/20100101 Firefox/34.0"
162.213.251.208 - - [15/Nov/2024:12:36:06 -0500] "POST /wp-cron.php?doing_wp_cron=1731692166.7219789028167724609375 HTTP/1.1" 200 0 "-" "WordPress/6.7; https://carschronicle.com"
43.133.39.132 - - [15/Nov/2024:12:36:04 -0500] "POST /xmlrpc.php HTTP/1.1" 200 403 "-" "Mozilla/5.0 (Windows NT 5.1) AppleWebKit/537.36 (KHTML, like Gecko) Chrome/46.0.2490.71 Safari/537.36"
162.213.251.208 - - [15/Nov/2024:12:36:28 -0500] "POST /wp-cron.php?doing_wp_cron=1731692188.3952341079711914062500 HTTP/1.1" 200 0 "-" "WordPress/6.7; https://carschronicle.com"
203.161.62.74 - - [15/Nov/2024:12:36:27 -0500] "POST /xmlrpc.php HTTP/1.1" 200 403 "-" "Mozilla/5.0 (Windows; U; Windows NT 5.1; en-US; rv:1.7.10) Gecko/20050716 Firefox/1.0.6"
162.213.251.208 - - [15/Nov/2024:12:36:29 -0500] "POST /wp-admin/admin-ajax.php?action=async_litespeed&nonce=U7EWZWvZpC6wMHwF3wIIJZQArvnDRXC6&litespeed_type=imgoptm HTTP/1.1" 200 0 "-" "WordPress/6.7; https://carschronicle.com"
162.213.251.208 - - [15/Nov/2024:12:38:15 -0500] "POST /wp-cron.php?doing_wp_cron=1731692294.8383378982543945312500 HTTP/1.1" 200 0 "-" "WordPress/6.7; https://carschronicle.com"
157.55.39.202 - - [15/Nov/2024:12:38:09 -0500] "GET /57371399958.shtml HTTP/1.1" 404 13915 "-" "Mozilla/5.0 AppleWebKit/537.36 (KHTML, like Gecko; compatible; bingbot/2.0; +http://www.bing.com/bingbot.htm) Chrome/116.0.1938.76 Safari/537.36"
162.213.251.208 - - [15/Nov/2024:12:38:16 -0500] "POST /wp-admin/admin-ajax.php?action=async_litespeed&nonce=JpJcN5R9EsgSWHFOoSUxbtLsHVP4xNoB&litespeed_type=imgoptm HTTP/1.1" 200 0 "-" "WordPress/6.7; https://carschronicle.com"
157.55.39.54 - - [15/Nov/2024:12:38:47 -0500] "GET /111073484967.shtml HTTP/1.1" 301 0 "-" "Mozilla/5.0 AppleWebKit/537.36 (KHTML, like Gecko; compatible; bingbot/2.0; +http://www.bing.com/bingbot.htm) Chrome/116.0.1938.76 Safari/537.36"
94.103.26.214 - - [15/Nov/2024:12:38:53 -0500] "POST /xmlrpc.php HTTP/1.1" 200 212 "-" "Mozilla/5.0 (Windows NT 10.0; Win64; x64; rv:41.0) Gecko/20100101 Firefox/41.0"
162.213.251.208 - - [15/Nov/2024:12:40:57 -0500] "POST /wp-cron.php?doing_wp_cron=1731692457.8662850856781005859375 HTTP/1.1" 200 0 "-" "WordPress/6.7; https://carschronicle.com"
54.36.149.12 - - [15/Nov/2024:12:40:48 -0500] "GET /product-tag/trends/feed/ HTTP/1.1" 200 1398 "-" "Mozilla/5.0 (compatible; AhrefsBot/7.0; +http://ahrefs.com/robot/)"
162.213.251.208 - - [15/Nov/2024:12:40:59 -0500] "POST /wp-admin/admin-ajax.php?action=async_litespeed&nonce=KO06AUsWI1Poj5UWBEUnGHRFq8RS1jXX&litespeed_type=imgoptm HTTP/1.1" 200 0 "-" "WordPress/6.7; https://carschronicle.com"
162.213.251.208 - - [15/Nov/2024:12:43:34 -0500] "POST /wp-cron.php?doing_wp_cron=1731692614.2587819099426269531250 HTTP/1.1" 200 0 "-" "WordPress/6.7; https://carschronicle.com"
157.55.39.7 - - [15/Nov/2024:12:43:21 -0500] "GET /74951800971.shtml HTTP/1.1" 301 0 "-" "Mozilla/5.0 AppleWebKit/537.36 (KHTML, like Gecko; compatible; bingbot/2.0; +http://www.bing.com/bingbot.htm) Chrome/116.0.1938.76 Safari/537.36"
162.213.251.208 - - [15/Nov/2024:12:43:36 -0500] "POST /wp-admin/admin-ajax.php?action=async_litespeed&nonce=aNQzMfFA2COB9Sy7Xs26McE6krgmycQn&litespeed_type=imgoptm HTTP/1.1" 200 0 "-" "WordPress/6.7; https://carschronicle.com"
157.55.39.7 - - [15/Nov/2024:12:43:40 -0500] "GET /38245599958.shtml HTTP/1.1" 301 0 "-" "Mozilla/5.0 AppleWebKit/537.36 (KHTML, like Gecko; compatible; bingbot/2.0; +http://www.bing.com/bingbot.htm) Chrome/116.0.1938.76 Safari/537.36"
162.213.251.208 - - [15/Nov/2024:12:46:48 -0500] "POST /wp-cron.php?doing_wp_cron=1731692808.5923349857330322265625 HTTP/1.1" 200 0 "-" "WordPress/6.7; https://carschronicle.com"
207.46.13.124 - - [15/Nov/2024:12:46:39 -0500] "GET /post/ HTTP/1.1" 301 0 "-" "Mozilla/5.0 AppleWebKit/537.36 (KHTML, like Gecko; compatible; bingbot/2.0; +http://www.bing.com/bingbot.htm) Chrome/116.0.1938.76 Safari/537.36"
162.213.251.208 - - [15/Nov/2024:12:46:49 -0500] "POST /wp-admin/admin-ajax.php?action=async_litespeed&nonce=V5WS0pKuPVxSuuGTVDcNmCTi2gcMtZ2K&litespeed_type=imgoptm HTTP/1.1" 200 0 "-" "WordPress/6.7; https://carschronicle.com"
162.213.251.208 - - [15/Nov/2024:12:52:00 -0500] "POST /wp-cron.php?doing_wp_cron=1731693120.1408450603485107421875 HTTP/1.1" 200 0 "-" "WordPress/6.7; https://carschronicle.com"
207.46.13.141 - - [15/Nov/2024:12:51:52 -0500] "GET /54681920702.shtml HTTP/1.1" 301 0 "-" "Mozilla/5.0 AppleWebKit/537.36 (KHTML, like Gecko; compatible; bingbot/2.0; +http://www.bing.com/bingbot.htm) Chrome/116.0.1938.76 Safari/537.36"
162.213.251.208 - - [15/Nov/2024:12:52:01 -0500] "POST /wp-admin/admin-ajax.php?action=async_litespeed&nonce=SB53Z89SxFIl499w73sdcFFzBoBX3WZU&litespeed_type=imgoptm HTTP/1.1" 200 0 "-" "WordPress/6.7; https://carschronicle.com"
162.213.251.208 - - [15/Nov/2024:12:54:45 -0500] "POST /wp-cron.php?doing_wp_cron=1731693285.4906120300292968750000 HTTP/1.1" 200 0 "-" "WordPress/6.7; https://carschronicle.com"
207.46.13.141 - - [15/Nov/2024:12:54:42 -0500] "GET /42961067152.shtml HTTP/1.1" 301 0 "-" "Mozilla/5.0 AppleWebKit/537.36 (KHTML, like Gecko; compatible; bingbot/2.0; +http://www.bing.com/bingbot.htm) Chrome/116.0.1938.76 Safari/537.36"
54.36.148.16 - - [15/Nov/2024:12:54:44 -0500] "GET /2017/06/24/what-makes-us-happy-simple-rules-of-life/ HTTP/1.1" 404 13906 "-" "Mozilla/5.0 (compatible; AhrefsBot/7.0; +http://ahrefs.com/robot/)"
162.213.251.208 - - [15/Nov/2024:12:54:46 -0500] "POST /wp-admin/admin-ajax.php?action=async_litespeed&nonce=uwsXsHKzEzXIBV3Wb7WXPdGogs4hav5T&litespeed_type=imgoptm HTTP/1.1" 200 0 "-" "WordPress/6.7; https://carschronicle.com"
162.213.251.208 - - [15/Nov/2024:13:00:14 -0500] "POST /wp-cron.php?doing_wp_cron=1731693612.8915369510650634765625 HTTP/1.1" 200 0 "-" "WordPress/6.7; https://carschronicle.com"
207.46.13.92 - - [15/Nov/2024:12:59:53 -0500] "GET /110003487421.shtml HTTP/1.1" 301 0 "-" "Mozilla/5.0 AppleWebKit/537.36 (KHTML, like Gecko; compatible; bingbot/2.0; +http://www.bing.com/bingbot.htm) Chrome/116.0.1938.76 Safari/537.36"
162.213.251.208 - - [15/Nov/2024:13:01:24 -0500] "POST /wp-cron.php?doing_wp_cron=1731693684.8165349960327148437500 HTTP/1.1" 200 0 "-" "WordPress/6.7; https://carschronicle.com"
207.46.13.92 - - [15/Nov/2024:13:01:24 -0500] "GET /38623614155.shtml HTTP/1.1" 301 0 "-" "Mozilla/5.0 AppleWebKit/537.36 (KHTML, like Gecko; compatible; bingbot/2.0; +http://www.bing.com/bingbot.htm) Chrome/116.0.1938.76 Safari/537.36"
162.213.251.208 - - [15/Nov/2024:13:01:25 -0500] "POST /wp-admin/admin-ajax.php?action=async_litespeed&nonce=QLXvobM5mP2xK0DSDAX1Qj4oH7IfU948&litespeed_type=imgoptm HTTP/1.1" 200 0 "-" "WordPress/6.7; https://carschronicle.com"
162.213.251.208 - - [15/Nov/2024:13:09:33 -0500] "POST /wp-cron.php?doing_wp_cron=1731694173.2102429866790771484375 HTTP/1.1" 200 0 "-" "WordPress/6.7; https://carschronicle.com"
157.55.39.54 - - [15/Nov/2024:13:09:24 -0500] "GET /77236336021.shtml HTTP/1.1" 301 0 "-" "Mozilla/5.0 AppleWebKit/537.36 (KHTML, like Gecko; compatible; bingbot/2.0; +http://www.bing.com/bingbot.htm) Chrome/116.0.1938.76 Safari/537.36"
162.213.251.208 - - [15/Nov/2024:13:09:33 -0500] "POST /wp-admin/admin-ajax.php?action=async_litespeed&nonce=EWcWv8FHTk1z3RJXp2RUaVgbtwmKWb9N&litespeed_type=imgoptm HTTP/1.1" 200 0 "-" "WordPress/6.7; https://carschronicle.com"
54.36.148.177 - - [15/Nov/2024:13:09:55 -0500] "GET /product-category/books/ HTTP/1.1" 200 15901 "-" "Mozilla/5.0 (compatible; AhrefsBot/7.0; +http://ahrefs.com/robot/)"
162.213.251.208 - - [15/Nov/2024:13:13:36 -0500] "POST /wp-cron.php?doing_wp_cron=1731694416.8639709949493408203125 HTTP/1.1" 200 0 "-" "WordPress/6.7; https://carschronicle.com"
207.46.13.124 - - [15/Nov/2024:13:13:32 -0500] "GET /32873873853.shtml HTTP/1.1" 301 0 "-" "Mozilla/5.0 AppleWebKit/537.36 (KHTML, like Gecko; compatible; bingbot/2.0; +http://www.bing.com/bingbot.htm) Chrome/116.0.1938.76 Safari/537.36"
162.213.251.208 - - [15/Nov/2024:13:13:37 -0500] "POST /wp-admin/admin-ajax.php?action=async_litespeed&nonce=k8Y0QvEJ23TBIadleR8su6fLiHHIlQLz&litespeed_type=imgoptm HTTP/1.1" 200 21 "-" "WordPress/6.7; https://carschronicle.com"
162.213.251.208 - - [15/Nov/2024:13:18:26 -0500] "POST /wp-cron.php?doing_wp_cron=1731694706.9546918869018554687500 HTTP/1.1" 200 0 "-" "WordPress/6.7; https://carschronicle.com"
157.55.39.58 - - [15/Nov/2024:13:18:25 -0500] "GET /94882284967.shtml HTTP/1.1" 301 0 "-" "Mozilla/5.0 AppleWebKit/537.36 (KHTML, like Gecko; compatible; bingbot/2.0; +http://www.bing.com/bingbot.htm) Chrome/116.0.1938.76 Safari/537.36"
157.55.39.16 - - [15/Nov/2024:13:18:21 -0500] "GET /53769294102.shtml HTTP/1.1" 301 0 "-" "Mozilla/5.0 AppleWebKit/537.36 (KHTML, like Gecko; compatible; bingbot/2.0; +http://www.bing.com/bingbot.htm) Chrome/116.0.1938.76 Safari/537.36"
162.213.251.208 - - [15/Nov/2024:13:18:27 -0500] "POST /wp-admin/admin-ajax.php?action=async_litespeed&nonce=CWDTybBt0NPrLhYHj0scv0brWQroXdya&litespeed_type=imgoptm HTTP/1.1" 200 21 "-" "WordPress/6.7; https://carschronicle.com"
162.213.251.208 - - [15/Nov/2024:13:21:11 -0500] "POST /wp-cron.php?doing_wp_cron=1731694871.0816259384155273437500 HTTP/1.1" 200 0 "-" "WordPress/6.7; https://carschronicle.com"
207.46.13.18 - - [15/Nov/2024:13:21:01 -0500] "GET /27533894103.shtml HTTP/1.1" 301 0 "-" "Mozilla/5.0 AppleWebKit/537.36 (KHTML, like Gecko; compatible; bingbot/2.0; +http://www.bing.com/bingbot.htm) Chrome/116.0.1938.76 Safari/537.36"
157.55.39.58 - - [15/Nov/2024:13:21:06 -0500] "GET /49349984918.shtml HTTP/1.1" 301 0 "-" "Mozilla/5.0 AppleWebKit/537.36 (KHTML, like Gecko; compatible; bingbot/2.0; +http://www.bing.com/bingbot.htm) Chrome/116.0.1938.76 Safari/537.36"
162.213.251.208 - - [15/Nov/2024:13:21:12 -0500] "POST /wp-admin/admin-ajax.php?action=async_litespeed&nonce=mcDYXi3fs27BQaWGzvHT50eben8grJTT&litespeed_type=imgoptm HTTP/1.1" 200 0 "-" "WordPress/6.7; https://carschronicle.com"
207.46.13.18 - - [15/Nov/2024:13:21:21 -0500] "GET /65303714651.shtml HTTP/1.1" 301 0 "-" "Mozilla/5.0 AppleWebKit/537.36 (KHTML, like Gecko; compatible; bingbot/2.0; +http://www.bing.com/bingbot.htm) Chrome/116.0.1938.76 Safari/537.36"
157.55.39.58 - - [15/Nov/2024:13:21:50 -0500] "GET /62424486615.shtml HTTP/1.1" 301 0 "-" "Mozilla/5.0 AppleWebKit/537.36 (KHTML, like Gecko; compatible; bingbot/2.0; +http://www.bing.com/bingbot.htm) Chrome/116.0.1938.76 Safari/537.36"
157.55.39.58 - - [15/Nov/2024:13:21:51 -0500] "GET /83065932766.shtml HTTP/1.1" 301 0 "-" "Mozilla/5.0 AppleWebKit/537.36 (KHTML, like Gecko; compatible; bingbot/2.0; +http://www.bing.com/bingbot.htm) Chrome/116.0.1938.76 Safari/537.36"
157.55.39.16 - - [15/Nov/2024:13:21:55 -0500] "GET /100107912484.shtml HTTP/1.1" 301 0 "-" "Mozilla/5.0 AppleWebKit/537.36 (KHTML, like Gecko; compatible; bingbot/2.0; +http://www.bing.com/bingbot.htm) Chrome/116.0.1938.76 Safari/537.36"
157.55.39.16 - - [15/Nov/2024:13:21:55 -0500] "GET /103479703226.shtml HTTP/1.1" 301 0 "-" "Mozilla/5.0 AppleWebKit/537.36 (KHTML, like Gecko; compatible; bingbot/2.0; +http://www.bing.com/bingbot.htm) Chrome/116.0.1938.76 Safari/537.36"
162.213.251.208 - - [15/Nov/2024:13:23:13 -0500] "POST /wp-cron.php?doing_wp_cron=1731694993.5343589782714843750000 HTTP/1.1" 200 0 "-" "WordPress/6.7; https://carschronicle.com"
157.55.39.16 - - [15/Nov/2024:13:23:13 -0500] "GET /98198800371.shtml HTTP/1.1" 301 0 "-" "Mozilla/5.0 AppleWebKit/537.36 (KHTML, like Gecko; compatible; bingbot/2.0; +http://www.bing.com/bingbot.htm) Chrome/116.0.1938.76 Safari/537.36"
162.213.251.208 - - [15/Nov/2024:13:23:14 -0500] "POST /wp-admin/admin-ajax.php?action=async_litespeed&nonce=VpVtr2pIvLzgHX6bYLgnC38n2SI6WBVm&litespeed_type=imgoptm HTTP/1.1" 200 21 "-" "WordPress/6.7; https://carschronicle.com"
162.213.251.208 - - [15/Nov/2024:13:28:25 -0500] "POST /wp-cron.php?doing_wp_cron=1731695305.2006781101226806640625 HTTP/1.1" 200 0 "-" "WordPress/6.7; https://carschronicle.com"
157.55.39.13 - - [15/Nov/2024:13:28:19 -0500] "GET /16154139955.shtml HTTP/1.1" 301 0 "-" "Mozilla/5.0 AppleWebKit/537.36 (KHTML, like Gecko; compatible; bingbot/2.0; +http://www.bing.com/bingbot.htm) Chrome/116.0.1938.76 Safari/537.36"
162.213.251.208 - - [15/Nov/2024:13:28:25 -0500] "POST /wp-admin/admin-ajax.php?action=async_litespeed&nonce=Vx9vzsUeQEqfDTJwjzlKfyTri0yu2FM0&litespeed_type=imgoptm HTTP/1.1" 200 21 "-" "WordPress/6.7; https://carschronicle.com"
54.36.148.118 - - [15/Nov/2024:13:28:35 -0500] "GET /2017/09/10/active-life-turns-you-to-sport-and-extreme/ HTTP/1.1" 404 13918 "-" "Mozilla/5.0 (compatible; AhrefsBot/7.0; +http://ahrefs.com/robot/)"
157.55.39.13 - - [15/Nov/2024:13:28:47 -0500] "GET /76214688037.shtml HTTP/1.1" 301 0 "-" "Mozilla/5.0 AppleWebKit/537.36 (KHTML, like Gecko; compatible; bingbot/2.0; +http://www.bing.com/bingbot.htm) Chrome/116.0.1938.76 Safari/537.36"
162.213.251.208 - - [15/Nov/2024:13:29:22 -0500] "POST /wp-cron.php?doing_wp_cron=1731695362.1568648815155029296875 HTTP/1.1" 200 0 "-" "WordPress/6.7; https://carschronicle.com"
66.249.79.34 - - [15/Nov/2024:13:29:21 -0500] "GET /?102342869704.shtml HTTP/1.1" 301 0 "-" "Mozilla/5.0 (compatible; Googlebot/2.1; +http://www.google.com/bot.html)"
162.213.251.208 - - [15/Nov/2024:13:29:22 -0500] "POST /wp-admin/admin-ajax.php?action=async_litespeed&nonce=TIOhBgNj4vXgswioE35kIid3NUGjnXqS&litespeed_type=imgoptm HTTP/1.1" 200 21 "-" "WordPress/6.7; https://carschronicle.com"
66.249.79.33 - - [15/Nov/2024:13:29:28 -0500] "GET /?102342869704_shtml HTTP/1.1" 200 18054 "-" "Mozilla/5.0 (compatible; Googlebot/2.1; +http://www.google.com/bot.html)"
162.213.251.208 - - [15/Nov/2024:13:35:11 -0500] "POST /wp-cron.php?doing_wp_cron=1731695711.5284090042114257812500 HTTP/1.1" 200 0 "-" "WordPress/6.7; https://carschronicle.com"
157.55.39.11 - - [15/Nov/2024:13:35:00 -0500] "GET /54247690817.shtml HTTP/1.1" 301 0 "-" "Mozilla/5.0 AppleWebKit/537.36 (KHTML, like Gecko; compatible; bingbot/2.0; +http://www.bing.com/bingbot.htm) Chrome/116.0.1938.76 Safari/537.36"
162.213.251.208 - - [15/Nov/2024:13:35:12 -0500] "POST /wp-admin/admin-ajax.php?action=async_litespeed&nonce=ddiubR874Z1Z53Bqicfq6QXPvfkkBLor&litespeed_type=imgoptm HTTP/1.1" 200 0 "-" "WordPress/6.7; https://carschronicle.com"
162.213.251.208 - - [15/Nov/2024:13:39:37 -0500] "POST /wp-cron.php?doing_wp_cron=1731695977.3488869667053222656250 HTTP/1.1" 200 0 "-" "WordPress/6.7; https://carschronicle.com"
157.55.39.195 - - [15/Nov/2024:13:39:27 -0500] "GET /86565116452.shtml HTTP/1.1" 404 13907 "-" "Mozilla/5.0 AppleWebKit/537.36 (KHTML, like Gecko; compatible; bingbot/2.0; +http://www.bing.com/bingbot.htm) Chrome/116.0.1938.76 Safari/537.36"
162.213.251.208 - - [15/Nov/2024:13:39:38 -0500] "POST /wp-admin/admin-ajax.php?action=async_litespeed&nonce=EMmNCywRHcMKP0pvY34u3wiE9lnjum5t&litespeed_type=imgoptm HTTP/1.1" 200 0 "-" "WordPress/6.7; https://carschronicle.com"
93.183.94.206 - - [15/Nov/2024:13:40:34 -0500] "GET /contacts/ HTTP/1.0" 200 79376 "https://carschronicle.com/contacts/" "Mozilla/5.0 (Windows NT 10.0.0; Win64; x64; ) AppleWebKit/537.36 (KHTML, like Gecko) Chrome/124.0.6367.63 Chrome/124.0.6367.63 Not-A.Brand/99  Safari/537.36"
162.213.251.208 - - [15/Nov/2024:13:40:35 -0500] "POST /wp-cron.php?doing_wp_cron=1731696035.7802410125732421875000 HTTP/1.1" 200 0 "-" "WordPress/6.7; https://carschronicle.com"
93.183.94.206 - - [15/Nov/2024:13:40:35 -0500] "POST /contacts/ HTTP/1.0" 200 79691 "https://carschronicle.com/contacts/" "Mozilla/5.0 (Windows NT 10.0.0; Win64; x64; ) AppleWebKit/537.36 (KHTML, like Gecko) Chrome/124.0.6367.63 Chrome/124.0.6367.63 Not-A.Brand/99  Safari/537.36"
162.213.251.208 - - [15/Nov/2024:13:40:36 -0500] "POST /wp-admin/admin-ajax.php?action=async_litespeed&nonce=j5mKV3TfbnHinbVRS8UtVlTU61HJKSSq&litespeed_type=imgoptm HTTP/1.1" 200 21 "-" "WordPress/6.7; https://carschronicle.com"
162.213.251.208 - - [15/Nov/2024:13:47:12 -0500] "POST /wp-cron.php?doing_wp_cron=1731696432.9380729198455810546875 HTTP/1.1" 200 0 "-" "WordPress/6.7; https://carschronicle.com"
207.46.13.153 - - [15/Nov/2024:13:47:06 -0500] "GET /53703527993.shtml HTTP/1.1" 301 0 "-" "Mozilla/5.0 AppleWebKit/537.36 (KHTML, like Gecko; compatible; bingbot/2.0; +http://www.bing.com/bingbot.htm) Chrome/116.0.1938.76 Safari/537.36"
162.213.251.208 - - [15/Nov/2024:13:47:13 -0500] "POST /wp-admin/admin-ajax.php?action=async_litespeed&nonce=XMIYOX4LWEQnu2C07JcY94b6VQtZR4IE&litespeed_type=imgoptm HTTP/1.1" 200 21 "-" "WordPress/6.7; https://carschronicle.com"
162.213.251.208 - - [15/Nov/2024:13:48:29 -0500] "POST /wp-cron.php?doing_wp_cron=1731696509.9245479106903076171875 HTTP/1.1" 200 0 "-" "WordPress/6.7; https://carschronicle.com"
54.36.148.84 - - [15/Nov/2024:13:48:29 -0500] "GET /2017/06/20/what-makes-a-genius-the-greatest-minds-common-thing/ HTTP/1.1" 404 13920 "-" "Mozilla/5.0 (compatible; AhrefsBot/7.0; +http://ahrefs.com/robot/)"
162.213.251.208 - - [15/Nov/2024:13:48:30 -0500] "POST /wp-admin/admin-ajax.php?action=async_litespeed&nonce=TgVxJFLLYpYU8IT5Vq0cA6lHKADOrP5C&litespeed_type=imgoptm HTTP/1.1" 200 21 "-" "WordPress/6.7; https://carschronicle.com"
162.213.251.208 - - [15/Nov/2024:13:54:55 -0500] "POST /wp-cron.php?doing_wp_cron=1731696895.6635589599609375000000 HTTP/1.1" 200 0 "-" "WordPress/6.7; https://carschronicle.com"
157.55.39.195 - - [15/Nov/2024:13:54:46 -0500] "GET /89645803970.shtml HTTP/1.1" 301 0 "-" "Mozilla/5.0 AppleWebKit/537.36 (KHTML, like Gecko; compatible; bingbot/2.0; +http://www.bing.com/bingbot.htm) Chrome/116.0.1938.76 Safari/537.36"
162.213.251.208 - - [15/Nov/2024:13:54:56 -0500] "POST /wp-admin/admin-ajax.php?action=async_litespeed&nonce=wQNFMYsQ2POHrmuidk5SdTvSCyx3VInV&litespeed_type=imgoptm HTTP/1.1" 200 0 "-" "WordPress/6.7; https://carschronicle.com"
162.213.251.208 - - [15/Nov/2024:14:00:35 -0500] "POST /wp-cron.php?doing_wp_cron=1731697235.3574640750885009765625 HTTP/1.1" 200 0 "-" "WordPress/6.7; https://carschronicle.com"
157.55.39.195 - - [15/Nov/2024:14:00:17 -0500] "GET /65323788037.shtml HTTP/1.1" 301 0 "-" "Mozilla/5.0 AppleWebKit/537.36 (KHTML, like Gecko; compatible; bingbot/2.0; +http://www.bing.com/bingbot.htm) Chrome/116.0.1938.76 Safari/537.36"
162.213.251.208 - - [15/Nov/2024:14:00:37 -0500] "POST /wp-admin/admin-ajax.php?action=async_litespeed&nonce=OxZ3a1aQC9GvpKoaqYphc2CPvFTjlNWi&litespeed_type=imgoptm HTTP/1.1" 200 0 "-" "WordPress/6.7; https://carschronicle.com"
162.213.251.208 - - [15/Nov/2024:14:06:35 -0500] "POST /wp-cron.php?doing_wp_cron=1731697595.3548960685729980468750 HTTP/1.1" 200 0 "-" "WordPress/6.7; https://carschronicle.com"
207.46.13.78 - - [15/Nov/2024:14:06:17 -0500] "GET /60698727730.shtml HTTP/1.1" 301 0 "-" "Mozilla/5.0 AppleWebKit/537.36 (KHTML, like Gecko; compatible; bingbot/2.0; +http://www.bing.com/bingbot.htm) Chrome/116.0.1938.76 Safari/537.36"
162.213.251.208 - - [15/Nov/2024:14:06:38 -0500] "POST /wp-admin/admin-ajax.php?action=async_litespeed&nonce=07W0m0MupVcipxwVIybcfrfOTadMbZvR&litespeed_type=imgoptm HTTP/1.1" 200 0 "-" "WordPress/6.7; https://carschronicle.com"
162.213.251.208 - - [15/Nov/2024:14:08:09 -0500] "POST /wp-cron.php?doing_wp_cron=1731697689.4116630554199218750000 HTTP/1.1" 200 0 "-" "WordPress/6.7; https://carschronicle.com"
54.36.149.64 - - [15/Nov/2024:14:08:01 -0500] "GET /2017/03/20/fast-food-conspiracy-theories-collection-of-all-times/ HTTP/1.1" 404 13907 "-" "Mozilla/5.0 (compatible; AhrefsBot/7.0; +http://ahrefs.com/robot/)"
162.213.251.208 - - [15/Nov/2024:14:08:10 -0500] "POST /wp-admin/admin-ajax.php?action=async_litespeed&nonce=RkpFXClkx12iTBT30FurW2e2ZaDflerM&litespeed_type=imgoptm HTTP/1.1" 200 0 "-" "WordPress/6.7; https://carschronicle.com"
162.213.251.208 - - [15/Nov/2024:14:10:38 -0500] "POST /wp-cron.php?doing_wp_cron=1731697837.9766829013824462890625 HTTP/1.1" 200 0 "-" "WordPress/6.7; https://carschronicle.com"
207.46.13.111 - - [15/Nov/2024:14:10:26 -0500] "GET /95320158668.shtml HTTP/1.1" 301 0 "-" "Mozilla/5.0 AppleWebKit/537.36 (KHTML, like Gecko; compatible; bingbot/2.0; +http://www.bing.com/bingbot.htm) Chrome/116.0.1938.76 Safari/537.36"
162.213.251.208 - - [15/Nov/2024:14:10:40 -0500] "POST /wp-admin/admin-ajax.php?action=async_litespeed&nonce=gRAEeBJ8FjoQtrOIEQ24Pe2b7sZPbc4f&litespeed_type=imgoptm HTTP/1.1" 200 0 "-" "WordPress/6.7; https://carschronicle.com"
162.213.251.208 - - [15/Nov/2024:14:12:01 -0500] "POST /wp-cron.php?doing_wp_cron=1731697920.7700688838958740234375 HTTP/1.1" 200 0 "-" "WordPress/6.7; https://carschronicle.com"
157.55.39.62 - - [15/Nov/2024:14:11:59 -0500] "GET /82492319388.shtml HTTP/1.1" 301 0 "-" "Mozilla/5.0 AppleWebKit/537.36 (KHTML, like Gecko; compatible; bingbot/2.0; +http://www.bing.com/bingbot.htm) Chrome/116.0.1938.76 Safari/537.36"
162.213.251.208 - - [15/Nov/2024:14:12:04 -0500] "POST /wp-admin/admin-ajax.php?action=async_litespeed&nonce=1tNLzGofnChLIlh4BskQR5xVaGG1xSBy&litespeed_type=imgoptm HTTP/1.1" 200 0 "-" "WordPress/6.7; https://carschronicle.com"
162.213.251.208 - - [15/Nov/2024:14:12:29 -0500] "POST /wp-cron.php?doing_wp_cron=1731697949.6569650173187255859375 HTTP/1.1" 200 0 "-" "WordPress/6.7; https://carschronicle.com"
173.236.193.46 - - [15/Nov/2024:14:12:27 -0500] "POST /xmlrpc.php HTTP/1.1" 200 403 "-" "Mozilla/5.0 (Linux; Android 10; LM-X420) AppleWebKit/537.36 (KHTML, like Gecko) Chrome/91.0.4472.114 Mobile Safari/537.36"
162.213.251.208 - - [15/Nov/2024:14:12:31 -0500] "POST /wp-admin/admin-ajax.php?action=async_litespeed&nonce=ohZJdzVNKzuIWFTLRl9mqDI3KvMtNioL&litespeed_type=imgoptm HTTP/1.1" 200 0 "-" "WordPress/6.7; https://carschronicle.com"
111.67.196.90 - - [15/Nov/2024:14:12:33 -0500] "POST /xmlrpc.php HTTP/1.1" 200 403 "-" "Mozilla/5.0 (Windows NT 6.1; WOW64; rv:38.0) Gecko/20100101 Firefox/38.0"
162.213.251.208 - - [15/Nov/2024:14:21:24 -0500] "POST /wp-cron.php?doing_wp_cron=1731698484.2600739002227783203125 HTTP/1.1" 200 0 "-" "WordPress/6.7; https://carschronicle.com"
157.55.39.204 - - [15/Nov/2024:14:21:07 -0500] "GET /76767990406.shtml HTTP/1.1" 301 0 "-" "Mozilla/5.0 AppleWebKit/537.36 (KHTML, like Gecko; compatible; bingbot/2.0; +http://www.bing.com/bingbot.htm) Chrome/116.0.1938.76 Safari/537.36"
162.213.251.208 - - [15/Nov/2024:14:21:27 -0500] "POST /wp-admin/admin-ajax.php?action=async_litespeed&nonce=SbF0l1qXcY7K9FQm5SQjgXDSZxUGde4e&litespeed_type=imgoptm HTTP/1.1" 200 0 "-" "WordPress/6.7; https://carschronicle.com"
157.55.39.16 - - [15/Nov/2024:14:23:08 -0500] "GET /83938503970.shtml HTTP/1.1" 301 0 "-" "Mozilla/5.0 AppleWebKit/537.36 (KHTML, like Gecko; compatible; bingbot/2.0; +http://www.bing.com/bingbot.htm) Chrome/116.0.1938.76 Safari/537.36"
157.55.39.204 - - [15/Nov/2024:14:23:12 -0500] "GET /49646076201.shtml HTTP/1.1" 301 0 "-" "Mozilla/5.0 AppleWebKit/537.36 (KHTML, like Gecko; compatible; bingbot/2.0; +http://www.bing.com/bingbot.htm) Chrome/116.0.1938.76 Safari/537.36"
162.213.251.208 - - [15/Nov/2024:14:23:22 -0500] "POST /wp-cron.php?doing_wp_cron=1731698600.1307659149169921875000 HTTP/1.1" 200 0 "-" "WordPress/6.7; https://carschronicle.com"
54.36.148.125 - - [15/Nov/2024:14:26:46 -0500] "GET /2017/04/01/meet-our-50-most-daring-entrepreneurs-of-2017-2/feed/ HTTP/1.1" 200 407 "-" "Mozilla/5.0 (compatible; AhrefsBot/7.0; +http://ahrefs.com/robot/)"
162.213.251.208 - - [15/Nov/2024:14:27:11 -0500] "POST /wp-cron.php?doing_wp_cron=1731698828.8259940147399902343750 HTTP/1.1" 200 0 "-" "WordPress/6.7; https://carschronicle.com"
162.213.251.208 - - [15/Nov/2024:14:28:12 -0500] "POST /wp-cron.php?doing_wp_cron=1731698891.5642950534820556640625 HTTP/1.1" 200 0 "-" "WordPress/6.7; https://carschronicle.com"
207.46.13.102 - - [15/Nov/2024:14:28:09 -0500] "GET /32622490406.shtml HTTP/1.1" 301 0 "-" "Mozilla/5.0 AppleWebKit/537.36 (KHTML, like Gecko; compatible; bingbot/2.0; +http://www.bing.com/bingbot.htm) Chrome/116.0.1938.76 Safari/537.36"
162.213.251.208 - - [15/Nov/2024:14:28:16 -0500] "POST /wp-admin/admin-ajax.php?action=async_litespeed&nonce=OsQv1VDz1F3cH3Z1ZNcZGjHv6Lo4JSdc&litespeed_type=imgoptm HTTP/1.1" 200 0 "-" "WordPress/6.7; https://carschronicle.com"
207.46.13.102 - - [15/Nov/2024:14:30:18 -0500] "GET /sitemaps.xml HTTP/1.1" 301 0 "-" "Mozilla/5.0 AppleWebKit/537.36 (KHTML, like Gecko; compatible; bingbot/2.0; +http://www.bing.com/bingbot.htm) Chrome/116.0.1938.76 Safari/537.36"
162.213.251.208 - - [15/Nov/2024:14:30:36 -0500] "POST /wp-cron.php?doing_wp_cron=1731699034.7425539493560791015625 HTTP/1.1" 200 0 "-" "WordPress/6.7; https://carschronicle.com"
157.55.39.194 - - [15/Nov/2024:14:30:48 -0500] "GET /sitemaps.xml HTTP/1.1" 404 13917 "-" "Mozilla/5.0 AppleWebKit/537.36 (KHTML, like Gecko; compatible; bingbot/2.0; +http://www.bing.com/bingbot.htm) Chrome/116.0.1938.76 Safari/537.36"
162.213.251.208 - - [15/Nov/2024:14:32:39 -0500] "POST /wp-cron.php?doing_wp_cron=1731699158.0883209705352783203125 HTTP/1.1" 200 0 "-" "WordPress/6.7; https://carschronicle.com"
157.55.39.16 - - [15/Nov/2024:14:32:32 -0500] "GET /79909197717.shtml HTTP/1.1" 404 13913 "-" "Mozilla/5.0 AppleWebKit/537.36 (KHTML, like Gecko; compatible; bingbot/2.0; +http://www.bing.com/bingbot.htm) Chrome/116.0.1938.76 Safari/537.36"
162.213.251.208 - - [15/Nov/2024:14:35:14 -0500] "POST /wp-cron.php?doing_wp_cron=1731699312.6689670085906982421875 HTTP/1.1" 200 0 "-" "WordPress/6.7; https://carschronicle.com"
157.55.39.11 - - [15/Nov/2024:14:34:52 -0500] "GET /54367683608.shtml HTTP/1.1" 301 0 "-" "Mozilla/5.0 AppleWebKit/537.36 (KHTML, like Gecko; compatible; bingbot/2.0; +http://www.bing.com/bingbot.htm) Chrome/116.0.1938.76 Safari/537.36"
157.55.39.55 - - [15/Nov/2024:14:36:03 -0500] "GET /33701928898.shtml HTTP/1.1" 301 0 "-" "Mozilla/5.0 AppleWebKit/537.36 (KHTML, like Gecko; compatible; bingbot/2.0; +http://www.bing.com/bingbot.htm) Chrome/116.0.1938.76 Safari/537.36"
157.55.39.11 - - [15/Nov/2024:14:36:07 -0500] "GET /53008204384.shtml HTTP/1.1" 301 0 "-" "Mozilla/5.0 AppleWebKit/537.36 (KHTML, like Gecko; compatible; bingbot/2.0; +http://www.bing.com/bingbot.htm) Chrome/116.0.1938.76 Safari/537.36"
157.55.39.11 - - [15/Nov/2024:14:37:41 -0500] "GET /101205678807.shtml HTTP/1.1" 301 0 "-" "Mozilla/5.0 AppleWebKit/537.36 (KHTML, like Gecko; compatible; bingbot/2.0; +http://www.bing.com/bingbot.htm) Chrome/116.0.1938.76 Safari/537.36"
162.213.251.208 - - [15/Nov/2024:14:38:01 -0500] "POST /wp-cron.php?doing_wp_cron=1731699479.4560630321502685546875 HTTP/1.1" 200 0 "-" "WordPress/6.7; https://carschronicle.com"
162.213.251.208 - - [15/Nov/2024:14:41:10 -0500] "POST /wp-cron.php?doing_wp_cron=1731699670.1831099987030029296875 HTTP/1.1" 200 0 "-" "WordPress/6.7; https://carschronicle.com"
157.55.39.55 - - [15/Nov/2024:14:40:52 -0500] "GET /78232068374.shtml HTTP/1.1" 301 0 "-" "Mozilla/5.0 AppleWebKit/537.36 (KHTML, like Gecko; compatible; bingbot/2.0; +http://www.bing.com/bingbot.htm) Chrome/116.0.1938.76 Safari/537.36"
162.213.251.208 - - [15/Nov/2024:14:41:12 -0500] "POST /wp-admin/admin-ajax.php?action=async_litespeed&nonce=SEVi6ZTYZBX8AouXtnmSOEvHsdip3quB&litespeed_type=imgoptm HTTP/1.1" 200 0 "-" "WordPress/6.7; https://carschronicle.com"
52.237.201.21 - - [15/Nov/2024:14:41:15 -0500] "HEAD /wordpress HTTP/1.1" 404 0 "http://carschronicle.com/wordpress" "Mozilla/5.0 (Windows NT 10.0; Win64; x64) AppleWebKit/537.36 (KHTML, like Gecko) Chrome/74.0.3729.169 Safari/537.36"
20.42.223.37 - - [15/Nov/2024:14:41:15 -0500] "HEAD /wordpress HTTP/1.1" 404 0 "http://carschronicle.com/wordpress" "Mozilla/5.0 (Windows NT 10.0; Win64; x64) AppleWebKit/537.36 (KHTML, like Gecko) Chrome/74.0.3729.169 Safari/537.36"
52.237.201.21 - - [15/Nov/2024:14:41:19 -0500] "HEAD / HTTP/1.1" 200 0 "http://carschronicle.com/" "Mozilla/5.0 (Windows NT 10.0; Win64; x64) AppleWebKit/537.36 (KHTML, like Gecko) Chrome/74.0.3729.169 Safari/537.36"
20.42.223.37 - - [15/Nov/2024:14:41:20 -0500] "HEAD / HTTP/1.1" 200 0 "http://carschronicle.com/" "Mozilla/5.0 (Windows NT 10.0; Win64; x64) AppleWebKit/537.36 (KHTML, like Gecko) Chrome/74.0.3729.169 Safari/537.36"
52.237.201.21 - - [15/Nov/2024:14:41:21 -0500] "HEAD /wp HTTP/1.1" 404 0 "http://carschronicle.com/wp" "Mozilla/5.0 (Windows NT 10.0; Win64; x64) AppleWebKit/537.36 (KHTML, like Gecko) Chrome/74.0.3729.169 Safari/537.36"
20.42.223.37 - - [15/Nov/2024:14:41:22 -0500] "HEAD /wp HTTP/1.1" 404 0 "http://carschronicle.com/wp" "Mozilla/5.0 (Windows NT 10.0; Win64; x64) AppleWebKit/537.36 (KHTML, like Gecko) Chrome/74.0.3729.169 Safari/537.36"
157.55.39.55 - - [15/Nov/2024:14:41:24 -0500] "GET /35683734486.shtml HTTP/1.1" 301 0 "-" "Mozilla/5.0 AppleWebKit/537.36 (KHTML, like Gecko; compatible; bingbot/2.0; +http://www.bing.com/bingbot.htm) Chrome/116.0.1938.76 Safari/537.36"
52.237.201.21 - - [15/Nov/2024:14:41:24 -0500] "HEAD /bc HTTP/1.1" 404 0 "http://carschronicle.com/bc" "Mozilla/5.0 (Windows NT 10.0; Win64; x64) AppleWebKit/537.36 (KHTML, like Gecko) Chrome/74.0.3729.169 Safari/537.36"
20.42.223.37 - - [15/Nov/2024:14:41:26 -0500] "HEAD /bc HTTP/1.1" 404 0 "http://carschronicle.com/bc" "Mozilla/5.0 (Windows NT 10.0; Win64; x64) AppleWebKit/537.36 (KHTML, like Gecko) Chrome/74.0.3729.169 Safari/537.36"
52.237.201.21 - - [15/Nov/2024:14:41:28 -0500] "HEAD /bk HTTP/1.1" 404 0 "http://carschronicle.com/bk" "Mozilla/5.0 (Windows NT 10.0; Win64; x64) AppleWebKit/537.36 (KHTML, like Gecko) Chrome/74.0.3729.169 Safari/537.36"
20.42.223.37 - - [15/Nov/2024:14:41:28 -0500] "HEAD /bk HTTP/1.1" 404 0 "http://carschronicle.com/bk" "Mozilla/5.0 (Windows NT 10.0; Win64; x64) AppleWebKit/537.36 (KHTML, like Gecko) Chrome/74.0.3729.169 Safari/537.36"
52.237.201.21 - - [15/Nov/2024:14:41:30 -0500] "HEAD /backup HTTP/1.1" 404 0 "http://carschronicle.com/backup" "Mozilla/5.0 (Windows NT 10.0; Win64; x64) AppleWebKit/537.36 (KHTML, like Gecko) Chrome/74.0.3729.169 Safari/537.36"
20.42.223.37 - - [15/Nov/2024:14:41:30 -0500] "HEAD /backup HTTP/1.1" 404 0 "http://carschronicle.com/backup" "Mozilla/5.0 (Windows NT 10.0; Win64; x64) AppleWebKit/537.36 (KHTML, like Gecko) Chrome/74.0.3729.169 Safari/537.36"
157.55.39.11 - - [15/Nov/2024:14:41:31 -0500] "GET /27716230863.shtml HTTP/1.1" 301 0 "-" "Mozilla/5.0 AppleWebKit/537.36 (KHTML, like Gecko; compatible; bingbot/2.0; +http://www.bing.com/bingbot.htm) Chrome/116.0.1938.76 Safari/537.36"
52.237.201.21 - - [15/Nov/2024:14:41:33 -0500] "HEAD /old HTTP/1.1" 404 0 "http://carschronicle.com/old" "Mozilla/5.0 (Windows NT 10.0; Win64; x64) AppleWebKit/537.36 (KHTML, like Gecko) Chrome/74.0.3729.169 Safari/537.36"
20.42.223.37 - - [15/Nov/2024:14:41:34 -0500] "HEAD /old HTTP/1.1" 404 0 "http://carschronicle.com/old" "Mozilla/5.0 (Windows NT 10.0; Win64; x64) AppleWebKit/537.36 (KHTML, like Gecko) Chrome/74.0.3729.169 Safari/537.36"
52.237.201.21 - - [15/Nov/2024:14:41:37 -0500] "HEAD /new HTTP/1.1" 404 0 "http://carschronicle.com/new" "Mozilla/5.0 (Windows NT 10.0; Win64; x64) AppleWebKit/537.36 (KHTML, like Gecko) Chrome/74.0.3729.169 Safari/537.36"
20.42.223.37 - - [15/Nov/2024:14:41:38 -0500] "HEAD /new HTTP/1.1" 404 0 "http://carschronicle.com/new" "Mozilla/5.0 (Windows NT 10.0; Win64; x64) AppleWebKit/537.36 (KHTML, like Gecko) Chrome/74.0.3729.169 Safari/537.36"
52.237.201.21 - - [15/Nov/2024:14:41:41 -0500] "HEAD /main HTTP/1.1" 404 0 "http://carschronicle.com/main" "Mozilla/5.0 (Windows NT 10.0; Win64; x64) AppleWebKit/537.36 (KHTML, like Gecko) Chrome/74.0.3729.169 Safari/537.36"
20.42.223.37 - - [15/Nov/2024:14:41:41 -0500] "HEAD /main HTTP/1.1" 404 0 "http://carschronicle.com/main" "Mozilla/5.0 (Windows NT 10.0; Win64; x64) AppleWebKit/537.36 (KHTML, like Gecko) Chrome/74.0.3729.169 Safari/537.36"
52.237.201.21 - - [15/Nov/2024:14:41:44 -0500] "HEAD /home HTTP/1.1" 301 0 "http://carschronicle.com/home" "Mozilla/5.0 (Windows NT 10.0; Win64; x64) AppleWebKit/537.36 (KHTML, like Gecko) Chrome/74.0.3729.169 Safari/537.36"
52.237.201.21 - - [15/Nov/2024:14:41:46 -0500] "HEAD / HTTP/1.1" 200 0 "https://carschronicle.com/home" "Mozilla/5.0 (Windows NT 10.0; Win64; x64) AppleWebKit/537.36 (KHTML, like Gecko) Chrome/74.0.3729.169 Safari/537.36"
20.42.223.37 - - [15/Nov/2024:14:41:44 -0500] "HEAD /home HTTP/1.1" 301 0 "http://carschronicle.com/home" "Mozilla/5.0 (Windows NT 10.0; Win64; x64) AppleWebKit/537.36 (KHTML, like Gecko) Chrome/74.0.3729.169 Safari/537.36"
20.42.223.37 - - [15/Nov/2024:14:41:47 -0500] "HEAD / HTTP/1.1" 200 0 "https://carschronicle.com/home" "Mozilla/5.0 (Windows NT 10.0; Win64; x64) AppleWebKit/537.36 (KHTML, like Gecko) Chrome/74.0.3729.169 Safari/537.36"
162.213.251.208 - - [15/Nov/2024:14:44:28 -0500] "POST /wp-cron.php?doing_wp_cron=1731699868.2418069839477539062500 HTTP/1.1" 200 0 "-" "WordPress/6.7; https://carschronicle.com"
54.36.148.210 - - [15/Nov/2024:14:44:16 -0500] "GET /product-category/backpacks/feed/ HTTP/1.1" 200 1321 "-" "Mozilla/5.0 (compatible; AhrefsBot/7.0; +http://ahrefs.com/robot/)"
162.213.251.208 - - [15/Nov/2024:14:44:30 -0500] "POST /wp-admin/admin-ajax.php?action=async_litespeed&nonce=9NXdTGjqDLWb1ZdipAUNFmwxWsG4ueWZ&litespeed_type=imgoptm HTTP/1.1" 200 0 "-" "WordPress/6.7; https://carschronicle.com"
157.55.39.193 - - [15/Nov/2024:14:45:32 -0500] "GET /57470387967.shtml HTTP/1.1" 301 0 "-" "Mozilla/5.0 AppleWebKit/537.36 (KHTML, like Gecko; compatible; bingbot/2.0; +http://www.bing.com/bingbot.htm) Chrome/116.0.1938.76 Safari/537.36"
162.213.251.208 - - [15/Nov/2024:14:45:36 -0500] "POST /wp-cron.php?doing_wp_cron=1731699934.3780450820922851562500 HTTP/1.1" 200 0 "-" "WordPress/6.7; https://carschronicle.com"
157.55.39.204 - - [15/Nov/2024:14:45:37 -0500] "GET /70283555512.shtml HTTP/1.1" 301 0 "-" "Mozilla/5.0 AppleWebKit/537.36 (KHTML, like Gecko; compatible; bingbot/2.0; +http://www.bing.com/bingbot.htm) Chrome/116.0.1938.76 Safari/537.36"
162.213.251.208 - - [15/Nov/2024:14:52:08 -0500] "POST /wp-cron.php?doing_wp_cron=1731700328.2370810508728027343750 HTTP/1.1" 200 0 "-" "WordPress/6.7; https://carschronicle.com"
54.36.148.104 - - [15/Nov/2024:14:51:50 -0500] "GET /2017/07/06/growing-up-with-famous-parents-is-really-horrible/ HTTP/1.1" 404 13920 "-" "Mozilla/5.0 (compatible; AhrefsBot/7.0; +http://ahrefs.com/robot/)"
162.213.251.208 - - [15/Nov/2024:14:52:09 -0500] "POST /wp-admin/admin-ajax.php?action=async_litespeed&nonce=87tpYazHXRQfxn34pr5hFcLavAStKamD&litespeed_type=imgoptm HTTP/1.1" 200 0 "-" "WordPress/6.7; https://carschronicle.com"
162.213.251.208 - - [15/Nov/2024:14:52:43 -0500] "POST /wp-cron.php?doing_wp_cron=1731700363.2573740482330322265625 HTTP/1.1" 200 0 "-" "WordPress/6.7; https://carschronicle.com"
157.55.39.193 - - [15/Nov/2024:14:52:41 -0500] "GET /58347594186.shtml HTTP/1.1" 301 0 "-" "Mozilla/5.0 AppleWebKit/537.36 (KHTML, like Gecko; compatible; bingbot/2.0; +http://www.bing.com/bingbot.htm) Chrome/116.0.1938.76 Safari/537.36"
162.213.251.208 - - [15/Nov/2024:14:52:44 -0500] "POST /wp-admin/admin-ajax.php?action=async_litespeed&nonce=2L5maunRrpd6ISFdxNhLKtOWRhxl7fyu&litespeed_type=imgoptm HTTP/1.1" 200 0 "-" "WordPress/6.7; https://carschronicle.com"
162.213.251.208 - - [15/Nov/2024:14:54:58 -0500] "POST /wp-cron.php?doing_wp_cron=1731700498.2977700233459472656250 HTTP/1.1" 200 0 "-" "WordPress/6.7; https://carschronicle.com"
20.15.133.191 - - [15/Nov/2024:14:54:46 -0500] "GET /25178674180.shtml HTTP/1.1" 301 0 "-" "Mozilla/5.0 AppleWebKit/537.36 (KHTML, like Gecko; compatible; bingbot/2.0; +http://www.bing.com/bingbot.htm) Chrome/116.0.1938.76 Safari/537.36"
