162.213.251.208 - - [15/Nov/2024:14:55:00 -0500] "POST /wp-admin/admin-ajax.php?action=async_litespeed&nonce=L8IuQYQu9cePTEQCnjG4zaxrCSLlVFzI&litespeed_type=imgoptm HTTP/1.1" 200 0 "-" "WordPress/6.7; https://carschronicle.com"
216.244.66.234 - - [15/Nov/2024:14:57:26 -0500] "GET /robots.txt HTTP/1.1" 200 270 "-" "Mozilla/5.0 (compatible; DotBot/1.2; +https://opensiteexplorer.org/dotbot; help@moz.com)"
162.213.251.208 - - [15/Nov/2024:14:59:44 -0500] "POST /wp-cron.php?doing_wp_cron=1731700784.1155319213867187500000 HTTP/1.1" 200 0 "-" "WordPress/6.7; https://carschronicle.com"
66.249.79.33 - - [15/Nov/2024:14:59:27 -0500] "GET /?25682283417.shtml HTTP/1.1" 301 0 "-" "Mozilla/5.0 (Linux; Android 6.0.1; Nexus 5X Build/MMB29P) AppleWebKit/537.36 (KHTML, like Gecko) Chrome/131.0.6778.69 Mobile Safari/537.36 (compatible; Googlebot/2.1; +http://www.google.com/bot.html)"
162.213.251.208 - - [15/Nov/2024:14:59:46 -0500] "POST /wp-admin/admin-ajax.php?action=async_litespeed&nonce=g9iVR6tvgu4PoHcFBMaOh5t1i11lAkb0&litespeed_type=imgoptm HTTP/1.1" 200 0 "-" "WordPress/6.7; https://carschronicle.com"
54.36.149.15 - - [15/Nov/2024:15:00:03 -0500] "GET /tag/money/ HTTP/1.1" 200 16206 "-" "Mozilla/5.0 (compatible; AhrefsBot/7.0; +http://ahrefs.com/robot/)"
162.213.251.208 - - [15/Nov/2024:15:00:26 -0500] "POST /wp-cron.php?doing_wp_cron=1731700825.6583890914916992187500 HTTP/1.1" 200 0 "-" "WordPress/6.7; https://carschronicle.com"
157.55.39.202 - - [15/Nov/2024:15:00:24 -0500] "GET /26701473853.shtml HTTP/1.1" 301 0 "-" "Mozilla/5.0 AppleWebKit/537.36 (KHTML, like Gecko; compatible; bingbot/2.0; +http://www.bing.com/bingbot.htm) Chrome/116.0.1938.76 Safari/537.36"
162.213.251.208 - - [15/Nov/2024:15:00:28 -0500] "POST /wp-admin/admin-ajax.php?action=async_litespeed&nonce=loxYq0JCc7OeDoK7SOvNKVxSwi2u9Y4e&litespeed_type=imgoptm HTTP/1.1" 200 0 "-" "WordPress/6.7; https://carschronicle.com"
162.213.251.208 - - [15/Nov/2024:15:01:14 -0500] "POST /wp-cron.php?doing_wp_cron=1731700874.2013249397277832031250 HTTP/1.1" 200 0 "-" "WordPress/6.7; https://carschronicle.com"
162.213.251.208 - - [15/Nov/2024:15:01:16 -0500] "POST /wp-admin/admin-ajax.php?action=async_litespeed&nonce=S1q0Dwrj6CopXGMphAFCJWmRsTCiYuRG&litespeed_type=imgoptm HTTP/1.1" 200 0 "-" "WordPress/6.7; https://carschronicle.com"
66.249.79.34 - - [15/Nov/2024:15:01:12 -0500] "GET /?25682283417_shtml HTTP/1.1" 200 18086 "-" "Mozilla/5.0 (Linux; Android 6.0.1; Nexus 5X Build/MMB29P) AppleWebKit/537.36 (KHTML, like Gecko) Chrome/131.0.6778.69 Mobile Safari/537.36 (compatible; Googlebot/2.1; +http://www.google.com/bot.html)"
162.213.251.208 - - [15/Nov/2024:15:01:35 -0500] "POST /wp-cron.php?doing_wp_cron=1731700895.6179039478302001953125 HTTP/1.1" 200 0 "-" "WordPress/6.7; https://carschronicle.com"
66.249.79.34 - - [15/Nov/2024:15:01:34 -0500] "GET /80704912484.shtml HTTP/1.1" 404 13907 "-" "Mozilla/5.0 (Linux; Android 6.0.1; Nexus 5X Build/MMB29P) AppleWebKit/537.36 (KHTML, like Gecko) Chrome/131.0.6778.69 Mobile Safari/537.36 (compatible; Googlebot/2.1; +http://www.google.com/bot.html)"
162.213.251.208 - - [15/Nov/2024:15:02:59 -0500] "POST /wp-cron.php?doing_wp_cron=1731700978.1975300312042236328125 HTTP/1.1" 200 0 "-" "WordPress/6.7; https://carschronicle.com"
157.55.39.202 - - [15/Nov/2024:15:02:56 -0500] "GET /64162104496.shtml HTTP/1.1" 301 0 "-" "Mozilla/5.0 AppleWebKit/537.36 (KHTML, like Gecko; compatible; bingbot/2.0; +http://www.bing.com/bingbot.htm) Chrome/116.0.1938.76 Safari/537.36"
162.213.251.208 - - [15/Nov/2024:15:06:10 -0500] "POST /wp-cron.php?doing_wp_cron=1731701169.8870999813079833984375 HTTP/1.1" 200 0 "-" "WordPress/6.7; https://carschronicle.com"
157.55.39.56 - - [15/Nov/2024:15:05:54 -0500] "GET /68886422991.shtml HTTP/1.1" 301 0 "-" "Mozilla/5.0 AppleWebKit/537.36 (KHTML, like Gecko; compatible; bingbot/2.0; +http://www.bing.com/bingbot.htm) Chrome/116.0.1938.76 Safari/537.36"
162.213.251.208 - - [15/Nov/2024:15:06:13 -0500] "POST /wp-admin/admin-ajax.php?action=async_litespeed&nonce=KLRoTGATYN4fGKSsnZZ1URTQ5O7rkx0f&litespeed_type=imgoptm HTTP/1.1" 200 0 "-" "WordPress/6.7; https://carschronicle.com"
54.36.148.250 - - [15/Nov/2024:15:13:08 -0500] "GET /2017/05/26/finding-effective-solutions-for-solving-communication-issues/feed/ HTTP/1.1" 200 407 "-" "Mozilla/5.0 (compatible; AhrefsBot/7.0; +http://ahrefs.com/robot/)"
162.213.251.208 - - [15/Nov/2024:15:13:23 -0500] "POST /wp-cron.php?doing_wp_cron=1731701601.8482398986816406250000 HTTP/1.1" 200 0 "-" "WordPress/6.7; https://carschronicle.com"
157.55.39.56 - - [15/Nov/2024:15:13:34 -0500] "GET /28927467152.shtml HTTP/1.1" 301 0 "-" "Mozilla/5.0 AppleWebKit/537.36 (KHTML, like Gecko; compatible; bingbot/2.0; +http://www.bing.com/bingbot.htm) Chrome/116.0.1938.76 Safari/537.36"
162.213.251.208 - - [15/Nov/2024:15:14:51 -0500] "POST /wp-cron.php?doing_wp_cron=1731701691.4534430503845214843750 HTTP/1.1" 200 0 "-" "WordPress/6.7; https://carschronicle.com"
207.46.13.124 - - [15/Nov/2024:15:14:50 -0500] "GET /54615933091.shtml HTTP/1.1" 301 0 "-" "Mozilla/5.0 AppleWebKit/537.36 (KHTML, like Gecko; compatible; bingbot/2.0; +http://www.bing.com/bingbot.htm) Chrome/116.0.1938.76 Safari/537.36"
162.213.251.208 - - [15/Nov/2024:15:14:55 -0500] "POST /wp-admin/admin-ajax.php?action=async_litespeed&nonce=XSgwL9wAfu5nj2uZgLjZ9kJHSXDZjoTf&litespeed_type=imgoptm HTTP/1.1" 200 0 "-" "WordPress/6.7; https://carschronicle.com"
207.46.13.157 - - [15/Nov/2024:15:21:54 -0500] "GET /84894394102.shtml HTTP/1.1" 301 0 "-" "Mozilla/5.0 AppleWebKit/537.36 (KHTML, like Gecko; compatible; bingbot/2.0; +http://www.bing.com/bingbot.htm) Chrome/116.0.1938.76 Safari/537.36"
162.213.251.208 - - [15/Nov/2024:15:22:07 -0500] "POST /wp-cron.php?doing_wp_cron=1731702127.3452539443969726562500 HTTP/1.1" 200 0 "-" "WordPress/6.7; https://carschronicle.com"
207.46.13.54 - - [15/Nov/2024:15:21:51 -0500] "GET /56653806737.shtml HTTP/1.1" 301 0 "-" "Mozilla/5.0 AppleWebKit/537.36 (KHTML, like Gecko; compatible; bingbot/2.0; +http://www.bing.com/bingbot.htm) Chrome/116.0.1938.76 Safari/537.36"
162.213.251.208 - - [15/Nov/2024:15:22:09 -0500] "POST /wp-admin/admin-ajax.php?action=async_litespeed&nonce=N2WCfzxqitkDLd6vQSdSh0VX7J2oF859&litespeed_type=imgoptm HTTP/1.1" 200 0 "-" "WordPress/6.7; https://carschronicle.com"
162.213.251.208 - - [15/Nov/2024:15:23:15 -0500] "POST /wp-cron.php?doing_wp_cron=1731702195.5294179916381835937500 HTTP/1.1" 200 0 "-" "WordPress/6.7; https://carschronicle.com"
207.46.13.157 - - [15/Nov/2024:15:23:14 -0500] "GET /76976806737.shtml HTTP/1.1" 301 0 "-" "Mozilla/5.0 AppleWebKit/537.36 (KHTML, like Gecko; compatible; bingbot/2.0; +http://www.bing.com/bingbot.htm) Chrome/116.0.1938.76 Safari/537.36"
207.46.13.157 - - [15/Nov/2024:15:23:16 -0500] "GET /104783690406.shtml HTTP/1.1" 301 0 "-" "Mozilla/5.0 AppleWebKit/537.36 (KHTML, like Gecko; compatible; bingbot/2.0; +http://www.bing.com/bingbot.htm) Chrome/116.0.1938.76 Safari/537.36"
162.213.251.208 - - [15/Nov/2024:15:23:16 -0500] "POST /wp-admin/admin-ajax.php?action=async_litespeed&nonce=cm1knNxar2ymXGWHprbU0pXtPgTduNAn&litespeed_type=imgoptm HTTP/1.1" 200 21 "-" "WordPress/6.7; https://carschronicle.com"
207.46.13.54 - - [15/Nov/2024:15:23:29 -0500] "GET /93488304190.shtml HTTP/1.1" 301 0 "-" "Mozilla/5.0 AppleWebKit/537.36 (KHTML, like Gecko; compatible; bingbot/2.0; +http://www.bing.com/bingbot.htm) Chrome/116.0.1938.76 Safari/537.36"
162.213.251.208 - - [15/Nov/2024:15:24:11 -0500] "POST /wp-cron.php?doing_wp_cron=1731702251.4214119911193847656250 HTTP/1.1" 200 0 "-" "WordPress/6.7; https://carschronicle.com"
207.46.13.54 - - [15/Nov/2024:15:24:10 -0500] "GET /50779639955.shtml HTTP/1.1" 301 0 "-" "Mozilla/5.0 AppleWebKit/537.36 (KHTML, like Gecko; compatible; bingbot/2.0; +http://www.bing.com/bingbot.htm) Chrome/116.0.1938.76 Safari/537.36"
162.213.251.208 - - [15/Nov/2024:15:24:12 -0500] "POST /wp-admin/admin-ajax.php?action=async_litespeed&nonce=lUoiC2uq2KV6VcAq19K6RN7AVVPxzN6V&litespeed_type=imgoptm HTTP/1.1" 200 21 "-" "WordPress/6.7; https://carschronicle.com"
54.36.149.74 - - [15/Nov/2024:15:24:35 -0500] "GET /2017/03/08/running-shoes-do-not-make-you-a-professional-runner/ HTTP/1.1" 404 13905 "-" "Mozilla/5.0 (compatible; AhrefsBot/7.0; +http://ahrefs.com/robot/)"
170.106.180.139 - - [15/Nov/2024:15:24:55 -0500] "GET / HTTP/1.1" 301 0 "http://www.carschronicle.com" "Mozilla/5.0 (iPhone; CPU iPhone OS 13_2_3 like Mac OS X) AppleWebKit/605.1.15 (KHTML, like Gecko) Version/13.0.3 Mobile/15E148 Safari/604.1"
170.106.180.139 - - [15/Nov/2024:15:24:58 -0500] "GET / HTTP/1.1" 200 22149 "https://www.carschronicle.com/" "Mozilla/5.0 (iPhone; CPU iPhone OS 13_2_3 like Mac OS X) AppleWebKit/605.1.15 (KHTML, like Gecko) Version/13.0.3 Mobile/15E148 Safari/604.1"
162.213.251.208 - - [15/Nov/2024:15:28:34 -0500] "POST /wp-cron.php?doing_wp_cron=1731702514.0680649280548095703125 HTTP/1.1" 200 0 "-" "WordPress/6.7; https://carschronicle.com"
216.244.66.234 - - [15/Nov/2024:15:28:19 -0500] "GET /category/random-news/feed/ HTTP/1.1" 200 1128 "-" "Mozilla/5.0 (compatible; DotBot/1.2; +https://opensiteexplorer.org/dotbot; help@moz.com)"
162.213.251.208 - - [15/Nov/2024:15:28:36 -0500] "POST /wp-admin/admin-ajax.php?action=async_litespeed&nonce=cvEPkuub47nNBlI3sYGJm7YGjcHPf4Tz&litespeed_type=imgoptm HTTP/1.1" 200 0 "-" "WordPress/6.7; https://carschronicle.com"
62.113.113.106 - - [15/Nov/2024:15:29:59 -0500] "GET /contacts/ HTTP/1.0" 200 79376 "https://carschronicle.com/contacts/" "Mozilla/5.0 (Windows NT 10.0; Win64; x64) AppleWebKit/537.36 (KHTML, like Gecko) Chrome/124.0.6367.92 Safari/537.36"
162.213.251.208 - - [15/Nov/2024:15:30:21 -0500] "POST /wp-cron.php?doing_wp_cron=1731702620.7765510082244873046875 HTTP/1.1" 200 0 "-" "WordPress/6.7; https://carschronicle.com"
162.213.251.208 - - [15/Nov/2024:15:30:23 -0500] "POST /wp-admin/admin-ajax.php?action=async_litespeed&nonce=Kt8lEH6Ey8LO8u7uuOBWPcxbEr4JO4e4&litespeed_type=imgoptm HTTP/1.1" 200 0 "-" "WordPress/6.7; https://carschronicle.com"
62.113.113.106 - - [15/Nov/2024:15:30:14 -0500] "POST /contacts/ HTTP/1.0" 200 79710 "https://carschronicle.com/contacts/" "Mozilla/5.0 (Windows NT 10.0; Win64; x64) AppleWebKit/537.36 (KHTML, like Gecko) Chrome/124.0.6367.92 Safari/537.36"
162.213.251.208 - - [15/Nov/2024:15:31:25 -0500] "POST /wp-cron.php?doing_wp_cron=1731702685.2584979534149169921875 HTTP/1.1" 200 0 "-" "WordPress/6.7; https://carschronicle.com"
207.46.13.141 - - [15/Nov/2024:15:31:23 -0500] "GET /50203812484.shtml HTTP/1.1" 301 0 "-" "Mozilla/5.0 AppleWebKit/537.36 (KHTML, like Gecko; compatible; bingbot/2.0; +http://www.bing.com/bingbot.htm) Chrome/116.0.1938.76 Safari/537.36"
162.213.251.208 - - [15/Nov/2024:15:31:27 -0500] "POST /wp-admin/admin-ajax.php?action=async_litespeed&nonce=nTvqxGS6ukC4BPpFpnrRjgTI8My5w9e7&litespeed_type=imgoptm HTTP/1.1" 200 0 "-" "WordPress/6.7; https://carschronicle.com"
157.55.39.59 - - [15/Nov/2024:15:31:29 -0500] "GET /66227699958.shtml HTTP/1.1" 301 0 "-" "Mozilla/5.0 AppleWebKit/537.36 (KHTML, like Gecko; compatible; bingbot/2.0; +http://www.bing.com/bingbot.htm) Chrome/116.0.1938.76 Safari/537.36"
162.213.251.208 - - [15/Nov/2024:15:32:13 -0500] "POST /wp-cron.php?doing_wp_cron=1731702733.7542269229888916015625 HTTP/1.1" 200 0 "-" "WordPress/6.7; https://carschronicle.com"
157.55.39.202 - - [15/Nov/2024:15:32:12 -0500] "GET /20060627993.shtml HTTP/1.1" 301 0 "-" "Mozilla/5.0 AppleWebKit/537.36 (KHTML, like Gecko; compatible; bingbot/2.0; +http://www.bing.com/bingbot.htm) Chrome/116.0.1938.76 Safari/537.36"
162.213.251.208 - - [15/Nov/2024:15:32:15 -0500] "POST /wp-admin/admin-ajax.php?action=async_litespeed&nonce=iaM1cgfIoowsXISAb0Ym8h9HK4btjHA5&litespeed_type=imgoptm HTTP/1.1" 200 0 "-" "WordPress/6.7; https://carschronicle.com"
162.213.251.208 - - [15/Nov/2024:15:36:45 -0500] "POST /wp-cron.php?doing_wp_cron=1731703005.7145309448242187500000 HTTP/1.1" 200 0 "-" "WordPress/6.7; https://carschronicle.com"
54.36.148.81 - - [15/Nov/2024:15:36:33 -0500] "GET /2017/07/02/millennials-might-love-this-part-of-the-gop-tax-plan/ HTTP/1.1" 404 13921 "-" "Mozilla/5.0 (compatible; AhrefsBot/7.0; +http://ahrefs.com/robot/)"
162.213.251.208 - - [15/Nov/2024:15:36:47 -0500] "POST /wp-admin/admin-ajax.php?action=async_litespeed&nonce=YjECmj0MkB86a7bum3euzWTqfVOv6Vst&litespeed_type=imgoptm HTTP/1.1" 200 0 "-" "WordPress/6.7; https://carschronicle.com"
162.213.251.208 - - [15/Nov/2024:15:38:28 -0500] "POST /wp-cron.php?doing_wp_cron=1731703108.2525780200958251953125 HTTP/1.1" 200 0 "-" "WordPress/6.7; https://carschronicle.com"
216.244.66.234 - - [15/Nov/2024:15:38:21 -0500] "GET /2017/05/30/top-mobile-apps-for-meeting-new-people-on-internet/feed/ HTTP/1.1" 200 750 "-" "Mozilla/5.0 (compatible; DotBot/1.2; +https://opensiteexplorer.org/dotbot; help@moz.com)"
162.213.251.208 - - [15/Nov/2024:15:38:30 -0500] "POST /wp-admin/admin-ajax.php?action=async_litespeed&nonce=frcG6tuI74NixW7VEUrxaCG9Bzja78gN&litespeed_type=imgoptm HTTP/1.1" 200 0 "-" "WordPress/6.7; https://carschronicle.com"
162.213.251.208 - - [15/Nov/2024:15:40:36 -0500] "POST /wp-cron.php?doing_wp_cron=1731703235.6778628826141357421875 HTTP/1.1" 200 0 "-" "WordPress/6.7; https://carschronicle.com"
157.55.39.201 - - [15/Nov/2024:15:40:30 -0500] "GET /100090202823.shtml HTTP/1.1" 301 0 "-" "Mozilla/5.0 AppleWebKit/537.36 (KHTML, like Gecko; compatible; bingbot/2.0; +http://www.bing.com/bingbot.htm) Chrome/116.0.1938.76 Safari/537.36"
162.213.251.208 - - [15/Nov/2024:15:40:37 -0500] "POST /wp-admin/admin-ajax.php?action=async_litespeed&nonce=EtC67EjLaAbqF2KQj2CpndHcOxIWSg55&litespeed_type=imgoptm HTTP/1.1" 200 0 "-" "WordPress/6.7; https://carschronicle.com"
54.176.48.144 - - [15/Nov/2024:15:41:02 -0500] "GET / HTTP/1.1" 200 22149 "-" "Mozilla/5.0 (X11; Linux x86_64) AppleWebKit/537.36 (KHTML, like Gecko) Chrome/51.0.2704.103 Safari/537.36"
162.213.251.208 - - [15/Nov/2024:15:43:46 -0500] "POST /wp-cron.php?doing_wp_cron=1731703426.4655060768127441406250 HTTP/1.1" 200 0 "-" "WordPress/6.7; https://carschronicle.com"
162.213.251.208 - - [15/Nov/2024:15:43:48 -0500] "POST /wp-admin/admin-ajax.php?action=async_litespeed&nonce=sSI7Mf2Cw97cL6r6Nx1pb7cgcInNqwoS&litespeed_type=imgoptm HTTP/1.1" 200 0 "-" "WordPress/6.7; https://carschronicle.com"
66.249.79.33 - - [15/Nov/2024:15:43:33 -0500] "GET /ZEROHALLIBURTON%20ZEROAir%20%E3%83%96%E3%83%AB%E3%83%BC%20ZX228%2080134 HTTP/1.1" 404 13911 "-" "Googlebot-Image/1.0"
162.213.251.208 - - [15/Nov/2024:15:44:17 -0500] "POST /wp-cron.php?doing_wp_cron=1731703457.3062438964843750000000 HTTP/1.1" 200 0 "-" "WordPress/6.7; https://carschronicle.com"
66.249.79.35 - - [15/Nov/2024:15:44:16 -0500] "GET /63269326660.shtml HTTP/1.1" 404 13949 "-" "Mozilla/5.0 (Linux; Android 6.0.1; Nexus 5X Build/MMB29P) AppleWebKit/537.36 (KHTML, like Gecko) Chrome/131.0.6778.69 Mobile Safari/537.36 (compatible; Googlebot/2.1; +http://www.google.com/bot.html)"
162.213.251.208 - - [15/Nov/2024:15:44:18 -0500] "POST /wp-admin/admin-ajax.php?action=async_litespeed&nonce=P6Zanf4F4WAiBAUJSWv3Kn5nBVxsqlx0&litespeed_type=imgoptm HTTP/1.1" 200 0 "-" "WordPress/6.7; https://carschronicle.com"
162.213.251.208 - - [15/Nov/2024:15:48:35 -0500] "POST /wp-cron.php?doing_wp_cron=1731703715.9534668922424316406250 HTTP/1.1" 200 0 "-" "WordPress/6.7; https://carschronicle.com"
54.36.148.237 - - [15/Nov/2024:15:48:29 -0500] "GET /category/trending-this-week/feed/ HTTP/1.1" 200 526 "-" "Mozilla/5.0 (compatible; AhrefsBot/7.0; +http://ahrefs.com/robot/)"
162.213.251.208 - - [15/Nov/2024:15:48:37 -0500] "POST /wp-admin/admin-ajax.php?action=async_litespeed&nonce=eHRyb2pYa3lVACPyczTvHnIP10m5lRYk&litespeed_type=imgoptm HTTP/1.1" 200 0 "-" "WordPress/6.7; https://carschronicle.com"
216.244.66.234 - - [15/Nov/2024:15:49:22 -0500] "GET /robots.txt HTTP/1.1" 200 270 "-" "Mozilla/5.0 (compatible; DotBot/1.2; +https://opensiteexplorer.org/dotbot; help@moz.com)"
162.213.251.208 - - [15/Nov/2024:15:49:57 -0500] "POST /wp-cron.php?doing_wp_cron=1731703797.1237139701843261718750 HTTP/1.1" 200 0 "-" "WordPress/6.7; https://carschronicle.com"
207.46.13.31 - - [15/Nov/2024:15:49:56 -0500] "GET /97996025752.shtml HTTP/1.1" 301 0 "-" "Mozilla/5.0 AppleWebKit/537.36 (KHTML, like Gecko; compatible; bingbot/2.0; +http://www.bing.com/bingbot.htm) Chrome/116.0.1938.76 Safari/537.36"
162.213.251.208 - - [15/Nov/2024:15:49:58 -0500] "POST /wp-admin/admin-ajax.php?action=async_litespeed&nonce=eHvCnlt1KwAqGXUi1NHEhVAQzxtHZEQg&litespeed_type=imgoptm HTTP/1.1" 200 0 "-" "WordPress/6.7; https://carschronicle.com"
162.213.251.208 - - [15/Nov/2024:15:52:22 -0500] "POST /wp-cron.php?doing_wp_cron=1731703942.8284718990325927734375 HTTP/1.1" 200 0 "-" "WordPress/6.7; https://carschronicle.com"
162.213.251.208 - - [15/Nov/2024:15:52:23 -0500] "POST /wp-admin/admin-ajax.php?action=async_litespeed&nonce=mxWzCAAc0OeQbl3tE4QR4m9Kw5mOVoK4&litespeed_type=imgoptm HTTP/1.1" 200 0 "-" "WordPress/6.7; https://carschronicle.com"
207.46.13.116 - - [15/Nov/2024:15:52:16 -0500] "GET /17560515751.shtml HTTP/1.1" 404 13925 "-" "Mozilla/5.0 AppleWebKit/537.36 (KHTML, like Gecko; compatible; bingbot/2.0; +http://www.bing.com/bingbot.htm) Chrome/116.0.1938.76 Safari/537.36"
162.213.251.208 - - [15/Nov/2024:15:56:40 -0500] "POST /wp-cron.php?doing_wp_cron=1731704200.6949970722198486328125 HTTP/1.1" 200 0 "-" "WordPress/6.7; https://carschronicle.com"
207.46.13.36 - - [15/Nov/2024:15:56:35 -0500] "GET /107967583417.shtml HTTP/1.1" 301 0 "-" "Mozilla/5.0 AppleWebKit/537.36 (KHTML, like Gecko; compatible; bingbot/2.0; +http://www.bing.com/bingbot.htm) Chrome/116.0.1938.76 Safari/537.36"
162.213.251.208 - - [15/Nov/2024:15:56:42 -0500] "POST /wp-admin/admin-ajax.php?action=async_litespeed&nonce=C4Rs71F0fDFUN7QL3Oa8qGEJlAgTIWZa&litespeed_type=imgoptm HTTP/1.1" 200 0 "-" "WordPress/6.7; https://carschronicle.com"
66.249.79.33 - - [15/Nov/2024:15:56:43 -0500] "GET /2017/03/22/the-cute-but-dangerous-creatures-dont-actually-hibernate/ HTTP/1.1" 404 13950 "-" "Mozilla/5.0 (Linux; Android 6.0.1; Nexus 5X Build/MMB29P) AppleWebKit/537.36 (KHTML, like Gecko) Chrome/131.0.6778.69 Mobile Safari/537.36 (compatible; Googlebot/2.1; +http://www.google.com/bot.html)"
162.213.251.208 - - [15/Nov/2024:15:56:58 -0500] "POST /wp-cron.php?doing_wp_cron=1731704218.3670279979705810546875 HTTP/1.1" 200 0 "-" "WordPress/6.7; https://carschronicle.com"
157.55.39.11 - - [15/Nov/2024:15:56:57 -0500] "GET /103282578807.shtml HTTP/1.1" 301 0 "-" "Mozilla/5.0 AppleWebKit/537.36 (KHTML, like Gecko; compatible; bingbot/2.0; +http://www.bing.com/bingbot.htm) Chrome/116.0.1938.76 Safari/537.36"
207.46.13.36 - - [15/Nov/2024:15:57:06 -0500] "GET /70806788435.shtml HTTP/1.1" 301 0 "-" "Mozilla/5.0 AppleWebKit/537.36 (KHTML, like Gecko; compatible; bingbot/2.0; +http://www.bing.com/bingbot.htm) Chrome/116.0.1938.76 Safari/537.36"
162.213.251.208 - - [15/Nov/2024:16:01:18 -0500] "POST /wp-cron.php?doing_wp_cron=1731704478.6003339290618896484375 HTTP/1.1" 200 0 "-" "WordPress/6.7; https://carschronicle.com"
54.36.148.231 - - [15/Nov/2024:16:01:10 -0500] "GET /2017/03/26/as-shes-discovering-entrepreneurship-requires-more-balance/ HTTP/1.1" 404 13946 "-" "Mozilla/5.0 (compatible; AhrefsBot/7.0; +http://ahrefs.com/robot/)"
162.213.251.208 - - [15/Nov/2024:16:01:19 -0500] "POST /wp-admin/admin-ajax.php?action=async_litespeed&nonce=C2WNSgCWU0sRjTu93DxMKRtDPtFvT2UX&litespeed_type=imgoptm HTTP/1.1" 200 0 "-" "WordPress/6.7; https://carschronicle.com"
162.213.251.208 - - [15/Nov/2024:16:03:13 -0500] "POST /wp-cron.php?doing_wp_cron=1731704592.7253460884094238281250 HTTP/1.1" 200 0 "-" "WordPress/6.7; https://carschronicle.com"
207.46.13.124 - - [15/Nov/2024:16:03:09 -0500] "GET /50849676201.shtml HTTP/1.1" 301 0 "-" "Mozilla/5.0 AppleWebKit/537.36 (KHTML, like Gecko; compatible; bingbot/2.0; +http://www.bing.com/bingbot.htm) Chrome/116.0.1938.76 Safari/537.36"
162.213.251.208 - - [15/Nov/2024:16:03:14 -0500] "POST /wp-admin/admin-ajax.php?action=async_litespeed&nonce=ZdTTHb6WoKYLghKaEhQnCnYsNv4guaFo&litespeed_type=imgoptm HTTP/1.1" 200 0 "-" "WordPress/6.7; https://carschronicle.com"
162.213.251.208 - - [15/Nov/2024:16:12:04 -0500] "POST /wp-cron.php?doing_wp_cron=1731705124.4559869766235351562500 HTTP/1.1" 200 0 "-" "WordPress/6.7; https://carschronicle.com"
54.36.148.146 - - [15/Nov/2024:16:11:54 -0500] "GET /2017/06/16/cheap-thrills-for-the-best-summer-season-vibe/ HTTP/1.1" 404 13933 "-" "Mozilla/5.0 (compatible; AhrefsBot/7.0; +http://ahrefs.com/robot/)"
162.213.251.208 - - [15/Nov/2024:16:12:05 -0500] "POST /wp-admin/admin-ajax.php?action=async_litespeed&nonce=dkqBRwrRSVRjTkNNIPpoWIhFCEAN6Zl8&litespeed_type=imgoptm HTTP/1.1" 200 0 "-" "WordPress/6.7; https://carschronicle.com"
162.213.251.208 - - [15/Nov/2024:16:14:15 -0500] "POST /wp-cron.php?doing_wp_cron=1731705255.2026429176330566406250 HTTP/1.1" 200 0 "-" "WordPress/6.7; https://carschronicle.com"
207.46.13.124 - - [15/Nov/2024:16:14:11 -0500] "GET /20532839955.shtml HTTP/1.1" 301 0 "-" "Mozilla/5.0 AppleWebKit/537.36 (KHTML, like Gecko; compatible; bingbot/2.0; +http://www.bing.com/bingbot.htm) Chrome/116.0.1938.76 Safari/537.36"
162.213.251.208 - - [15/Nov/2024:16:14:16 -0500] "POST /wp-admin/admin-ajax.php?action=async_litespeed&nonce=2snNQLe1ITKiHMYDTYnJCSZ1AkNjggFe&litespeed_type=imgoptm HTTP/1.1" 200 0 "-" "WordPress/6.7; https://carschronicle.com"
162.213.251.208 - - [15/Nov/2024:16:16:14 -0500] "POST /wp-cron.php?doing_wp_cron=1731705374.6078128814697265625000 HTTP/1.1" 200 0 "-" "WordPress/6.7; https://carschronicle.com"
207.46.13.54 - - [15/Nov/2024:16:16:10 -0500] "GET /91172705517.shtml HTTP/1.1" 301 0 "-" "Mozilla/5.0 AppleWebKit/537.36 (KHTML, like Gecko; compatible; bingbot/2.0; +http://www.bing.com/bingbot.htm) Chrome/116.0.1938.76 Safari/537.36"
162.213.251.208 - - [15/Nov/2024:16:16:16 -0500] "POST /wp-admin/admin-ajax.php?action=async_litespeed&nonce=bBAIJANsx7rqwB7k1sjcOkaisQjwz86U&litespeed_type=imgoptm HTTP/1.1" 200 0 "-" "WordPress/6.7; https://carschronicle.com"
172.245.168.36 - - [15/Nov/2024:16:20:24 -0500] "POST /index.php/wp-json/litespeed/v1/cdn_status HTTP/1.1" 200 0 "https://carschronicle.com/wp-admin/update.php?action=upload-plugin" "Mozilla/5.0 (Windows NT 10.0; Win64; x64; rv:128.0) Gecko/20100101 Firefox/128.0"
162.213.251.208 - - [15/Nov/2024:16:22:27 -0500] "POST /wp-cron.php?doing_wp_cron=1731705747.4402210712432861328125 HTTP/1.1" 200 0 "-" "WordPress/6.7; https://carschronicle.com"
157.55.39.11 - - [15/Nov/2024:16:22:20 -0500] "GET /28949168192.shtml HTTP/1.1" 301 0 "-" "Mozilla/5.0 AppleWebKit/537.36 (KHTML, like Gecko; compatible; bingbot/2.0; +http://www.bing.com/bingbot.htm) Chrome/116.0.1938.76 Safari/537.36"
162.213.251.208 - - [15/Nov/2024:16:22:28 -0500] "POST /wp-admin/admin-ajax.php?action=async_litespeed&nonce=J5r7lOQRHdZmuOcBzWULMjRStGItmBSw&litespeed_type=imgoptm HTTP/1.1" 200 0 "-" "WordPress/6.7; https://carschronicle.com"
157.55.39.194 - - [15/Nov/2024:16:22:40 -0500] "GET /77017999565.shtml HTTP/1.1" 301 0 "-" "Mozilla/5.0 AppleWebKit/537.36 (KHTML, like Gecko; compatible; bingbot/2.0; +http://www.bing.com/bingbot.htm) Chrome/116.0.1938.76 Safari/537.36"
162.213.251.208 - - [15/Nov/2024:16:23:09 -0500] "POST /wp-cron.php?doing_wp_cron=1731705789.6173479557037353515625 HTTP/1.1" 200 0 "-" "WordPress/6.7; https://carschronicle.com"
54.36.148.147 - - [15/Nov/2024:16:23:08 -0500] "GET /2017/03/18/thanksgiving-leftovers-fit-for-a-king-or-a-queen/feed/ HTTP/1.1" 200 407 "-" "Mozilla/5.0 (compatible; AhrefsBot/7.0; +http://ahrefs.com/robot/)"
207.46.13.54 - - [15/Nov/2024:16:23:08 -0500] "GET /85678533426.shtml HTTP/1.1" 301 0 "-" "Mozilla/5.0 AppleWebKit/537.36 (KHTML, like Gecko; compatible; bingbot/2.0; +http://www.bing.com/bingbot.htm) Chrome/116.0.1938.76 Safari/537.36"
162.213.251.208 - - [15/Nov/2024:16:23:10 -0500] "POST /wp-admin/admin-ajax.php?action=async_litespeed&nonce=d0EHRHuapxCQVi6hOepOL4j3tcNLmm5m&litespeed_type=imgoptm HTTP/1.1" 200 0 "-" "WordPress/6.7; https://carschronicle.com"
162.213.251.208 - - [15/Nov/2024:16:24:04 -0500] "POST /wp-cron.php?doing_wp_cron=1731705843.5417799949645996093750 HTTP/1.1" 200 0 "-" "WordPress/6.7; https://carschronicle.com"
157.55.39.194 - - [15/Nov/2024:16:24:01 -0500] "GET /105050695130.shtml HTTP/1.1" 301 0 "-" "Mozilla/5.0 AppleWebKit/537.36 (KHTML, like Gecko; compatible; bingbot/2.0; +http://www.bing.com/bingbot.htm) Chrome/116.0.1938.76 Safari/537.36"
207.46.13.54 - - [15/Nov/2024:16:24:09 -0500] "GET /77976983417.shtml HTTP/1.1" 301 0 "-" "Mozilla/5.0 AppleWebKit/537.36 (KHTML, like Gecko; compatible; bingbot/2.0; +http://www.bing.com/bingbot.htm) Chrome/116.0.1938.76 Safari/537.36"
207.46.13.87 - - [15/Nov/2024:16:24:58 -0500] "GET /51591009556.shtml HTTP/1.1" 301 0 "-" "Mozilla/5.0 AppleWebKit/537.36 (KHTML, like Gecko; compatible; bingbot/2.0; +http://www.bing.com/bingbot.htm) Chrome/116.0.1938.76 Safari/537.36"
162.213.251.208 - - [15/Nov/2024:16:28:38 -0500] "POST /wp-cron.php?doing_wp_cron=1731706118.4679329395294189453125 HTTP/1.1" 200 0 "-" "WordPress/6.7; https://carschronicle.com"
157.55.39.16 - - [15/Nov/2024:16:28:22 -0500] "GET /33960486512.shtml HTTP/1.1" 301 0 "-" "Mozilla/5.0 AppleWebKit/537.36 (KHTML, like Gecko; compatible; bingbot/2.0; +http://www.bing.com/bingbot.htm) Chrome/116.0.1938.76 Safari/537.36"
162.213.251.208 - - [15/Nov/2024:16:28:40 -0500] "POST /wp-admin/admin-ajax.php?action=async_litespeed&nonce=d2wdV23dv21vuR6h0nZERRzx8AHsd9BD&litespeed_type=imgoptm HTTP/1.1" 200 0 "-" "WordPress/6.7; https://carschronicle.com"
216.244.66.234 - - [15/Nov/2024:16:28:43 -0500] "GET /2017/10/12/your-perfect-outdoors-body-is-in-the-mirror/feed/ HTTP/1.1" 200 743 "-" "Mozilla/5.0 (compatible; DotBot/1.2; +https://opensiteexplorer.org/dotbot; help@moz.com)"
162.213.251.208 - - [15/Nov/2024:16:29:22 -0500] "POST /wp-cron.php?doing_wp_cron=1731706162.7205541133880615234375 HTTP/1.1" 200 0 "-" "WordPress/6.7; https://carschronicle.com"
157.55.39.16 - - [15/Nov/2024:16:29:21 -0500] "GET /89068916200.shtml HTTP/1.1" 301 0 "-" "Mozilla/5.0 AppleWebKit/537.36 (KHTML, like Gecko; compatible; bingbot/2.0; +http://www.bing.com/bingbot.htm) Chrome/116.0.1938.76 Safari/537.36"
162.213.251.208 - - [15/Nov/2024:16:29:25 -0500] "POST /wp-admin/admin-ajax.php?action=async_litespeed&nonce=EElxrCO5KPG10JJ65b9n4ua3j42ICHxo&litespeed_type=imgoptm HTTP/1.1" 200 0 "-" "WordPress/6.7; https://carschronicle.com"
162.213.251.208 - - [15/Nov/2024:16:30:23 -0500] "POST /wp-cron.php?doing_wp_cron=1731706222.3188579082489013671875 HTTP/1.1" 200 0 "-" "WordPress/6.7; https://carschronicle.com"
207.46.13.87 - - [15/Nov/2024:16:30:20 -0500] "GET /41250316200.shtml HTTP/1.1" 301 0 "-" "Mozilla/5.0 AppleWebKit/537.36 (KHTML, like Gecko; compatible; bingbot/2.0; +http://www.bing.com/bingbot.htm) Chrome/116.0.1938.76 Safari/537.36"
162.213.251.208 - - [15/Nov/2024:16:30:25 -0500] "POST /wp-admin/admin-ajax.php?action=async_litespeed&nonce=7JJ10ubt2GubLjfUaW70nkuDdGIlc6d9&litespeed_type=imgoptm HTTP/1.1" 200 0 "-" "WordPress/6.7; https://carschronicle.com"
162.213.251.208 - - [15/Nov/2024:16:33:35 -0500] "POST /wp-cron.php?doing_wp_cron=1731706415.5583069324493408203125 HTTP/1.1" 200 0 "-" "WordPress/6.7; https://carschronicle.com"
66.249.79.33 - - [15/Nov/2024:16:33:25 -0500] "GET /?52939812484.shtml HTTP/1.1" 301 0 "-" "Mozilla/5.0 (Linux; Android 6.0.1; Nexus 5X Build/MMB29P) AppleWebKit/537.36 (KHTML, like Gecko) Chrome/131.0.6778.69 Mobile Safari/537.36 (compatible; Googlebot/2.1; +http://www.google.com/bot.html)"
162.213.251.208 - - [15/Nov/2024:16:33:36 -0500] "POST /wp-admin/admin-ajax.php?action=async_litespeed&nonce=thbICGHq8W6diLy8q3EIYa40ejtswLL6&litespeed_type=imgoptm HTTP/1.1" 200 0 "-" "WordPress/6.7; https://carschronicle.com"
66.249.79.34 - - [15/Nov/2024:16:33:42 -0500] "GET /?52939812484_shtml HTTP/1.1" 200 18106 "-" "Mozilla/5.0 (Linux; Android 6.0.1; Nexus 5X Build/MMB29P) AppleWebKit/537.36 (KHTML, like Gecko) Chrome/131.0.6778.69 Mobile Safari/537.36 (compatible; Googlebot/2.1; +http://www.google.com/bot.html)"
162.213.251.208 - - [15/Nov/2024:16:34:24 -0500] "POST /wp-cron.php?doing_wp_cron=1731706464.6376318931579589843750 HTTP/1.1" 200 0 "-" "WordPress/6.7; https://carschronicle.com"
54.36.149.30 - - [15/Nov/2024:16:34:23 -0500] "GET /2017/08/08/getting-the-most-out-of-life-anti-crisis-tutorial/ HTTP/1.1" 404 13899 "-" "Mozilla/5.0 (compatible; AhrefsBot/7.0; +http://ahrefs.com/robot/)"
162.213.251.208 - - [15/Nov/2024:16:34:26 -0500] "POST /wp-admin/admin-ajax.php?action=async_litespeed&nonce=EFaWQgFNo8PSApum1fgn6p7SB47qTs6E&litespeed_type=imgoptm HTTP/1.1" 200 0 "-" "WordPress/6.7; https://carschronicle.com"
162.213.251.208 - - [15/Nov/2024:16:43:21 -0500] "POST /wp-cron.php?doing_wp_cron=1731707001.3427879810333251953125 HTTP/1.1" 200 0 "-" "WordPress/6.7; https://carschronicle.com"
157.55.39.204 - - [15/Nov/2024:16:43:11 -0500] "GET /44601497717.shtml HTTP/1.1" 301 0 "-" "Mozilla/5.0 AppleWebKit/537.36 (KHTML, like Gecko; compatible; bingbot/2.0; +http://www.bing.com/bingbot.htm) Chrome/116.0.1938.76 Safari/537.36"
162.213.251.208 - - [15/Nov/2024:16:43:22 -0500] "POST /wp-admin/admin-ajax.php?action=async_litespeed&nonce=YZe0KuLnEGjMTFrSW9ySSCNxTDzXgIlz&litespeed_type=imgoptm HTTP/1.1" 200 0 "-" "WordPress/6.7; https://carschronicle.com"
84.54.44.30 - - [15/Nov/2024:16:43:58 -0500] "GET /contacts/ HTTP/1.0" 200 79376 "https://carschronicle.com/contacts/" "Mozilla/5.0 (Windows NT 15.0.0; Win64; x64; ) AppleWebKit/537.36 (KHTML, like Gecko) Chrome/124.0.6367.60 Chrome/124.0.6367.60 Not-A.Brand/99  Safari/537.36"
162.213.251.208 - - [15/Nov/2024:16:44:01 -0500] "POST /wp-cron.php?doing_wp_cron=1731707041.7549340724945068359375 HTTP/1.1" 200 0 "-" "WordPress/6.7; https://carschronicle.com"
84.54.44.30 - - [15/Nov/2024:16:44:00 -0500] "POST /contacts/ HTTP/1.0" 200 79723 "https://carschronicle.com/contacts/" "Mozilla/5.0 (Windows NT 15.0.0; Win64; x64; ) AppleWebKit/537.36 (KHTML, like Gecko) Chrome/124.0.6367.60 Chrome/124.0.6367.60 Not-A.Brand/99  Safari/537.36"
162.213.251.208 - - [15/Nov/2024:16:44:55 -0500] "POST /wp-cron.php?doing_wp_cron=1731707094.9580290317535400390625 HTTP/1.1" 200 0 "-" "WordPress/6.7; https://carschronicle.com"
54.36.148.141 - - [15/Nov/2024:16:44:53 -0500] "GET /2017/06/04/homemade-food-is-better-expert-chefs-suggest-pro-and-cons/ HTTP/1.1" 404 13923 "-" "Mozilla/5.0 (compatible; AhrefsBot/7.0; +http://ahrefs.com/robot/)"
162.213.251.208 - - [15/Nov/2024:16:44:56 -0500] "POST /wp-admin/admin-ajax.php?action=async_litespeed&nonce=vQ10sqfgU3I4gakRjIFiDSenlesm3Svo&litespeed_type=imgoptm HTTP/1.1" 200 0 "-" "WordPress/6.7; https://carschronicle.com"
162.213.251.208 - - [15/Nov/2024:16:46:35 -0500] "POST /wp-cron.php?doing_wp_cron=1731707195.1646809577941894531250 HTTP/1.1" 200 0 "-" "WordPress/6.7; https://carschronicle.com"
157.55.39.49 - - [15/Nov/2024:16:46:23 -0500] "GET /20345536021.shtml HTTP/1.1" 301 0 "-" "Mozilla/5.0 AppleWebKit/537.36 (KHTML, like Gecko; compatible; bingbot/2.0; +http://www.bing.com/bingbot.htm) Chrome/116.0.1938.76 Safari/537.36"
162.213.251.208 - - [15/Nov/2024:16:46:37 -0500] "POST /wp-admin/admin-ajax.php?action=async_litespeed&nonce=36NAtRnowMsA3TllyAyLYmL6LeCN1Ula&litespeed_type=imgoptm HTTP/1.1" 200 0 "-" "WordPress/6.7; https://carschronicle.com"
66.249.79.33 - - [15/Nov/2024:16:46:52 -0500] "GET /?61239000371.shtml HTTP/1.1" 301 0 "-" "Mozilla/5.0 (Linux; Android 6.0.1; Nexus 5X Build/MMB29P) AppleWebKit/537.36 (KHTML, like Gecko) Chrome/131.0.6778.69 Mobile Safari/537.36 (compatible; Googlebot/2.1; +http://www.google.com/bot.html)"
162.213.251.208 - - [15/Nov/2024:16:48:14 -0500] "POST /wp-cron.php?doing_wp_cron=1731707294.7955789566040039062500 HTTP/1.1" 200 0 "-" "WordPress/6.7; https://carschronicle.com"
66.249.79.33 - - [15/Nov/2024:16:48:13 -0500] "GET /?61239000371_shtml HTTP/1.1" 200 18121 "-" "Mozilla/5.0 (Linux; Android 6.0.1; Nexus 5X Build/MMB29P) AppleWebKit/537.36 (KHTML, like Gecko) Chrome/131.0.6778.69 Mobile Safari/537.36 (compatible; Googlebot/2.1; +http://www.google.com/bot.html)"
162.213.251.208 - - [15/Nov/2024:16:48:15 -0500] "POST /wp-admin/admin-ajax.php?action=async_litespeed&nonce=kQ137BqjffOBFfyUVFIdgM4IAYoBJhcT&litespeed_type=imgoptm HTTP/1.1" 200 0 "-" "WordPress/6.7; https://carschronicle.com"
162.213.251.208 - - [15/Nov/2024:16:49:21 -0500] "POST /wp-cron.php?doing_wp_cron=1731707361.5101408958435058593750 HTTP/1.1" 200 0 "-" "WordPress/6.7; https://carschronicle.com"
157.55.39.10 - - [15/Nov/2024:16:49:21 -0500] "GET /50171635911.shtml HTTP/1.1" 301 0 "-" "Mozilla/5.0 AppleWebKit/537.36 (KHTML, like Gecko; compatible; bingbot/2.0; +http://www.bing.com/bingbot.htm) Chrome/116.0.1938.76 Safari/537.36"
162.213.251.208 - - [15/Nov/2024:16:49:22 -0500] "POST /wp-admin/admin-ajax.php?action=async_litespeed&nonce=g5qfS4eO2o7oSsOvGqdYps6RE1yNCk6j&litespeed_type=imgoptm HTTP/1.1" 200 21 "-" "WordPress/6.7; https://carschronicle.com"
162.213.251.208 - - [15/Nov/2024:16:50:06 -0500] "POST /wp-cron.php?doing_wp_cron=1731707405.9180300235748291015625 HTTP/1.1" 200 0 "-" "WordPress/6.7; https://carschronicle.com"
157.55.39.10 - - [15/Nov/2024:16:50:03 -0500] "GET /107319160807.shtml HTTP/1.1" 301 0 "-" "Mozilla/5.0 AppleWebKit/537.36 (KHTML, like Gecko; compatible; bingbot/2.0; +http://www.bing.com/bingbot.htm) Chrome/116.0.1938.76 Safari/537.36"
162.213.251.208 - - [15/Nov/2024:16:58:13 -0500] "POST /wp-cron.php?doing_wp_cron=1731707893.7927420139312744140625 HTTP/1.1" 200 0 "-" "WordPress/6.7; https://carschronicle.com"
54.36.149.12 - - [15/Nov/2024:16:57:57 -0500] "GET /2017/04/16/dont-get-trapped-in-a-situation/ HTTP/1.1" 404 13917 "-" "Mozilla/5.0 (compatible; AhrefsBot/7.0; +http://ahrefs.com/robot/)"
162.213.251.208 - - [15/Nov/2024:16:58:15 -0500] "POST /wp-admin/admin-ajax.php?action=async_litespeed&nonce=oGvT4Df3vfi8Xbt1JhxZDmYmc91Q9nzy&litespeed_type=imgoptm HTTP/1.1" 200 0 "-" "WordPress/6.7; https://carschronicle.com"
162.213.251.208 - - [15/Nov/2024:17:04:38 -0500] "POST /wp-cron.php?doing_wp_cron=1731708278.0072081089019775390625 HTTP/1.1" 200 0 "-" "WordPress/6.7; https://carschronicle.com"
157.55.39.193 - - [15/Nov/2024:17:04:20 -0500] "GET /73388860001.shtml HTTP/1.1" 301 0 "-" "Mozilla/5.0 AppleWebKit/537.36 (KHTML, like Gecko; compatible; bingbot/2.0; +http://www.bing.com/bingbot.htm) Chrome/116.0.1938.76 Safari/537.36"
162.213.251.208 - - [15/Nov/2024:17:04:40 -0500] "POST /wp-admin/admin-ajax.php?action=async_litespeed&nonce=vCywsMZE1ooAssTLM3trfVI8JJCKUhnH&litespeed_type=imgoptm HTTP/1.1" 200 0 "-" "WordPress/6.7; https://carschronicle.com"
162.213.251.208 - - [15/Nov/2024:17:13:28 -0500] "POST /wp-cron.php?doing_wp_cron=1731708808.3565480709075927734375 HTTP/1.1" 200 0 "-" "WordPress/6.7; https://carschronicle.com"
54.36.148.207 - - [15/Nov/2024:17:13:15 -0500] "GET /2017/06/08/fashion-bloggers-talk-about-trends-and-industry/ HTTP/1.1" 404 13921 "-" "Mozilla/5.0 (compatible; AhrefsBot/7.0; +http://ahrefs.com/robot/)"
162.213.251.208 - - [15/Nov/2024:17:13:29 -0500] "POST /wp-admin/admin-ajax.php?action=async_litespeed&nonce=FUnxzdb6ZT9sln4QaWUGO1MWeSNypqVi&litespeed_type=imgoptm HTTP/1.1" 200 0 "-" "WordPress/6.7; https://carschronicle.com"
162.213.251.208 - - [15/Nov/2024:17:21:05 -0500] "POST /wp-cron.php?doing_wp_cron=1731709264.9471139907836914062500 HTTP/1.1" 200 0 "-" "WordPress/6.7; https://carschronicle.com"
207.46.13.6 - - [15/Nov/2024:17:20:52 -0500] "GET /52285828898.shtml HTTP/1.1" 301 0 "-" "Mozilla/5.0 AppleWebKit/537.36 (KHTML, like Gecko; compatible; bingbot/2.0; +http://www.bing.com/bingbot.htm) Chrome/116.0.1938.76 Safari/537.36"
162.213.251.208 - - [15/Nov/2024:17:21:06 -0500] "POST /wp-admin/admin-ajax.php?action=async_litespeed&nonce=htNO9HQuENleY5OLqgfOSgtr3xUmNzql&litespeed_type=imgoptm HTTP/1.1" 200 0 "-" "WordPress/6.7; https://carschronicle.com"
162.213.251.208 - - [15/Nov/2024:17:22:25 -0500] "POST /wp-cron.php?doing_wp_cron=1731709345.0142710208892822265625 HTTP/1.1" 200 0 "-" "WordPress/6.7; https://carschronicle.com"
157.55.39.196 - - [15/Nov/2024:17:22:24 -0500] "GET /30448998701.shtml HTTP/1.1" 301 0 "-" "Mozilla/5.0 AppleWebKit/537.36 (KHTML, like Gecko; compatible; bingbot/2.0; +http://www.bing.com/bingbot.htm) Chrome/116.0.1938.76 Safari/537.36"
162.213.251.208 - - [15/Nov/2024:17:22:25 -0500] "POST /wp-admin/admin-ajax.php?action=async_litespeed&nonce=KXL4CQ0YX2xEyuusGMvSzgQtsczzZ3qo&litespeed_type=imgoptm HTTP/1.1" 200 0 "-" "WordPress/6.7; https://carschronicle.com"
157.55.39.196 - - [15/Nov/2024:17:22:45 -0500] "GET /66289786615.shtml HTTP/1.1" 301 0 "-" "Mozilla/5.0 AppleWebKit/537.36 (KHTML, like Gecko; compatible; bingbot/2.0; +http://www.bing.com/bingbot.htm) Chrome/116.0.1938.76 Safari/537.36"
157.55.39.196 - - [15/Nov/2024:17:22:53 -0500] "GET /62441003226.shtml HTTP/1.1" 301 0 "-" "Mozilla/5.0 AppleWebKit/537.36 (KHTML, like Gecko; compatible; bingbot/2.0; +http://www.bing.com/bingbot.htm) Chrome/116.0.1938.76 Safari/537.36"
162.213.251.208 - - [15/Nov/2024:17:28:53 -0500] "POST /wp-cron.php?doing_wp_cron=1731709733.2621679306030273437500 HTTP/1.1" 200 0 "-" "WordPress/6.7; https://carschronicle.com"
162.213.251.208 - - [15/Nov/2024:17:28:53 -0500] "POST /wp-cron.php?doing_wp_cron=1731709733.2661430835723876953125 HTTP/1.1" 200 0 "-" "WordPress/6.7; https://carschronicle.com"
157.55.39.196 - - [15/Nov/2024:17:28:47 -0500] "GET /94361303226.shtml HTTP/1.1" 301 0 "-" "Mozilla/5.0 AppleWebKit/537.36 (KHTML, like Gecko; compatible; bingbot/2.0; +http://www.bing.com/bingbot.htm) Chrome/116.0.1938.76 Safari/537.36"
207.46.13.151 - - [15/Nov/2024:17:28:43 -0500] "GET /101634167003.shtml HTTP/1.1" 301 0 "-" "Mozilla/5.0 AppleWebKit/537.36 (KHTML, like Gecko; compatible; bingbot/2.0; +http://www.bing.com/bingbot.htm) Chrome/116.0.1938.76 Safari/537.36"
54.36.148.65 - - [15/Nov/2024:17:28:41 -0500] "GET /2017/06/28/ghost-in-the-ballot-box-catalonias-crisis-in-context/ HTTP/1.1" 404 13924 "-" "Mozilla/5.0 (compatible; AhrefsBot/7.0; +http://ahrefs.com/robot/)"
162.213.251.208 - - [15/Nov/2024:17:28:56 -0500] "POST /wp-admin/admin-ajax.php?action=async_litespeed&nonce=nJJ7YxQ3P4iikmRlc2XIfCU2Hsky2vJ3&litespeed_type=imgoptm HTTP/1.1" 200 0 "-" "WordPress/6.7; https://carschronicle.com"
216.244.66.234 - - [15/Nov/2024:17:32:13 -0500] "GET /robots.txt HTTP/1.1" 200 270 "-" "Mozilla/5.0 (compatible; DotBot/1.2; +https://opensiteexplorer.org/dotbot; help@moz.com)"
162.213.251.208 - - [15/Nov/2024:17:35:42 -0500] "POST /wp-cron.php?doing_wp_cron=1731710142.0835320949554443359375 HTTP/1.1" 200 0 "-" "WordPress/6.7; https://carschronicle.com"
207.46.13.31 - - [15/Nov/2024:17:35:26 -0500] "GET /48920039955.shtml HTTP/1.1" 301 0 "-" "Mozilla/5.0 AppleWebKit/537.36 (KHTML, like Gecko; compatible; bingbot/2.0; +http://www.bing.com/bingbot.htm) Chrome/116.0.1938.76 Safari/537.36"
162.213.251.208 - - [15/Nov/2024:17:35:44 -0500] "POST /wp-admin/admin-ajax.php?action=async_litespeed&nonce=jOMXXIbAjWWhrFF21OpfXpU0yVyH5Q2B&litespeed_type=imgoptm HTTP/1.1" 200 0 "-" "WordPress/6.7; https://carschronicle.com"
162.213.251.208 - - [15/Nov/2024:17:36:27 -0500] "POST /wp-cron.php?doing_wp_cron=1731710187.3515141010284423828125 HTTP/1.1" 200 0 "-" "WordPress/6.7; https://carschronicle.com"
207.46.13.87 - - [15/Nov/2024:17:36:26 -0500] "GET /63104165000.shtml HTTP/1.1" 301 0 "-" "Mozilla/5.0 AppleWebKit/537.36 (KHTML, like Gecko; compatible; bingbot/2.0; +http://www.bing.com/bingbot.htm) Chrome/116.0.1938.76 Safari/537.36"
162.213.251.208 - - [15/Nov/2024:17:36:28 -0500] "POST /wp-admin/admin-ajax.php?action=async_litespeed&nonce=aLigSGU6JthGC45dYz72Sb8dTTzAck9t&litespeed_type=imgoptm HTTP/1.1" 200 21 "-" "WordPress/6.7; https://carschronicle.com"
162.213.251.208 - - [15/Nov/2024:17:45:03 -0500] "POST /wp-cron.php?doing_wp_cron=1731710703.2282030582427978515625 HTTP/1.1" 200 0 "-" "WordPress/6.7; https://carschronicle.com"
162.213.251.208 - - [15/Nov/2024:17:45:05 -0500] "POST /wp-admin/admin-ajax.php?action=async_litespeed&nonce=Gu0yhnNXMXOI9oa9Qrs1LHHu8XCVNmLB&litespeed_type=imgoptm HTTP/1.1" 200 0 "-" "WordPress/6.7; https://carschronicle.com"
54.36.148.14 - - [15/Nov/2024:17:44:51 -0500] "GET /2017/11/02/heres-how-the-end-of-net-neutrality-will-change-the-internet/ HTTP/1.1" 404 13932 "-" "Mozilla/5.0 (compatible; AhrefsBot/7.0; +http://ahrefs.com/robot/)"
207.46.13.111 - - [15/Nov/2024:17:45:08 -0500] "GET /86126503164.shtml HTTP/1.1" 301 0 "-" "Mozilla/5.0 AppleWebKit/537.36 (KHTML, like Gecko; compatible; bingbot/2.0; +http://www.bing.com/bingbot.htm) Chrome/116.0.1938.76 Safari/537.36"
162.213.251.208 - - [15/Nov/2024:17:45:19 -0500] "POST /wp-cron.php?doing_wp_cron=1731710719.5646469593048095703125 HTTP/1.1" 200 0 "-" "WordPress/6.7; https://carschronicle.com"
207.46.13.111 - - [15/Nov/2024:17:45:17 -0500] "GET /77081200982.shtml HTTP/1.1" 301 0 "-" "Mozilla/5.0 AppleWebKit/537.36 (KHTML, like Gecko; compatible; bingbot/2.0; +http://www.bing.com/bingbot.htm) Chrome/116.0.1938.76 Safari/537.36"
162.213.251.208 - - [15/Nov/2024:17:45:20 -0500] "POST /wp-admin/admin-ajax.php?action=async_litespeed&nonce=Xz1SP2BVCeh6BVxWmYekFvC0NbCt6ujB&litespeed_type=imgoptm HTTP/1.1" 200 0 "-" "WordPress/6.7; https://carschronicle.com"
162.213.251.208 - - [15/Nov/2024:17:49:18 -0500] "POST /wp-cron.php?doing_wp_cron=1731710958.2802479267120361328125 HTTP/1.1" 200 0 "-" "WordPress/6.7; https://carschronicle.com"
207.46.13.157 - - [15/Nov/2024:17:49:09 -0500] "GET /114686670035.shtml HTTP/1.1" 301 0 "-" "Mozilla/5.0 AppleWebKit/537.36 (KHTML, like Gecko; compatible; bingbot/2.0; +http://www.bing.com/bingbot.htm) Chrome/116.0.1938.76 Safari/537.36"
162.213.251.208 - - [15/Nov/2024:17:49:19 -0500] "POST /wp-admin/admin-ajax.php?action=async_litespeed&nonce=nkTbcfl8rmSF55PE0aATdlcnzJFhZVWB&litespeed_type=imgoptm HTTP/1.1" 200 21 "-" "WordPress/6.7; https://carschronicle.com"
162.213.251.208 - - [15/Nov/2024:17:52:08 -0500] "POST /wp-cron.php?doing_wp_cron=1731711128.4889929294586181640625 HTTP/1.1" 200 0 "-" "WordPress/6.7; https://carschronicle.com"
207.46.13.157 - - [15/Nov/2024:17:51:59 -0500] "GET /20862802823.shtml HTTP/1.1" 301 0 "-" "Mozilla/5.0 AppleWebKit/537.36 (KHTML, like Gecko; compatible; bingbot/2.0; +http://www.bing.com/bingbot.htm) Chrome/116.0.1938.76 Safari/537.36"
162.213.251.208 - - [15/Nov/2024:17:52:09 -0500] "POST /wp-admin/admin-ajax.php?action=async_litespeed&nonce=Jo5IdkLdPSLx9C3YAk2T91kVKXcj4QLn&litespeed_type=imgoptm HTTP/1.1" 200 0 "-" "WordPress/6.7; https://carschronicle.com"
162.213.251.208 - - [15/Nov/2024:18:00:29 -0500] "POST /wp-cron.php?doing_wp_cron=1731711629.2326469421386718750000 HTTP/1.1" 200 0 "-" "WordPress/6.7; https://carschronicle.com"
54.36.148.192 - - [15/Nov/2024:18:00:14 -0500] "GET /2017/08/24/tv-channels-euphoria-drama-and-social-conflicts/ HTTP/1.1" 404 13906 "-" "Mozilla/5.0 (compatible; AhrefsBot/7.0; +http://ahrefs.com/robot/)"
162.213.251.208 - - [15/Nov/2024:18:00:31 -0500] "POST /wp-admin/admin-ajax.php?action=async_litespeed&nonce=jep3TFtsela7meiDiVi2vOlSPQdPkWiZ&litespeed_type=imgoptm HTTP/1.1" 200 0 "-" "WordPress/6.7; https://carschronicle.com"
162.213.251.208 - - [15/Nov/2024:18:02:24 -0500] "POST /wp-cron.php?doing_wp_cron=1731711743.7355070114135742187500 HTTP/1.1" 200 0 "-" "WordPress/6.7; https://carschronicle.com"
207.46.13.111 - - [15/Nov/2024:18:02:11 -0500] "GET /30555561076.shtml HTTP/1.1" 301 0 "-" "Mozilla/5.0 AppleWebKit/537.36 (KHTML, like Gecko; compatible; bingbot/2.0; +http://www.bing.com/bingbot.htm) Chrome/116.0.1938.76 Safari/537.36"
162.213.251.208 - - [15/Nov/2024:18:05:19 -0500] "POST /wp-cron.php?doing_wp_cron=1731711918.6245529651641845703125 HTTP/1.1" 200 0 "-" "WordPress/6.7; https://carschronicle.com"
157.55.39.197 - - [15/Nov/2024:18:05:00 -0500] "GET /65044758222.shtml HTTP/1.1" 404 13902 "-" "Mozilla/5.0 AppleWebKit/537.36 (KHTML, like Gecko; compatible; bingbot/2.0; +http://www.bing.com/bingbot.htm) Chrome/116.0.1938.76 Safari/537.36"
162.213.251.208 - - [15/Nov/2024:18:05:21 -0500] "POST /wp-admin/admin-ajax.php?action=async_litespeed&nonce=LyDWaWBDkEaNuaTs5UZFWroAogRFGLQA&litespeed_type=imgoptm HTTP/1.1" 200 0 "-" "WordPress/6.7; https://carschronicle.com"
162.213.251.208 - - [15/Nov/2024:18:07:23 -0500] "POST /wp-cron.php?doing_wp_cron=1731712043.0335528850555419921875 HTTP/1.1" 200 0 "-" "WordPress/6.7; https://carschronicle.com"
207.46.13.111 - - [15/Nov/2024:18:07:12 -0500] "GET /99289270215.shtml HTTP/1.1" 301 0 "-" "Mozilla/5.0 AppleWebKit/537.36 (KHTML, like Gecko; compatible; bingbot/2.0; +http://www.bing.com/bingbot.htm) Chrome/116.0.1938.76 Safari/537.36"
162.213.251.208 - - [15/Nov/2024:18:07:25 -0500] "POST /wp-admin/admin-ajax.php?action=async_litespeed&nonce=AmlVpZn1ttpwr8vniMDmC5aHO3o91gqC&litespeed_type=imgoptm HTTP/1.1" 200 0 "-" "WordPress/6.7; https://carschronicle.com"
207.46.13.141 - - [15/Nov/2024:18:07:50 -0500] "GET /111422090557.shtml HTTP/1.1" 301 0 "-" "Mozilla/5.0 AppleWebKit/537.36 (KHTML, like Gecko; compatible; bingbot/2.0; +http://www.bing.com/bingbot.htm) Chrome/116.0.1938.76 Safari/537.36"
162.213.251.208 - - [15/Nov/2024:18:11:50 -0500] "POST /wp-cron.php?doing_wp_cron=1731712310.3787200450897216796875 HTTP/1.1" 200 0 "-" "WordPress/6.7; https://carschronicle.com"
216.244.66.234 - - [15/Nov/2024:18:11:31 -0500] "GET /2017/08/24/tv-channels-euphoria-drama-and-social-conflicts/feed/ HTTP/1.1" 200 747 "-" "Mozilla/5.0 (compatible; DotBot/1.2; +https://opensiteexplorer.org/dotbot; help@moz.com)"
162.213.251.208 - - [15/Nov/2024:18:11:51 -0500] "POST /wp-admin/admin-ajax.php?action=async_litespeed&nonce=wa7L8jnyhAd9Q9KCk4trkP5DLIAw6q8G&litespeed_type=imgoptm HTTP/1.1" 200 0 "-" "WordPress/6.7; https://carschronicle.com"
162.213.251.208 - - [15/Nov/2024:18:13:51 -0500] "POST /wp-cron.php?doing_wp_cron=1731712431.5574290752410888671875 HTTP/1.1" 200 0 "-" "WordPress/6.7; https://carschronicle.com"
54.36.149.14 - - [15/Nov/2024:18:13:44 -0500] "GET /2017/03/22/the-cute-but-dangerous-creatures-dont-actually-hibernate/ HTTP/1.1" 404 13932 "-" "Mozilla/5.0 (compatible; AhrefsBot/7.0; +http://ahrefs.com/robot/)"
162.213.251.208 - - [15/Nov/2024:18:13:52 -0500] "POST /wp-admin/admin-ajax.php?action=async_litespeed&nonce=qfWR4V6vETaLQ7Mq1tUehA5IvYI8X1XG&litespeed_type=imgoptm HTTP/1.1" 200 0 "-" "WordPress/6.7; https://carschronicle.com"
216.73.172.5 - - [15/Nov/2024:18:18:27 -0500] "GET / HTTP/1.1" 200 22149 "-" "\"Mozilla/5.0 (Linux; Android 10; K) AppleWebKit/537.36 (KHTML, like Gecko) Chrome/129.0.0.0 Mobile Safari/537.36\""
216.73.172.5 - - [15/Nov/2024:18:18:29 -0500] "GET /home-2/ HTTP/1.1" 200 20167 "-" "\"Mozilla/5.0 (Linux; Android 10; K) AppleWebKit/537.36 (KHTML, like Gecko) Chrome/129.0.0.0 Mobile Safari/537.36\""
216.73.172.5 - - [15/Nov/2024:18:18:31 -0500] "GET /gallery/ HTTP/1.1" 200 22334 "-" "\"Mozilla/5.0 (Linux; Android 10; K) AppleWebKit/537.36 (KHTML, like Gecko) Chrome/129.0.0.0 Mobile Safari/537.36\""
216.73.172.5 - - [15/Nov/2024:18:18:33 -0500] "GET /service-plus/ HTTP/1.1" 200 0 "-" "\"Mozilla/5.0 (Linux; Android 10; K) AppleWebKit/537.36 (KHTML, like Gecko) Chrome/129.0.0.0 Mobile Safari/537.36\""
216.73.172.5 - - [15/Nov/2024:18:18:30 -0500] "GET /typography/ HTTP/1.1" 200 0 "-" "\"Mozilla/5.0 (Linux; Android 10; K) AppleWebKit/537.36 (KHTML, like Gecko) Chrome/129.0.0.0 Mobile Safari/537.36\""
216.73.172.5 - - [15/Nov/2024:18:18:29 -0500] "GET /about-me/ HTTP/1.1" 200 0 "-" "\"Mozilla/5.0 (Linux; Android 10; K) AppleWebKit/537.36 (KHTML, like Gecko) Chrome/129.0.0.0 Mobile Safari/537.36\""
216.73.172.5 - - [15/Nov/2024:18:18:29 -0500] "GET /shortcodes/ HTTP/1.1" 200 0 "-" "\"Mozilla/5.0 (Linux; Android 10; K) AppleWebKit/537.36 (KHTML, like Gecko) Chrome/129.0.0.0 Mobile Safari/537.36\""
216.73.172.5 - - [15/Nov/2024:18:18:30 -0500] "GET /home-3/ HTTP/1.1" 200 0 "-" "\"Mozilla/5.0 (Linux; Android 10; K) AppleWebKit/537.36 (KHTML, like Gecko) Chrome/129.0.0.0 Mobile Safari/537.36\""
162.213.251.208 - - [15/Nov/2024:18:18:49 -0500] "POST /wp-cron.php?doing_wp_cron=1731712728.4039819240570068359375 HTTP/1.1" 200 0 "-" "WordPress/6.7; https://carschronicle.com"
162.213.251.208 - - [15/Nov/2024:18:18:49 -0500] "POST /wp-cron.php?doing_wp_cron=1731712728.4053120613098144531250 HTTP/1.1" 200 0 "-" "WordPress/6.7; https://carschronicle.com"
162.213.251.208 - - [15/Nov/2024:18:18:52 -0500] "POST /wp-admin/admin-ajax.php?action=async_litespeed&nonce=DMEGA5ZAMs2WnaCYevpVWKIlZyKp1QRN&litespeed_type=imgoptm HTTP/1.1" 200 0 "-" "WordPress/6.7; https://carschronicle.com"
162.213.251.208 - - [15/Nov/2024:18:20:16 -0500] "POST /wp-cron.php?doing_wp_cron=1731712815.7260220050811767578125 HTTP/1.1" 200 0 "-" "WordPress/6.7; https://carschronicle.com"
207.46.13.87 - - [15/Nov/2024:18:20:14 -0500] "GET /38700165822.shtml HTTP/1.1" 301 0 "-" "Mozilla/5.0 AppleWebKit/537.36 (KHTML, like Gecko; compatible; bingbot/2.0; +http://www.bing.com/bingbot.htm) Chrome/116.0.1938.76 Safari/537.36"
162.213.251.208 - - [15/Nov/2024:18:20:18 -0500] "POST /wp-admin/admin-ajax.php?action=async_litespeed&nonce=cj1dsInkcqqcNjdkGBxHWRWJ7PmJJXkb&litespeed_type=imgoptm HTTP/1.1" 200 0 "-" "WordPress/6.7; https://carschronicle.com"
207.46.13.87 - - [15/Nov/2024:18:20:42 -0500] "GET /86277590975.shtml HTTP/1.1" 301 0 "-" "Mozilla/5.0 AppleWebKit/537.36 (KHTML, like Gecko; compatible; bingbot/2.0; +http://www.bing.com/bingbot.htm) Chrome/116.0.1938.76 Safari/537.36"
157.55.39.10 - - [15/Nov/2024:18:20:44 -0500] "GET /52683289611.shtml HTTP/1.1" 301 0 "-" "Mozilla/5.0 AppleWebKit/537.36 (KHTML, like Gecko; compatible; bingbot/2.0; +http://www.bing.com/bingbot.htm) Chrome/116.0.1938.76 Safari/537.36"
157.55.39.196 - - [15/Nov/2024:18:20:46 -0500] "GET /32566366056.shtml HTTP/1.1" 301 0 "-" "Mozilla/5.0 AppleWebKit/537.36 (KHTML, like Gecko; compatible; bingbot/2.0; +http://www.bing.com/bingbot.htm) Chrome/116.0.1938.76 Safari/537.36"
