403Webshell
Server IP : 162.213.251.208  /  Your IP : 3.138.114.113
Web Server : LiteSpeed
System : Linux business55.web-hosting.com 4.18.0-553.lve.el8.x86_64 #1 SMP Mon May 27 15:27:34 UTC 2024 x86_64
User : jmoroovq ( 1890)
PHP Version : 7.4.33
Disable Function : NONE
MySQL : OFF  |  cURL : ON  |  WGET : ON  |  Perl : ON  |  Python : ON  |  Sudo : OFF  |  Pkexec : OFF
Directory :  /home/jmoroovq/access-logs/

Upload File :
current_dir [ Writeable ] document_root [ Writeable ]

 

Command :


[ Back ]     

Current File : /home/jmoroovq//access-logs/carschronicle.com.jmorgstudios.com-ssl_log
162.213.251.208 - - [15/Nov/2024:07:01:30 -0500] "POST /wp-cron.php?doing_wp_cron=1731672090.0567650794982910156250 HTTP/1.1" 200 0 "-" "WordPress/6.7; https://carschronicle.com"
157.55.39.201 - - [15/Nov/2024:07:01:29 -0500] "GET /87424984967.shtml HTTP/1.1" 404 13922 "-" "Mozilla/5.0 AppleWebKit/537.36 (KHTML, like Gecko; compatible; bingbot/2.0; +http://www.bing.com/bingbot.htm) Chrome/116.0.1938.76 Safari/537.36"
162.213.251.208 - - [15/Nov/2024:07:01:30 -0500] "POST /wp-admin/admin-ajax.php?action=async_litespeed&nonce=EEuLTwjlcINR8iSoLADphJLXdFo1BMgy&litespeed_type=imgoptm HTTP/1.1" 200 21 "-" "WordPress/6.7; https://carschronicle.com"
162.213.251.208 - - [15/Nov/2024:07:14:55 -0500] "POST /wp-cron.php?doing_wp_cron=1731672895.3864219188690185546875 HTTP/1.1" 200 0 "-" "WordPress/6.7; https://carschronicle.com"
207.46.13.157 - - [15/Nov/2024:07:14:36 -0500] "GET /58569576951.shtml HTTP/1.1" 301 0 "-" "Mozilla/5.0 AppleWebKit/537.36 (KHTML, like Gecko; compatible; bingbot/2.0; +http://www.bing.com/bingbot.htm) Chrome/116.0.1938.76 Safari/537.36"
162.213.251.208 - - [15/Nov/2024:07:14:56 -0500] "POST /wp-admin/admin-ajax.php?action=async_litespeed&nonce=0Q4Ti2qaeW7klXqlvf5nWuLtHCsfFFm8&litespeed_type=imgoptm HTTP/1.1" 200 0 "-" "WordPress/6.7; https://carschronicle.com"
162.213.251.208 - - [15/Nov/2024:07:16:54 -0500] "POST /wp-cron.php?doing_wp_cron=1731673014.6084280014038085937500 HTTP/1.1" 200 0 "-" "WordPress/6.7; https://carschronicle.com"
52.167.144.145 - - [15/Nov/2024:07:16:51 -0500] "GET /78650395525.shtml HTTP/1.1" 301 0 "-" "Mozilla/5.0 AppleWebKit/537.36 (KHTML, like Gecko; compatible; bingbot/2.0; +http://www.bing.com/bingbot.htm) Chrome/116.0.1938.76 Safari/537.36"
162.213.251.208 - - [15/Nov/2024:07:16:55 -0500] "POST /wp-admin/admin-ajax.php?action=async_litespeed&nonce=3MKSwicUNze1dwx76rQ0CyV2pBIcEXQm&litespeed_type=imgoptm HTTP/1.1" 200 0 "-" "WordPress/6.7; https://carschronicle.com"
162.213.251.208 - - [15/Nov/2024:07:17:57 -0500] "POST /wp-cron.php?doing_wp_cron=1731673077.4892830848693847656250 HTTP/1.1" 200 0 "-" "WordPress/6.7; https://carschronicle.com"
207.46.13.157 - - [15/Nov/2024:07:17:56 -0500] "GET /35487974180.shtml HTTP/1.1" 301 0 "-" "Mozilla/5.0 AppleWebKit/537.36 (KHTML, like Gecko; compatible; bingbot/2.0; +http://www.bing.com/bingbot.htm) Chrome/116.0.1938.76 Safari/537.36"
162.213.251.208 - - [15/Nov/2024:07:17:58 -0500] "POST /wp-admin/admin-ajax.php?action=async_litespeed&nonce=zOpWK0HNR1E9xSRaLsGsAZqa4yt3EpLr&litespeed_type=imgoptm HTTP/1.1" 200 0 "-" "WordPress/6.7; https://carschronicle.com"
162.213.251.208 - - [15/Nov/2024:07:20:13 -0500] "POST /wp-cron.php?doing_wp_cron=1731673213.0229110717773437500000 HTTP/1.1" 200 0 "-" "WordPress/6.7; https://carschronicle.com"
207.46.13.157 - - [15/Nov/2024:07:20:09 -0500] "GET /41608603082.shtml HTTP/1.1" 301 0 "-" "Mozilla/5.0 AppleWebKit/537.36 (KHTML, like Gecko; compatible; bingbot/2.0; +http://www.bing.com/bingbot.htm) Chrome/116.0.1938.76 Safari/537.36"
162.213.251.208 - - [15/Nov/2024:07:20:13 -0500] "POST /wp-admin/admin-ajax.php?action=async_litespeed&nonce=yWCUZ4sruFKYsSghOzljg04DEkl0BlLT&litespeed_type=imgoptm HTTP/1.1" 200 21 "-" "WordPress/6.7; https://carschronicle.com"
162.213.251.208 - - [15/Nov/2024:07:21:42 -0500] "POST /wp-cron.php?doing_wp_cron=1731673302.1858398914337158203125 HTTP/1.1" 200 0 "-" "WordPress/6.7; https://carschronicle.com"
207.46.13.157 - - [15/Nov/2024:07:21:39 -0500] "GET /74355757003.shtml HTTP/1.1" 301 0 "-" "Mozilla/5.0 AppleWebKit/537.36 (KHTML, like Gecko; compatible; bingbot/2.0; +http://www.bing.com/bingbot.htm) Chrome/116.0.1938.76 Safari/537.36"
162.213.251.208 - - [15/Nov/2024:07:21:43 -0500] "POST /wp-admin/admin-ajax.php?action=async_litespeed&nonce=xOYIJgt2DYFCM7Wo46ahhcgmWoviOW0A&litespeed_type=imgoptm HTTP/1.1" 200 0 "-" "WordPress/6.7; https://carschronicle.com"
207.46.13.64 - - [15/Nov/2024:07:21:46 -0500] "GET /110650209786.shtml HTTP/1.1" 301 0 "-" "Mozilla/5.0 AppleWebKit/537.36 (KHTML, like Gecko; compatible; bingbot/2.0; +http://www.bing.com/bingbot.htm) Chrome/116.0.1938.76 Safari/537.36"
207.46.13.64 - - [15/Nov/2024:07:21:48 -0500] "GET /67845795525.shtml HTTP/1.1" 301 0 "-" "Mozilla/5.0 AppleWebKit/537.36 (KHTML, like Gecko; compatible; bingbot/2.0; +http://www.bing.com/bingbot.htm) Chrome/116.0.1938.76 Safari/537.36"
162.213.251.208 - - [15/Nov/2024:07:22:31 -0500] "POST /wp-cron.php?doing_wp_cron=1731673351.2363240718841552734375 HTTP/1.1" 200 0 "-" "WordPress/6.7; https://carschronicle.com"
207.46.13.157 - - [15/Nov/2024:07:22:30 -0500] "GET /64325235911.shtml HTTP/1.1" 301 0 "-" "Mozilla/5.0 AppleWebKit/537.36 (KHTML, like Gecko; compatible; bingbot/2.0; +http://www.bing.com/bingbot.htm) Chrome/116.0.1938.76 Safari/537.36"
162.213.251.208 - - [15/Nov/2024:07:22:32 -0500] "POST /wp-admin/admin-ajax.php?action=async_litespeed&nonce=5DZwMPpUMlTH5ucOacRR2xP5Jg2lvQZx&litespeed_type=imgoptm HTTP/1.1" 200 0 "-" "WordPress/6.7; https://carschronicle.com"
188.134.80.97 - - [15/Nov/2024:07:22:51 -0500] "GET / HTTP/1.1" 200 22159 "-" "Mozilla/5.0 (Windows NT 10.0; WOW64; rv:45.0) Gecko/20100101 Firefox/45.0"
162.213.251.208 - - [15/Nov/2024:07:23:00 -0500] "POST /wp-cron.php?doing_wp_cron=1731673380.8544979095458984375000 HTTP/1.1" 200 0 "-" "WordPress/6.7; https://carschronicle.com"
207.46.13.157 - - [15/Nov/2024:07:23:00 -0500] "GET /43233720665.shtml HTTP/1.1" 301 0 "-" "Mozilla/5.0 AppleWebKit/537.36 (KHTML, like Gecko; compatible; bingbot/2.0; +http://www.bing.com/bingbot.htm) Chrome/116.0.1938.76 Safari/537.36"
207.46.13.64 - - [15/Nov/2024:07:23:06 -0500] "GET /92129819388.shtml HTTP/1.1" 301 0 "-" "Mozilla/5.0 AppleWebKit/537.36 (KHTML, like Gecko; compatible; bingbot/2.0; +http://www.bing.com/bingbot.htm) Chrome/116.0.1938.76 Safari/537.36"
51.222.253.17 - - [15/Nov/2024:07:23:05 -0500] "GET /author/carschronicle/ HTTP/1.1" 200 16562 "-" "Mozilla/5.0 (compatible; AhrefsBot/7.0; +http://ahrefs.com/robot/)"
207.46.13.64 - - [15/Nov/2024:07:23:07 -0500] "GET /98832628433.shtml HTTP/1.1" 301 0 "-" "Mozilla/5.0 AppleWebKit/537.36 (KHTML, like Gecko; compatible; bingbot/2.0; +http://www.bing.com/bingbot.htm) Chrome/116.0.1938.76 Safari/537.36"
162.213.251.208 - - [15/Nov/2024:07:23:11 -0500] "POST /wp-cron.php?doing_wp_cron=1731673391.7355589866638183593750 HTTP/1.1" 200 0 "-" "WordPress/6.7; https://carschronicle.com"
52.167.144.145 - - [15/Nov/2024:07:23:10 -0500] "GET /82180888037.shtml HTTP/1.1" 301 0 "-" "Mozilla/5.0 AppleWebKit/537.36 (KHTML, like Gecko; compatible; bingbot/2.0; +http://www.bing.com/bingbot.htm) Chrome/116.0.1938.76 Safari/537.36"
162.213.251.208 - - [15/Nov/2024:07:23:12 -0500] "POST /wp-admin/admin-ajax.php?action=async_litespeed&nonce=tpYBg5YrgAKej11Bsy3Z9WLR64hOhtaa&litespeed_type=imgoptm HTTP/1.1" 200 21 "-" "WordPress/6.7; https://carschronicle.com"
66.220.149.22 - - [15/Nov/2024:07:26:09 -0500] "GET /robots.txt HTTP/1.1" 200 270 "-" "facebookexternalhit/1.1 (+http://www.facebook.com/externalhit_uatext.php)"
57.141.3.17 - - [15/Nov/2024:07:26:10 -0500] "GET /videos/ HTTP/1.1" 403 1242 "-" "meta-externalagent/1.1 (+https://developers.facebook.com/docs/sharing/webmasters/crawler)"
57.141.3.27 - - [15/Nov/2024:07:27:53 -0500] "GET /category/news-updates/ HTTP/1.1" 403 1242 "-" "meta-externalagent/1.1 (+https://developers.facebook.com/docs/sharing/webmasters/crawler)"
162.213.251.208 - - [15/Nov/2024:07:29:38 -0500] "POST /wp-cron.php?doing_wp_cron=1731673778.2290940284729003906250 HTTP/1.1" 200 0 "-" "WordPress/6.7; https://carschronicle.com"
157.55.39.201 - - [15/Nov/2024:07:29:29 -0500] "GET /62587526660.shtml HTTP/1.1" 301 0 "-" "Mozilla/5.0 AppleWebKit/537.36 (KHTML, like Gecko; compatible; bingbot/2.0; +http://www.bing.com/bingbot.htm) Chrome/116.0.1938.76 Safari/537.36"
162.213.251.208 - - [15/Nov/2024:07:29:38 -0500] "POST /wp-admin/admin-ajax.php?action=async_litespeed&nonce=twUWH41W5KOV71qH6s1Wvc9GYq5FEl4J&litespeed_type=imgoptm HTTP/1.1" 200 0 "-" "WordPress/6.7; https://carschronicle.com"
162.213.251.208 - - [15/Nov/2024:07:30:20 -0500] "POST /wp-cron.php?doing_wp_cron=1731673820.4933910369873046875000 HTTP/1.1" 200 0 "-" "WordPress/6.7; https://carschronicle.com"
157.55.39.201 - - [15/Nov/2024:07:30:19 -0500] "GET /98603985221.shtml HTTP/1.1" 301 0 "-" "Mozilla/5.0 AppleWebKit/537.36 (KHTML, like Gecko; compatible; bingbot/2.0; +http://www.bing.com/bingbot.htm) Chrome/116.0.1938.76 Safari/537.36"
162.213.251.208 - - [15/Nov/2024:07:30:21 -0500] "POST /wp-admin/admin-ajax.php?action=async_litespeed&nonce=09Eylr9qzpganWgTPJA6nyYMMMX26cH8&litespeed_type=imgoptm HTTP/1.1" 200 0 "-" "WordPress/6.7; https://carschronicle.com"
162.213.251.208 - - [15/Nov/2024:07:32:42 -0500] "POST /wp-cron.php?doing_wp_cron=1731673962.7712509632110595703125 HTTP/1.1" 200 0 "-" "WordPress/6.7; https://carschronicle.com"
52.167.144.140 - - [15/Nov/2024:07:32:30 -0500] "GET /112188326931.shtml HTTP/1.1" 301 0 "-" "Mozilla/5.0 AppleWebKit/537.36 (KHTML, like Gecko; compatible; bingbot/2.0; +http://www.bing.com/bingbot.htm) Chrome/116.0.1938.76 Safari/537.36"
162.213.251.208 - - [15/Nov/2024:07:32:43 -0500] "POST /wp-admin/admin-ajax.php?action=async_litespeed&nonce=DqE63BR06Qfuc8K4NFhFtmC5JOXAQ8jw&litespeed_type=imgoptm HTTP/1.1" 200 0 "-" "WordPress/6.7; https://carschronicle.com"
162.213.251.208 - - [15/Nov/2024:07:35:16 -0500] "POST /wp-cron.php?doing_wp_cron=1731674116.7799019813537597656250 HTTP/1.1" 200 0 "-" "WordPress/6.7; https://carschronicle.com"
66.249.79.34 - - [15/Nov/2024:07:35:04 -0500] "GET /?42012282624.shtml HTTP/1.1" 301 0 "-" "Mozilla/5.0 (Linux; Android 6.0.1; Nexus 5X Build/MMB29P) AppleWebKit/537.36 (KHTML, like Gecko) Chrome/131.0.6778.69 Mobile Safari/537.36 (compatible; Googlebot/2.1; +http://www.google.com/bot.html)"
162.213.251.208 - - [15/Nov/2024:07:35:17 -0500] "POST /wp-admin/admin-ajax.php?action=async_litespeed&nonce=z2xWDDuU79bgzwkk8iy3Z6H4F7BiZUtZ&litespeed_type=imgoptm HTTP/1.1" 200 0 "-" "WordPress/6.7; https://carschronicle.com"
157.55.39.50 - - [15/Nov/2024:07:35:41 -0500] "GET /50093303082.shtml HTTP/1.1" 301 0 "-" "Mozilla/5.0 AppleWebKit/537.36 (KHTML, like Gecko; compatible; bingbot/2.0; +http://www.bing.com/bingbot.htm) Chrome/116.0.1938.76 Safari/537.36"
162.213.251.208 - - [15/Nov/2024:07:37:12 -0500] "POST /wp-cron.php?doing_wp_cron=1731674232.0307829380035400390625 HTTP/1.1" 200 0 "-" "WordPress/6.7; https://carschronicle.com"
66.249.79.34 - - [15/Nov/2024:07:37:04 -0500] "GET /?42012282624_shtml HTTP/1.1" 200 18080 "-" "Mozilla/5.0 (Linux; Android 6.0.1; Nexus 5X Build/MMB29P) AppleWebKit/537.36 (KHTML, like Gecko) Chrome/131.0.6778.69 Mobile Safari/537.36 (compatible; Googlebot/2.1; +http://www.google.com/bot.html)"
162.213.251.208 - - [15/Nov/2024:07:37:12 -0500] "POST /wp-admin/admin-ajax.php?action=async_litespeed&nonce=TrzLtGvMwp1XKVrMKDgxAyuBMVUVLrqQ&litespeed_type=imgoptm HTTP/1.1" 200 0 "-" "WordPress/6.7; https://carschronicle.com"
57.141.3.3 - - [15/Nov/2024:07:37:16 -0500] "GET /2017/04/16/dont-get-trapped-in-a-situation/ HTTP/1.1" 403 1242 "-" "meta-externalagent/1.1 (+https://developers.facebook.com/docs/sharing/webmasters/crawler)"
162.213.251.208 - - [15/Nov/2024:07:43:40 -0500] "POST /wp-cron.php?doing_wp_cron=1731674620.1629989147186279296875 HTTP/1.1" 200 0 "-" "WordPress/6.7; https://carschronicle.com"
162.213.251.208 - - [15/Nov/2024:07:43:40 -0500] "POST /wp-cron.php?doing_wp_cron=1731674620.1607820987701416015625 HTTP/1.1" 200 0 "-" "WordPress/6.7; https://carschronicle.com"
157.55.39.7 - - [15/Nov/2024:07:43:33 -0500] "GET /83730784028.shtml HTTP/1.1" 301 0 "-" "Mozilla/5.0 AppleWebKit/537.36 (KHTML, like Gecko; compatible; bingbot/2.0; +http://www.bing.com/bingbot.htm) Chrome/116.0.1938.76 Safari/537.36"
172.235.38.214 - - [15/Nov/2024:07:43:36 -0500] "GET /dup-installer/main.installer.php HTTP/1.1" 404 16476 "http://carschronicle.com/dup-installer/main.installer.php" "-"
162.213.251.208 - - [15/Nov/2024:07:43:40 -0500] "POST /wp-admin/admin-ajax.php?action=async_litespeed&nonce=MACopeuKKqvT5gFlNafp9G2ScBIV4OXJ&litespeed_type=imgoptm HTTP/1.1" 200 21 "-" "WordPress/6.7; https://carschronicle.com"
57.141.3.15 - - [15/Nov/2024:07:44:13 -0500] "GET /2017/11/27/present-guide-14-gift-ideas-for-a-new-parent/ HTTP/1.1" 403 1242 "-" "meta-externalagent/1.1 (+https://developers.facebook.com/docs/sharing/webmasters/crawler)"
162.213.251.208 - - [15/Nov/2024:07:51:00 -0500] "POST /wp-cron.php?doing_wp_cron=1731675060.2894139289855957031250 HTTP/1.1" 200 0 "-" "WordPress/6.7; https://carschronicle.com"
40.77.167.15 - - [15/Nov/2024:07:50:52 -0500] "GET /78993984967.shtml HTTP/1.1" 301 0 "-" "Mozilla/5.0 AppleWebKit/537.36 (KHTML, like Gecko; compatible; bingbot/2.0; +http://www.bing.com/bingbot.htm) Chrome/116.0.1938.76 Safari/537.36"
162.213.251.208 - - [15/Nov/2024:07:51:01 -0500] "POST /wp-admin/admin-ajax.php?action=async_litespeed&nonce=3ubOvnN4zOWh3RgRCKxX7HOJnLSWJNkr&litespeed_type=imgoptm HTTP/1.1" 200 0 "-" "WordPress/6.7; https://carschronicle.com"
216.244.66.234 - - [15/Nov/2024:07:59:52 -0500] "GET /robots.txt HTTP/1.1" 200 270 "-" "Mozilla/5.0 (compatible; DotBot/1.2; +https://opensiteexplorer.org/dotbot; help@moz.com)"
162.213.251.208 - - [15/Nov/2024:08:13:01 -0500] "POST /wp-cron.php?doing_wp_cron=1731676381.2451970577239990234375 HTTP/1.1" 200 0 "-" "WordPress/6.7; https://carschronicle.com"
207.46.13.153 - - [15/Nov/2024:08:12:51 -0500] "GET /19729090874.shtml HTTP/1.1" 301 0 "-" "Mozilla/5.0 AppleWebKit/537.36 (KHTML, like Gecko; compatible; bingbot/2.0; +http://www.bing.com/bingbot.htm) Chrome/116.0.1938.76 Safari/537.36"
162.213.251.208 - - [15/Nov/2024:08:13:02 -0500] "POST /wp-admin/admin-ajax.php?action=async_litespeed&nonce=LDM2CkUtMwBedZ2PR5rZK2zfyKZRbrgH&litespeed_type=imgoptm HTTP/1.1" 200 0 "-" "WordPress/6.7; https://carschronicle.com"
162.213.251.208 - - [15/Nov/2024:08:18:34 -0500] "POST /wp-cron.php?doing_wp_cron=1731676714.5762488842010498046875 HTTP/1.1" 200 0 "-" "WordPress/6.7; https://carschronicle.com"
66.249.79.33 - - [15/Nov/2024:08:18:27 -0500] "GET /?80283887967.shtml HTTP/1.1" 301 0 "-" "Mozilla/5.0 (compatible; Googlebot/2.1; +http://www.google.com/bot.html)"
162.213.251.208 - - [15/Nov/2024:08:18:35 -0500] "POST /wp-admin/admin-ajax.php?action=async_litespeed&nonce=3s0HY44L87UKmpPH96U8Ke51TnMpu0Z8&litespeed_type=imgoptm HTTP/1.1" 200 0 "-" "WordPress/6.7; https://carschronicle.com"
157.55.39.13 - - [15/Nov/2024:08:18:46 -0500] "GET /45699267152.shtml HTTP/1.1" 301 0 "-" "Mozilla/5.0 AppleWebKit/537.36 (KHTML, like Gecko; compatible; bingbot/2.0; +http://www.bing.com/bingbot.htm) Chrome/116.0.1938.76 Safari/537.36"
162.213.251.208 - - [15/Nov/2024:08:20:13 -0500] "POST /wp-cron.php?doing_wp_cron=1731676813.1117649078369140625000 HTTP/1.1" 200 0 "-" "WordPress/6.7; https://carschronicle.com"
207.46.13.153 - - [15/Nov/2024:08:20:10 -0500] "GET /70662504190.shtml HTTP/1.1" 301 0 "-" "Mozilla/5.0 AppleWebKit/537.36 (KHTML, like Gecko; compatible; bingbot/2.0; +http://www.bing.com/bingbot.htm) Chrome/116.0.1938.76 Safari/537.36"
162.213.251.208 - - [15/Nov/2024:08:20:13 -0500] "POST /wp-admin/admin-ajax.php?action=async_litespeed&nonce=OBvIUPdGjzKdJioz7E70sVeSZZAKQfFB&litespeed_type=imgoptm HTTP/1.1" 200 21 "-" "WordPress/6.7; https://carschronicle.com"
207.46.13.153 - - [15/Nov/2024:08:20:37 -0500] "GET /92968482624.shtml HTTP/1.1" 301 0 "-" "Mozilla/5.0 AppleWebKit/537.36 (KHTML, like Gecko; compatible; bingbot/2.0; +http://www.bing.com/bingbot.htm) Chrome/116.0.1938.76 Safari/537.36"
162.213.251.208 - - [15/Nov/2024:08:21:30 -0500] "POST /wp-cron.php?doing_wp_cron=1731676890.1607909202575683593750 HTTP/1.1" 200 0 "-" "WordPress/6.7; https://carschronicle.com"
157.55.39.13 - - [15/Nov/2024:08:21:28 -0500] "GET /74369186615.shtml HTTP/1.1" 301 0 "-" "Mozilla/5.0 AppleWebKit/537.36 (KHTML, like Gecko; compatible; bingbot/2.0; +http://www.bing.com/bingbot.htm) Chrome/116.0.1938.76 Safari/537.36"
162.213.251.208 - - [15/Nov/2024:08:21:31 -0500] "POST /wp-admin/admin-ajax.php?action=async_litespeed&nonce=sT43zxJpmoI57thaCSU6fpSK7Ui6HKSV&litespeed_type=imgoptm HTTP/1.1" 200 21 "-" "WordPress/6.7; https://carschronicle.com"
207.46.13.87 - - [15/Nov/2024:08:21:33 -0500] "GET /60115162715.shtml HTTP/1.1" 301 0 "-" "Mozilla/5.0 AppleWebKit/537.36 (KHTML, like Gecko; compatible; bingbot/2.0; +http://www.bing.com/bingbot.htm) Chrome/116.0.1938.76 Safari/537.36"
207.46.13.87 - - [15/Nov/2024:08:21:34 -0500] "GET /98875254225.shtml HTTP/1.1" 301 0 "-" "Mozilla/5.0 AppleWebKit/537.36 (KHTML, like Gecko; compatible; bingbot/2.0; +http://www.bing.com/bingbot.htm) Chrome/116.0.1938.76 Safari/537.36"
162.213.251.208 - - [15/Nov/2024:08:22:50 -0500] "POST /wp-cron.php?doing_wp_cron=1731676970.2139170169830322265625 HTTP/1.1" 200 0 "-" "WordPress/6.7; https://carschronicle.com"
157.55.39.13 - - [15/Nov/2024:08:22:49 -0500] "GET /64497836863.shtml HTTP/1.1" 301 0 "-" "Mozilla/5.0 AppleWebKit/537.36 (KHTML, like Gecko; compatible; bingbot/2.0; +http://www.bing.com/bingbot.htm) Chrome/116.0.1938.76 Safari/537.36"
162.213.251.208 - - [15/Nov/2024:08:22:50 -0500] "POST /wp-admin/admin-ajax.php?action=async_litespeed&nonce=aN2CsKGWHDx2qqGNJRhaWXAiF1nd4b5X&litespeed_type=imgoptm HTTP/1.1" 200 21 "-" "WordPress/6.7; https://carschronicle.com"
66.249.79.33 - - [15/Nov/2024:08:22:50 -0500] "GET /?80283887967_shtml HTTP/1.1" 200 18066 "-" "Mozilla/5.0 (compatible; Googlebot/2.1; +http://www.google.com/bot.html)"
162.213.251.208 - - [15/Nov/2024:08:23:06 -0500] "POST /wp-cron.php?doing_wp_cron=1731676986.1071069240570068359375 HTTP/1.1" 200 0 "-" "WordPress/6.7; https://carschronicle.com"
207.46.13.87 - - [15/Nov/2024:08:23:05 -0500] "GET /43384627730.shtml HTTP/1.1" 301 0 "-" "Mozilla/5.0 AppleWebKit/537.36 (KHTML, like Gecko; compatible; bingbot/2.0; +http://www.bing.com/bingbot.htm) Chrome/116.0.1938.76 Safari/537.36"
51.222.253.8 - - [15/Nov/2024:08:23:06 -0500] "GET /2017/05/02/what-to-know-about-healthy-breakfast/ HTTP/1.1" 404 13910 "-" "Mozilla/5.0 (compatible; AhrefsBot/7.0; +http://ahrefs.com/robot/)"
162.213.251.208 - - [15/Nov/2024:08:23:49 -0500] "POST /wp-cron.php?doing_wp_cron=1731677029.3768510818481445312500 HTTP/1.1" 200 0 "-" "WordPress/6.7; https://carschronicle.com"
157.55.39.62 - - [15/Nov/2024:08:23:48 -0500] "GET /20246814867.shtml HTTP/1.1" 301 0 "-" "Mozilla/5.0 AppleWebKit/537.36 (KHTML, like Gecko; compatible; bingbot/2.0; +http://www.bing.com/bingbot.htm) Chrome/116.0.1938.76 Safari/537.36"
162.213.251.208 - - [15/Nov/2024:08:23:49 -0500] "POST /wp-admin/admin-ajax.php?action=async_litespeed&nonce=agAAI8yp9q0ZK8GTBe0T6FUhKl4GE4iI&litespeed_type=imgoptm HTTP/1.1" 200 0 "-" "WordPress/6.7; https://carschronicle.com"
162.213.251.208 - - [15/Nov/2024:08:26:19 -0500] "POST /wp-cron.php?doing_wp_cron=1731677179.5961229801177978515625 HTTP/1.1" 200 0 "-" "WordPress/6.7; https://carschronicle.com"
216.244.66.234 - - [15/Nov/2024:08:26:11 -0500] "GET /2017/03/20/fast-food-conspiracy-theories-collection-of-all-times/feed/ HTTP/1.1" 200 753 "-" "Mozilla/5.0 (compatible; DotBot/1.2; +https://opensiteexplorer.org/dotbot; help@moz.com)"
162.213.251.208 - - [15/Nov/2024:08:26:20 -0500] "POST /wp-admin/admin-ajax.php?action=async_litespeed&nonce=vAZaERPVKZeM2AAvCpTMJj64lXxmajip&litespeed_type=imgoptm HTTP/1.1" 200 21 "-" "WordPress/6.7; https://carschronicle.com"
57.141.3.17 - - [15/Nov/2024:08:27:43 -0500] "GET /2017/05/06/how-far-will-humanity-go/ HTTP/1.1" 403 1242 "-" "meta-externalagent/1.1 (+https://developers.facebook.com/docs/sharing/webmasters/crawler)"
162.213.251.208 - - [15/Nov/2024:08:32:16 -0500] "POST /wp-cron.php?doing_wp_cron=1731677536.0720338821411132812500 HTTP/1.1" 200 0 "-" "WordPress/6.7; https://carschronicle.com"
157.55.39.193 - - [15/Nov/2024:08:32:07 -0500] "GET /68852024510.shtml HTTP/1.1" 301 0 "-" "Mozilla/5.0 AppleWebKit/537.36 (KHTML, like Gecko; compatible; bingbot/2.0; +http://www.bing.com/bingbot.htm) Chrome/116.0.1938.76 Safari/537.36"
162.213.251.208 - - [15/Nov/2024:08:32:16 -0500] "POST /wp-admin/admin-ajax.php?action=async_litespeed&nonce=RETM3fjPfaIOgghkBifwAZZdFfBeItRN&litespeed_type=imgoptm HTTP/1.1" 200 21 "-" "WordPress/6.7; https://carschronicle.com"
57.141.3.3 - - [15/Nov/2024:08:37:11 -0500] "GET /2017/06/28/ghost-in-the-ballot-box-catalonias-crisis-in-context/ HTTP/1.1" 403 1242 "-" "meta-externalagent/1.1 (+https://developers.facebook.com/docs/sharing/webmasters/crawler)"
162.213.251.208 - - [15/Nov/2024:08:41:22 -0500] "POST /wp-cron.php?doing_wp_cron=1731678082.8048579692840576171875 HTTP/1.1" 200 0 "-" "WordPress/6.7; https://carschronicle.com"
66.249.79.33 - - [15/Nov/2024:08:41:16 -0500] "GET /?56948790975.shtml HTTP/1.1" 301 0 "-" "Mozilla/5.0 (Linux; Android 6.0.1; Nexus 5X Build/MMB29P) AppleWebKit/537.36 (KHTML, like Gecko) Chrome/131.0.6778.69 Mobile Safari/537.36 (compatible; Googlebot/2.1; +http://www.google.com/bot.html)"
162.213.251.208 - - [15/Nov/2024:08:41:23 -0500] "POST /wp-admin/admin-ajax.php?action=async_litespeed&nonce=TKq0nbv8qiUxoV5AZQM7Nj8swTcm4PHb&litespeed_type=imgoptm HTTP/1.1" 200 0 "-" "WordPress/6.7; https://carschronicle.com"
66.249.79.33 - - [15/Nov/2024:08:41:46 -0500] "GET /?56948790975_shtml HTTP/1.1" 200 18076 "-" "Mozilla/5.0 (Linux; Android 6.0.1; Nexus 5X Build/MMB29P) AppleWebKit/537.36 (KHTML, like Gecko) Chrome/131.0.6778.69 Mobile Safari/537.36 (compatible; Googlebot/2.1; +http://www.google.com/bot.html)"
162.213.251.208 - - [15/Nov/2024:08:42:04 -0500] "POST /wp-cron.php?doing_wp_cron=1731678124.8059229850769042968750 HTTP/1.1" 200 0 "-" "WordPress/6.7; https://carschronicle.com"
157.55.39.204 - - [15/Nov/2024:08:42:04 -0500] "GET /71655498720.shtml HTTP/1.1" 301 0 "-" "Mozilla/5.0 AppleWebKit/537.36 (KHTML, like Gecko; compatible; bingbot/2.0; +http://www.bing.com/bingbot.htm) Chrome/116.0.1938.76 Safari/537.36"
57.141.3.1 - - [15/Nov/2024:08:42:31 -0500] "GET /category/popular-video/page/2/ HTTP/1.1" 403 1242 "-" "meta-externalagent/1.1 (+https://developers.facebook.com/docs/sharing/webmasters/crawler)"
162.213.251.208 - - [15/Nov/2024:08:43:10 -0500] "POST /wp-cron.php?doing_wp_cron=1731678190.8094129562377929687500 HTTP/1.1" 200 0 "-" "WordPress/6.7; https://carschronicle.com"
207.46.13.141 - - [15/Nov/2024:08:43:10 -0500] "GET /34980970215.shtml HTTP/1.1" 301 0 "-" "Mozilla/5.0 AppleWebKit/537.36 (KHTML, like Gecko; compatible; bingbot/2.0; +http://www.bing.com/bingbot.htm) Chrome/116.0.1938.76 Safari/537.36"
162.213.251.208 - - [15/Nov/2024:08:43:11 -0500] "POST /wp-admin/admin-ajax.php?action=async_litespeed&nonce=RAzJ1mcnrO0mU4YPVuNrl02XaKoBmLJd&litespeed_type=imgoptm HTTP/1.1" 200 21 "-" "WordPress/6.7; https://carschronicle.com"
162.213.251.208 - - [15/Nov/2024:08:44:22 -0500] "POST /wp-cron.php?doing_wp_cron=1731678262.9630460739135742187500 HTTP/1.1" 200 0 "-" "WordPress/6.7; https://carschronicle.com"
51.222.253.12 - - [15/Nov/2024:08:44:22 -0500] "GET /2017/08/16/when-you-wish-to-break-free-from-the-office-routine/ HTTP/1.1" 404 13914 "-" "Mozilla/5.0 (compatible; AhrefsBot/7.0; +http://ahrefs.com/robot/)"
162.213.251.208 - - [15/Nov/2024:08:44:23 -0500] "POST /wp-admin/admin-ajax.php?action=async_litespeed&nonce=UneKMmV1Ey4DJGU01MvJUysuf5naVd7L&litespeed_type=imgoptm HTTP/1.1" 200 21 "-" "WordPress/6.7; https://carschronicle.com"
162.213.251.208 - - [15/Nov/2024:08:48:12 -0500] "POST /wp-cron.php?doing_wp_cron=1731678492.6698179244995117187500 HTTP/1.1" 200 0 "-" "WordPress/6.7; https://carschronicle.com"
66.249.79.34 - - [15/Nov/2024:08:48:08 -0500] "GET /?33937799580.shtml HTTP/1.1" 301 0 "-" "Mozilla/5.0 (Linux; Android 6.0.1; Nexus 5X Build/MMB29P) AppleWebKit/537.36 (KHTML, like Gecko) Chrome/131.0.6778.69 Mobile Safari/537.36 (compatible; Googlebot/2.1; +http://www.google.com/bot.html)"
162.213.251.208 - - [15/Nov/2024:08:48:13 -0500] "POST /wp-admin/admin-ajax.php?action=async_litespeed&nonce=Zycm6E4jmVKYu3sSdt3p9mmkimctOEd4&litespeed_type=imgoptm HTTP/1.1" 200 21 "-" "WordPress/6.7; https://carschronicle.com"
157.55.39.195 - - [15/Nov/2024:08:48:39 -0500] "GET /100055686517.shtml HTTP/1.1" 301 0 "-" "Mozilla/5.0 AppleWebKit/537.36 (KHTML, like Gecko; compatible; bingbot/2.0; +http://www.bing.com/bingbot.htm) Chrome/116.0.1938.76 Safari/537.36"
216.244.66.234 - - [15/Nov/2024:08:52:46 -0500] "GET /robots.txt HTTP/1.1" 200 270 "-" "Mozilla/5.0 (compatible; DotBot/1.2; +https://opensiteexplorer.org/dotbot; help@moz.com)"
57.141.3.16 - - [15/Nov/2024:08:54:48 -0500] "GET /2017/04/02/the-best-apps-to-make-travel-easy/ HTTP/1.1" 403 1242 "-" "meta-externalagent/1.1 (+https://developers.facebook.com/docs/sharing/webmasters/crawler)"
162.213.251.208 - - [15/Nov/2024:08:55:33 -0500] "POST /wp-cron.php?doing_wp_cron=1731678933.1150050163269042968750 HTTP/1.1" 200 0 "-" "WordPress/6.7; https://carschronicle.com"
207.46.13.78 - - [15/Nov/2024:08:55:28 -0500] "GET /59288016853.shtml HTTP/1.1" 301 0 "-" "Mozilla/5.0 AppleWebKit/537.36 (KHTML, like Gecko; compatible; bingbot/2.0; +http://www.bing.com/bingbot.htm) Chrome/116.0.1938.76 Safari/537.36"
162.213.251.208 - - [15/Nov/2024:08:55:33 -0500] "POST /wp-admin/admin-ajax.php?action=async_litespeed&nonce=iQtoUlT0AUKtiFzvxL1jpvJLZdr98WFo&litespeed_type=imgoptm HTTP/1.1" 200 21 "-" "WordPress/6.7; https://carschronicle.com"
162.213.251.208 - - [15/Nov/2024:08:58:47 -0500] "POST /wp-cron.php?doing_wp_cron=1731679127.3898921012878417968750 HTTP/1.1" 200 0 "-" "WordPress/6.7; https://carschronicle.com"
207.46.13.157 - - [15/Nov/2024:08:58:44 -0500] "GET /42200322991.shtml HTTP/1.1" 301 0 "-" "Mozilla/5.0 AppleWebKit/537.36 (KHTML, like Gecko; compatible; bingbot/2.0; +http://www.bing.com/bingbot.htm) Chrome/116.0.1938.76 Safari/537.36"
162.213.251.208 - - [15/Nov/2024:08:58:47 -0500] "POST /wp-admin/admin-ajax.php?action=async_litespeed&nonce=LSxlTG6reJC1L3IrHNPEVvNxEcfpCHmT&litespeed_type=imgoptm HTTP/1.1" 200 21 "-" "WordPress/6.7; https://carschronicle.com"
162.213.251.208 - - [15/Nov/2024:08:59:28 -0500] "POST /wp-cron.php?doing_wp_cron=1731679168.8839619159698486328125 HTTP/1.1" 200 0 "-" "WordPress/6.7; https://carschronicle.com"
157.55.39.49 - - [15/Nov/2024:08:59:28 -0500] "GET /33439604496.shtml HTTP/1.1" 301 0 "-" "Mozilla/5.0 AppleWebKit/537.36 (KHTML, like Gecko; compatible; bingbot/2.0; +http://www.bing.com/bingbot.htm) Chrome/116.0.1938.76 Safari/537.36"
162.213.251.208 - - [15/Nov/2024:08:59:29 -0500] "POST /wp-admin/admin-ajax.php?action=async_litespeed&nonce=ShY4A9VeUyRYLbbAooN0NGDpLXSkzHVU&litespeed_type=imgoptm HTTP/1.1" 200 21 "-" "WordPress/6.7; https://carschronicle.com"
162.213.251.208 - - [15/Nov/2024:09:04:26 -0500] "POST /wp-cron.php?doing_wp_cron=1731679466.9638969898223876953125 HTTP/1.1" 200 0 "-" "WordPress/6.7; https://carschronicle.com"
207.46.13.51 - - [15/Nov/2024:09:04:23 -0500] "GET /25090286512.shtml HTTP/1.1" 301 0 "-" "Mozilla/5.0 AppleWebKit/537.36 (KHTML, like Gecko; compatible; bingbot/2.0; +http://www.bing.com/bingbot.htm) Chrome/116.0.1938.76 Safari/537.36"
162.213.251.208 - - [15/Nov/2024:09:04:27 -0500] "POST /wp-admin/admin-ajax.php?action=async_litespeed&nonce=kyS2U22PeJjSNN05P2guEgaV3SvmCHrB&litespeed_type=imgoptm HTTP/1.1" 200 21 "-" "WordPress/6.7; https://carschronicle.com"
93.183.92.77 - - [15/Nov/2024:09:04:43 -0500] "GET /contacts/ HTTP/1.0" 200 79376 "https://carschronicle.com/contacts/" "Mozilla/5.0 (Windows NT 10.0.0; Win64; x64; ) AppleWebKit/537.36 (KHTML, like Gecko) Chrome/124.0.6367.93 Chrome/124.0.6367.93 Not-A.Brand/99  Safari/537.36"
93.183.92.77 - - [15/Nov/2024:09:04:44 -0500] "POST /contacts/ HTTP/1.0" 200 79629 "https://carschronicle.com/contacts/" "Mozilla/5.0 (Windows NT 10.0.0; Win64; x64; ) AppleWebKit/537.36 (KHTML, like Gecko) Chrome/124.0.6367.93 Chrome/124.0.6367.93 Not-A.Brand/99  Safari/537.36"
66.249.79.35 - - [15/Nov/2024:09:04:55 -0500] "GET /?29499790557.shtml HTTP/1.1" 301 0 "-" "Mozilla/5.0 (compatible; Googlebot/2.1; +http://www.google.com/bot.html)"
162.213.251.208 - - [15/Nov/2024:09:06:02 -0500] "POST /wp-cron.php?doing_wp_cron=1731679562.6237699985504150390625 HTTP/1.1" 200 0 "-" "WordPress/6.7; https://carschronicle.com"
66.249.79.33 - - [15/Nov/2024:09:06:01 -0500] "GET /?29499790557_shtml HTTP/1.1" 200 18041 "-" "Mozilla/5.0 (compatible; Googlebot/2.1; +http://www.google.com/bot.html)"
162.213.251.208 - - [15/Nov/2024:09:06:03 -0500] "POST /wp-admin/admin-ajax.php?action=async_litespeed&nonce=mWwqSnjz11jXTeXicjntWCbcpEyD4BN2&litespeed_type=imgoptm HTTP/1.1" 200 21 "-" "WordPress/6.7; https://carschronicle.com"
162.213.251.208 - - [15/Nov/2024:09:07:56 -0500] "POST /wp-cron.php?doing_wp_cron=1731679676.5502219200134277343750 HTTP/1.1" 200 0 "-" "WordPress/6.7; https://carschronicle.com"
207.46.13.51 - - [15/Nov/2024:09:07:51 -0500] "GET /48697783417.shtml HTTP/1.1" 301 0 "-" "Mozilla/5.0 AppleWebKit/537.36 (KHTML, like Gecko; compatible; bingbot/2.0; +http://www.bing.com/bingbot.htm) Chrome/116.0.1938.76 Safari/537.36"
162.213.251.208 - - [15/Nov/2024:09:07:57 -0500] "POST /wp-admin/admin-ajax.php?action=async_litespeed&nonce=OWKnMZoQOfQ3ly5TEKQ402vX0Ytb08Sv&litespeed_type=imgoptm HTTP/1.1" 200 21 "-" "WordPress/6.7; https://carschronicle.com"
162.213.251.208 - - [15/Nov/2024:09:10:41 -0500] "POST /wp-cron.php?doing_wp_cron=1731679841.0781710147857666015625 HTTP/1.1" 200 0 "-" "WordPress/6.7; https://carschronicle.com"
66.249.79.33 - - [15/Nov/2024:09:10:36 -0500] "GET /?33937799580_shtml HTTP/1.1" 200 18116 "-" "Mozilla/5.0 (Linux; Android 6.0.1; Nexus 5X Build/MMB29P) AppleWebKit/537.36 (KHTML, like Gecko) Chrome/131.0.6778.69 Mobile Safari/537.36 (compatible; Googlebot/2.1; +http://www.google.com/bot.html)"
162.213.251.208 - - [15/Nov/2024:09:10:41 -0500] "POST /wp-admin/admin-ajax.php?action=async_litespeed&nonce=UvfdZiUdcfhqDEqbsPlAlhQiPzZDAV8q&litespeed_type=imgoptm HTTP/1.1" 200 21 "-" "WordPress/6.7; https://carschronicle.com"
162.213.251.208 - - [15/Nov/2024:09:11:26 -0500] "POST /wp-cron.php?doing_wp_cron=1731679886.0168600082397460937500 HTTP/1.1" 200 0 "-" "WordPress/6.7; https://carschronicle.com"
66.249.79.35 - - [15/Nov/2024:09:11:25 -0500] "GET /?33937799580.shtml HTTP/1.1" 301 0 "-" "Mozilla/5.0 (Linux; Android 6.0.1; Nexus 5X Build/MMB29P) AppleWebKit/537.36 (KHTML, like Gecko) Chrome/131.0.6778.69 Mobile Safari/537.36 (compatible; Googlebot/2.1; +http://www.google.com/bot.html)"
162.213.251.208 - - [15/Nov/2024:09:11:26 -0500] "POST /wp-admin/admin-ajax.php?action=async_litespeed&nonce=V15V4nxMJkSBHz0dFoxOHFqwJ5Y30YVY&litespeed_type=imgoptm HTTP/1.1" 200 21 "-" "WordPress/6.7; https://carschronicle.com"
207.46.13.51 - - [15/Nov/2024:09:11:55 -0500] "GET /49782404384.shtml HTTP/1.1" 301 0 "-" "Mozilla/5.0 AppleWebKit/537.36 (KHTML, like Gecko; compatible; bingbot/2.0; +http://www.bing.com/bingbot.htm) Chrome/116.0.1938.76 Safari/537.36"
162.213.251.208 - - [15/Nov/2024:09:12:02 -0500] "POST /wp-cron.php?doing_wp_cron=1731679922.1746408939361572265625 HTTP/1.1" 200 0 "-" "WordPress/6.7; https://carschronicle.com"
207.46.13.150 - - [15/Nov/2024:09:12:01 -0500] "GET /35724988028.shtml HTTP/1.1" 301 0 "-" "Mozilla/5.0 AppleWebKit/537.36 (KHTML, like Gecko; compatible; bingbot/2.0; +http://www.bing.com/bingbot.htm) Chrome/116.0.1938.76 Safari/537.36"
162.213.251.208 - - [15/Nov/2024:09:13:41 -0500] "POST /wp-cron.php?doing_wp_cron=1731680021.3596279621124267578125 HTTP/1.1" 200 0 "-" "WordPress/6.7; https://carschronicle.com"
207.46.13.6 - - [15/Nov/2024:09:13:38 -0500] "GET /86567604384.shtml HTTP/1.1" 301 0 "-" "Mozilla/5.0 AppleWebKit/537.36 (KHTML, like Gecko; compatible; bingbot/2.0; +http://www.bing.com/bingbot.htm) Chrome/116.0.1938.76 Safari/537.36"
162.213.251.208 - - [15/Nov/2024:09:13:41 -0500] "POST /wp-admin/admin-ajax.php?action=async_litespeed&nonce=gcwdDNJ3V4JuZjJO16EYlFMD5guisn2y&litespeed_type=imgoptm HTTP/1.1" 200 21 "-" "WordPress/6.7; https://carschronicle.com"
57.141.3.7 - - [15/Nov/2024:09:19:27 -0500] "GET /2017/10/04/every-relationships-struggles-challenges-talk-show/ HTTP/1.1" 403 1242 "-" "meta-externalagent/1.1 (+https://developers.facebook.com/docs/sharing/webmasters/crawler)"
162.213.251.208 - - [15/Nov/2024:09:21:42 -0500] "POST /wp-cron.php?doing_wp_cron=1731680502.5920839309692382812500 HTTP/1.1" 200 0 "-" "WordPress/6.7; https://carschronicle.com"
207.46.13.6 - - [15/Nov/2024:09:21:33 -0500] "GET /20270615751.shtml HTTP/1.1" 301 0 "-" "Mozilla/5.0 AppleWebKit/537.36 (KHTML, like Gecko; compatible; bingbot/2.0; +http://www.bing.com/bingbot.htm) Chrome/116.0.1938.76 Safari/537.36"
162.213.251.208 - - [15/Nov/2024:09:21:43 -0500] "POST /wp-admin/admin-ajax.php?action=async_litespeed&nonce=jIu9CEJ75zgTS682JInHZ3q4r3amIj1k&litespeed_type=imgoptm HTTP/1.1" 200 0 "-" "WordPress/6.7; https://carschronicle.com"
157.55.39.195 - - [15/Nov/2024:09:21:48 -0500] "GET /93149330863.shtml HTTP/1.1" 301 0 "-" "Mozilla/5.0 AppleWebKit/537.36 (KHTML, like Gecko; compatible; bingbot/2.0; +http://www.bing.com/bingbot.htm) Chrome/116.0.1938.76 Safari/537.36"
157.55.39.195 - - [15/Nov/2024:09:21:48 -0500] "GET /98910067003.shtml HTTP/1.1" 301 0 "-" "Mozilla/5.0 AppleWebKit/537.36 (KHTML, like Gecko; compatible; bingbot/2.0; +http://www.bing.com/bingbot.htm) Chrome/116.0.1938.76 Safari/537.36"
207.46.13.6 - - [15/Nov/2024:09:21:54 -0500] "GET /60880880714.shtml HTTP/1.1" 301 0 "-" "Mozilla/5.0 AppleWebKit/537.36 (KHTML, like Gecko; compatible; bingbot/2.0; +http://www.bing.com/bingbot.htm) Chrome/116.0.1938.76 Safari/537.36"
162.213.251.208 - - [15/Nov/2024:09:22:09 -0500] "POST /wp-cron.php?doing_wp_cron=1731680529.6890339851379394531250 HTTP/1.1" 200 0 "-" "WordPress/6.7; https://carschronicle.com"
66.249.79.34 - - [15/Nov/2024:09:22:09 -0500] "GET /?21399332766.shtml HTTP/1.1" 301 0 "-" "Mozilla/5.0 (Linux; Android 6.0.1; Nexus 5X Build/MMB29P) AppleWebKit/537.36 (KHTML, like Gecko) Chrome/131.0.6778.69 Mobile Safari/537.36 (compatible; Googlebot/2.1; +http://www.google.com/bot.html)"
162.213.251.208 - - [15/Nov/2024:09:22:10 -0500] "POST /wp-admin/admin-ajax.php?action=async_litespeed&nonce=C4g4kt1QKRPsd5wiffDJYl1AXwKkjHTu&litespeed_type=imgoptm HTTP/1.1" 200 21 "-" "WordPress/6.7; https://carschronicle.com"
66.249.79.33 - - [15/Nov/2024:09:22:10 -0500] "GET /?21399332766_shtml HTTP/1.1" 200 18074 "-" "Mozilla/5.0 (Linux; Android 6.0.1; Nexus 5X Build/MMB29P) AppleWebKit/537.36 (KHTML, like Gecko) Chrome/131.0.6778.69 Mobile Safari/537.36 (compatible; Googlebot/2.1; +http://www.google.com/bot.html)"
162.213.251.208 - - [15/Nov/2024:09:14:44 -0500] "POST /wp-cron.php?doing_wp_cron=1731680084.2725200653076171875000 HTTP/1.1" 200 0 "-" "WordPress/6.7; https://carschronicle.com"
157.55.39.201 - - [15/Nov/2024:09:14:43 -0500] "GET /41720398701.shtml HTTP/1.1" 301 0 "-" "Mozilla/5.0 AppleWebKit/537.36 (KHTML, like Gecko; compatible; bingbot/2.0; +http://www.bing.com/bingbot.htm) Chrome/116.0.1938.76 Safari/537.36"
162.213.251.208 - - [15/Nov/2024:09:14:44 -0500] "POST /wp-admin/admin-ajax.php?action=async_litespeed&nonce=CocC4StONQkvYvShyovBXctlIAeA3swU&litespeed_type=imgoptm HTTP/1.1" 200 21 "-" "WordPress/6.7; https://carschronicle.com"
162.213.251.208 - - [15/Nov/2024:09:15:17 -0500] "POST /wp-cron.php?doing_wp_cron=1731680117.5202260017395019531250 HTTP/1.1" 200 0 "-" "WordPress/6.7; https://carschronicle.com"
66.249.79.33 - - [15/Nov/2024:09:15:16 -0500] "GET /19137597717.shtml HTTP/1.1" 404 13898 "-" "Mozilla/5.0 (compatible; Googlebot/2.1; +http://www.google.com/bot.html)"
162.213.251.208 - - [15/Nov/2024:09:15:18 -0500] "POST /wp-admin/admin-ajax.php?action=async_litespeed&nonce=PPydvIamqfsVMJQcrRTADiLlRorEqHCl&litespeed_type=imgoptm HTTP/1.1" 200 21 "-" "WordPress/6.7; https://carschronicle.com"
66.249.79.34 - - [15/Nov/2024:09:17:36 -0500] "GET /?33937799580_shtml HTTP/1.1" 200 18116 "-" "Mozilla/5.0 (Linux; Android 6.0.1; Nexus 5X Build/MMB29P) AppleWebKit/537.36 (KHTML, like Gecko) Chrome/131.0.6778.69 Mobile Safari/537.36 (compatible; Googlebot/2.1; +http://www.google.com/bot.html)"
162.213.251.208 - - [15/Nov/2024:09:17:51 -0500] "POST /wp-cron.php?doing_wp_cron=1731680271.7194929122924804687500 HTTP/1.1" 200 0 "-" "WordPress/6.7; https://carschronicle.com"
157.55.39.195 - - [15/Nov/2024:09:17:49 -0500] "GET /71969915771.shtml HTTP/1.1" 301 0 "-" "Mozilla/5.0 AppleWebKit/537.36 (KHTML, like Gecko; compatible; bingbot/2.0; +http://www.bing.com/bingbot.htm) Chrome/116.0.1938.76 Safari/537.36"
162.213.251.208 - - [15/Nov/2024:09:17:52 -0500] "POST /wp-admin/admin-ajax.php?action=async_litespeed&nonce=AedO4NmhR9GL1d9No9XqFSWu9pIlh9ZI&litespeed_type=imgoptm HTTP/1.1" 200 21 "-" "WordPress/6.7; https://carschronicle.com"
207.46.13.6 - - [15/Nov/2024:09:22:55 -0500] "GET /74906488435.shtml HTTP/1.1" 301 0 "-" "Mozilla/5.0 AppleWebKit/537.36 (KHTML, like Gecko; compatible; bingbot/2.0; +http://www.bing.com/bingbot.htm) Chrome/116.0.1938.76 Safari/537.36"
162.213.251.208 - - [15/Nov/2024:09:24:48 -0500] "POST /wp-cron.php?doing_wp_cron=1731680688.8409099578857421875000 HTTP/1.1" 200 0 "-" "WordPress/6.7; https://carschronicle.com"
51.222.253.14 - - [15/Nov/2024:09:24:45 -0500] "GET /category/style/feed/ HTTP/1.1" 200 1294 "-" "Mozilla/5.0 (compatible; AhrefsBot/7.0; +http://ahrefs.com/robot/)"
162.213.251.208 - - [15/Nov/2024:09:24:49 -0500] "POST /wp-admin/admin-ajax.php?action=async_litespeed&nonce=6XLqUVDMB22i81qy8igqZzFMiI81Z1Ll&litespeed_type=imgoptm HTTP/1.1" 200 21 "-" "WordPress/6.7; https://carschronicle.com"
162.213.251.208 - - [15/Nov/2024:09:25:07 -0500] "POST /wp-cron.php?doing_wp_cron=1731680707.6322109699249267578125 HTTP/1.1" 200 0 "-" "WordPress/6.7; https://carschronicle.com"
157.55.39.49 - - [15/Nov/2024:09:25:07 -0500] "GET /64654239955.shtml HTTP/1.1" 301 0 "-" "Mozilla/5.0 AppleWebKit/537.36 (KHTML, like Gecko; compatible; bingbot/2.0; +http://www.bing.com/bingbot.htm) Chrome/116.0.1938.76 Safari/537.36"
195.2.78.89 - - [15/Nov/2024:09:25:53 -0500] "GET / HTTP/1.1" 200 22159 "-" "Mozilla/5.0 (Windows NT 10.0; Win64; x64) AppleWebKit/537.36 (KHTML, like Gecko) Chrome/120.0.0.0 Safari/537.36"
162.213.251.208 - - [15/Nov/2024:09:25:55 -0500] "POST /wp-cron.php?doing_wp_cron=1731680755.5995519161224365234375 HTTP/1.1" 200 0 "-" "WordPress/6.7; https://carschronicle.com"
109.108.97.60 - - [15/Nov/2024:09:25:54 -0500] "POST / HTTP/1.1" 200 22278 "-" "Mozilla/5.0 (Windows NT 10.0; Win64; x64) AppleWebKit/537.36 (KHTML, like Gecko) Chrome/120.0.0.0 Safari/537.36"
162.213.251.208 - - [15/Nov/2024:09:25:56 -0500] "POST /wp-admin/admin-ajax.php?action=async_litespeed&nonce=uTepJF0CfVCasl0Q71qbnkAspAwCoYym&litespeed_type=imgoptm HTTP/1.1" 200 21 "-" "WordPress/6.7; https://carschronicle.com"
162.213.251.208 - - [15/Nov/2024:09:25:58 -0500] "POST /wp-cron.php?doing_wp_cron=1731680758.7841770648956298828125 HTTP/1.1" 200 0 "-" "WordPress/6.7; https://carschronicle.com"
109.108.97.60 - - [15/Nov/2024:09:25:57 -0500] "POST / HTTP/1.1" 200 22068 "-" "Mozilla/5.0 (Windows NT 10.0; Win64; x64) AppleWebKit/537.36 (KHTML, like Gecko) Chrome/120.0.0.0 Safari/537.36"
195.2.78.89 - - [15/Nov/2024:09:26:00 -0500] "GET /comments/feed/ HTTP/1.1" 200 1174 "-" "Mozilla/5.0 (Windows NT 10.0; Win64; x64) AppleWebKit/537.36 (KHTML, like Gecko) Chrome/120.0.0.0 Safari/537.36"
195.2.78.89 - - [15/Nov/2024:09:26:08 -0500] "GET /2017/04/04/staff-picks-the-gear-we-want-this-year-to-drive/ HTTP/1.1" 200 22537 "-" "Mozilla/5.0 (Windows NT 10.0; Win64; x64) AppleWebKit/537.36 (KHTML, like Gecko) Chrome/120.0.0.0 Safari/537.36"
162.213.251.208 - - [15/Nov/2024:09:26:10 -0500] "POST /wp-cron.php?doing_wp_cron=1731680770.5339400768280029296875 HTTP/1.1" 200 0 "-" "WordPress/6.7; https://carschronicle.com"
109.108.97.60 - - [15/Nov/2024:09:26:10 -0500] "POST /wp-comments-post.php HTTP/1.1" 200 1184 "-" "Mozilla/5.0 (Windows NT 10.0; Win64; x64) AppleWebKit/537.36 (KHTML, like Gecko) Chrome/120.0.0.0 Safari/537.36"
162.213.251.208 - - [15/Nov/2024:09:26:11 -0500] "POST /wp-admin/admin-ajax.php?action=async_litespeed&nonce=49f6AdwLGntfUMqkmeMc958zxHVKG65t&litespeed_type=imgoptm HTTP/1.1" 200 21 "-" "WordPress/6.7; https://carschronicle.com"
109.108.97.60 - - [15/Nov/2024:09:26:11 -0500] "POST /wp-comments-post.php HTTP/1.1" 200 0 "-" "Mozilla/5.0 (Windows NT 10.0; Win64; x64) AppleWebKit/537.36 (KHTML, like Gecko) Chrome/120.0.0.0 Safari/537.36"
109.108.97.60 - - [15/Nov/2024:09:26:13 -0500] "POST /2017/04/04/staff-picks-the-gear-we-want-this-year-to-drive/ HTTP/1.1" 200 22690 "-" "Mozilla/5.0 (Windows NT 10.0; Win64; x64) AppleWebKit/537.36 (KHTML, like Gecko) Chrome/120.0.0.0 Safari/537.36"
109.108.97.60 - - [15/Nov/2024:09:26:14 -0500] "POST /2017/04/04/staff-picks-the-gear-we-want-this-year-to-drive/ HTTP/1.1" 200 22529 "-" "Mozilla/5.0 (Windows NT 10.0; Win64; x64) AppleWebKit/537.36 (KHTML, like Gecko) Chrome/120.0.0.0 Safari/537.36"
195.2.78.89 - - [15/Nov/2024:09:26:17 -0500] "GET /contacts/ HTTP/1.1" 200 18152 "-" "Mozilla/5.0 (Windows NT 10.0; Win64; x64) AppleWebKit/537.36 (KHTML, like Gecko) Chrome/120.0.0.0 Safari/537.36"
109.108.97.60 - - [15/Nov/2024:09:26:18 -0500] "POST /contacts/ HTTP/1.1" 200 18262 "-" "Mozilla/5.0 (Windows NT 10.0; Win64; x64) AppleWebKit/537.36 (KHTML, like Gecko) Chrome/120.0.0.0 Safari/537.36"
109.108.97.60 - - [15/Nov/2024:09:26:20 -0500] "POST /contacts/ HTTP/1.1" 200 18160 "-" "Mozilla/5.0 (Windows NT 10.0; Win64; x64) AppleWebKit/537.36 (KHTML, like Gecko) Chrome/120.0.0.0 Safari/537.36"
195.2.78.89 - - [15/Nov/2024:09:26:21 -0500] "GET /blog-classic-2-columns/ HTTP/1.1" 200 19390 "-" "Mozilla/5.0 (Windows NT 10.0; Win64; x64) AppleWebKit/537.36 (KHTML, like Gecko) Chrome/120.0.0.0 Safari/537.36"
109.108.97.60 - - [15/Nov/2024:09:26:23 -0500] "POST /blog-classic-2-columns/ HTTP/1.1" 200 19663 "-" "Mozilla/5.0 (Windows NT 10.0; Win64; x64) AppleWebKit/537.36 (KHTML, like Gecko) Chrome/120.0.0.0 Safari/537.36"
109.108.97.60 - - [15/Nov/2024:09:26:25 -0500] "POST /blog-classic-2-columns/ HTTP/1.1" 200 19364 "-" "Mozilla/5.0 (Windows NT 10.0; Win64; x64) AppleWebKit/537.36 (KHTML, like Gecko) Chrome/120.0.0.0 Safari/537.36"
195.2.78.89 - - [15/Nov/2024:09:26:26 -0500] "GET /category/news-updates/feed/ HTTP/1.1" 200 1504 "-" "Mozilla/5.0 (Windows NT 10.0; Win64; x64) AppleWebKit/537.36 (KHTML, like Gecko) Chrome/120.0.0.0 Safari/537.36"
195.2.78.89 - - [15/Nov/2024:09:26:28 -0500] "GET /2017/11/27/present-guide-14-gift-ideas-for-a-new-parent/ HTTP/1.1" 200 21844 "-" "Mozilla/5.0 (Windows NT 10.0; Win64; x64) AppleWebKit/537.36 (KHTML, like Gecko) Chrome/120.0.0.0 Safari/537.36"
109.108.97.60 - - [15/Nov/2024:09:26:29 -0500] "POST /wp-comments-post.php HTTP/1.1" 200 1184 "-" "Mozilla/5.0 (Windows NT 10.0; Win64; x64) AppleWebKit/537.36 (KHTML, like Gecko) Chrome/120.0.0.0 Safari/537.36"
109.108.97.60 - - [15/Nov/2024:09:26:31 -0500] "POST /wp-comments-post.php HTTP/1.1" 200 0 "-" "Mozilla/5.0 (Windows NT 10.0; Win64; x64) AppleWebKit/537.36 (KHTML, like Gecko) Chrome/120.0.0.0 Safari/537.36"
109.108.97.60 - - [15/Nov/2024:09:26:32 -0500] "POST /2017/11/27/present-guide-14-gift-ideas-for-a-new-parent/ HTTP/1.1" 200 22034 "-" "Mozilla/5.0 (Windows NT 10.0; Win64; x64) AppleWebKit/537.36 (KHTML, like Gecko) Chrome/120.0.0.0 Safari/537.36"
109.108.97.60 - - [15/Nov/2024:09:26:34 -0500] "POST /2017/11/27/present-guide-14-gift-ideas-for-a-new-parent/ HTTP/1.1" 200 21782 "-" "Mozilla/5.0 (Windows NT 10.0; Win64; x64) AppleWebKit/537.36 (KHTML, like Gecko) Chrome/120.0.0.0 Safari/537.36"
195.2.78.89 - - [15/Nov/2024:09:26:36 -0500] "GET /blog-classic-3-columns/ HTTP/1.1" 200 17268 "-" "Mozilla/5.0 (Windows NT 10.0; Win64; x64) AppleWebKit/537.36 (KHTML, like Gecko) Chrome/120.0.0.0 Safari/537.36"
195.2.78.89 - - [15/Nov/2024:09:26:38 -0500] "GET /blog-portfolio-2-columns/ HTTP/1.1" 200 19167 "-" "Mozilla/5.0 (Windows NT 10.0; Win64; x64) AppleWebKit/537.36 (KHTML, like Gecko) Chrome/120.0.0.0 Safari/537.36"
109.108.97.60 - - [15/Nov/2024:09:26:39 -0500] "POST /blog-portfolio-2-columns/ HTTP/1.1" 200 19364 "-" "Mozilla/5.0 (Windows NT 10.0; Win64; x64) AppleWebKit/537.36 (KHTML, like Gecko) Chrome/120.0.0.0 Safari/537.36"
109.108.97.60 - - [15/Nov/2024:09:26:42 -0500] "POST /blog-portfolio-2-columns/ HTTP/1.1" 200 19140 "-" "Mozilla/5.0 (Windows NT 10.0; Win64; x64) AppleWebKit/537.36 (KHTML, like Gecko) Chrome/120.0.0.0 Safari/537.36"
195.2.78.89 - - [15/Nov/2024:09:26:44 -0500] "GET /blog-portfolio-3-columns/ HTTP/1.1" 200 17139 "-" "Mozilla/5.0 (Windows NT 10.0; Win64; x64) AppleWebKit/537.36 (KHTML, like Gecko) Chrome/120.0.0.0 Safari/537.36"
195.2.78.89 - - [15/Nov/2024:09:26:46 -0500] "GET /blog-chess-2-columns/ HTTP/1.1" 200 17418 "-" "Mozilla/5.0 (Windows NT 10.0; Win64; x64) AppleWebKit/537.36 (KHTML, like Gecko) Chrome/120.0.0.0 Safari/537.36"
195.2.78.89 - - [15/Nov/2024:09:26:47 -0500] "GET /blog-chess-4-columns/ HTTP/1.1" 200 17269 "-" "Mozilla/5.0 (Windows NT 10.0; Win64; x64) AppleWebKit/537.36 (KHTML, like Gecko) Chrome/120.0.0.0 Safari/537.36"
195.2.78.89 - - [15/Nov/2024:09:26:49 -0500] "GET /blog-chess-6-columns/ HTTP/1.1" 200 17096 "-" "Mozilla/5.0 (Windows NT 10.0; Win64; x64) AppleWebKit/537.36 (KHTML, like Gecko) Chrome/120.0.0.0 Safari/537.36"
195.2.78.89 - - [15/Nov/2024:09:26:52 -0500] "GET /blog-classic-2-columns/ HTTP/1.1" 200 19390 "-" "Mozilla/5.0 (Windows NT 10.0; Win64; x64) AppleWebKit/537.36 (KHTML, like Gecko) Chrome/120.0.0.0 Safari/537.36"
109.108.97.60 - - [15/Nov/2024:09:26:53 -0500] "POST /blog-classic-2-columns/ HTTP/1.1" 200 19544 "-" "Mozilla/5.0 (Windows NT 10.0; Win64; x64) AppleWebKit/537.36 (KHTML, like Gecko) Chrome/120.0.0.0 Safari/537.36"
109.108.97.60 - - [15/Nov/2024:09:26:55 -0500] "POST /blog-classic-2-columns/ HTTP/1.1" 200 19293 "-" "Mozilla/5.0 (Windows NT 10.0; Win64; x64) AppleWebKit/537.36 (KHTML, like Gecko) Chrome/120.0.0.0 Safari/537.36"
195.2.78.89 - - [15/Nov/2024:09:26:57 -0500] "GET /blog-classic-3-columns/ HTTP/1.1" 200 17268 "-" "Mozilla/5.0 (Windows NT 10.0; Win64; x64) AppleWebKit/537.36 (KHTML, like Gecko) Chrome/120.0.0.0 Safari/537.36"
195.2.78.89 - - [15/Nov/2024:09:26:59 -0500] "GET /blog-chess-2-columns/ HTTP/1.1" 200 17418 "-" "Mozilla/5.0 (Windows NT 10.0; Win64; x64) AppleWebKit/537.36 (KHTML, like Gecko) Chrome/120.0.0.0 Safari/537.36"
195.2.78.89 - - [15/Nov/2024:09:27:01 -0500] "GET /blog-chess-6-columns/ HTTP/1.1" 200 17096 "-" "Mozilla/5.0 (Windows NT 10.0; Win64; x64) AppleWebKit/537.36 (KHTML, like Gecko) Chrome/120.0.0.0 Safari/537.36"
195.2.78.89 - - [15/Nov/2024:09:27:02 -0500] "GET /2017/11/27/present-guide-14-gift-ideas-for-a-new-parent/ HTTP/1.1" 200 21844 "-" "Mozilla/5.0 (Windows NT 10.0; Win64; x64) AppleWebKit/537.36 (KHTML, like Gecko) Chrome/120.0.0.0 Safari/537.36"
162.213.251.208 - - [15/Nov/2024:09:27:16 -0500] "POST /wp-cron.php?doing_wp_cron=1731680835.9829859733581542968750 HTTP/1.1" 200 0 "-" "WordPress/6.7; https://carschronicle.com"
109.108.97.60 - - [15/Nov/2024:09:27:15 -0500] "POST /2017/11/27/present-guide-14-gift-ideas-for-a-new-parent/ HTTP/1.1" 200 21830 "-" "Mozilla/5.0 (Windows NT 10.0; Win64; x64) AppleWebKit/537.36 (KHTML, like Gecko) Chrome/120.0.0.0 Safari/537.36"
162.213.251.208 - - [15/Nov/2024:09:27:16 -0500] "POST /wp-admin/admin-ajax.php?action=async_litespeed&nonce=cu7YqCBr4CQ1VrjDPrkrcml6uZ1OhFYF&litespeed_type=imgoptm HTTP/1.1" 200 21 "-" "WordPress/6.7; https://carschronicle.com"
195.2.78.89 - - [15/Nov/2024:09:27:17 -0500] "GET /2017/11/27/present-guide-14-gift-ideas-for-a-new-parent/feed/ HTTP/1.1" 200 498 "-" "Mozilla/5.0 (Windows NT 10.0; Win64; x64) AppleWebKit/537.36 (KHTML, like Gecko) Chrome/120.0.0.0 Safari/537.36"
195.2.78.89 - - [15/Nov/2024:09:27:18 -0500] "GET /2017/11/27/present-guide-14-gift-ideas-for-a-new-parent/ HTTP/1.1" 200 21844 "-" "Mozilla/5.0 (Windows NT 10.0; Win64; x64) AppleWebKit/537.36 (KHTML, like Gecko) Chrome/120.0.0.0 Safari/537.36"
109.108.97.60 - - [15/Nov/2024:09:27:19 -0500] "POST /2017/11/27/present-guide-14-gift-ideas-for-a-new-parent/ HTTP/1.1" 200 22023 "-" "Mozilla/5.0 (Windows NT 10.0; Win64; x64) AppleWebKit/537.36 (KHTML, like Gecko) Chrome/120.0.0.0 Safari/537.36"
109.108.97.60 - - [15/Nov/2024:09:27:21 -0500] "POST /2017/11/27/present-guide-14-gift-ideas-for-a-new-parent/ HTTP/1.1" 200 21858 "-" "Mozilla/5.0 (Windows NT 10.0; Win64; x64) AppleWebKit/537.36 (KHTML, like Gecko) Chrome/120.0.0.0 Safari/537.36"
195.2.78.89 - - [15/Nov/2024:09:27:23 -0500] "GET /category/news-updates/ HTTP/1.1" 200 19479 "-" "Mozilla/5.0 (Windows NT 10.0; Win64; x64) AppleWebKit/537.36 (KHTML, like Gecko) Chrome/120.0.0.0 Safari/537.36"
109.108.97.60 - - [15/Nov/2024:09:27:26 -0500] "POST /category/news-updates/ HTTP/1.1" 200 19703 "-" "Mozilla/5.0 (Windows NT 10.0; Win64; x64) AppleWebKit/537.36 (KHTML, like Gecko) Chrome/120.0.0.0 Safari/537.36"
109.108.97.60 - - [15/Nov/2024:09:27:27 -0500] "POST /category/news-updates/ HTTP/1.1" 200 19471 "-" "Mozilla/5.0 (Windows NT 10.0; Win64; x64) AppleWebKit/537.36 (KHTML, like Gecko) Chrome/120.0.0.0 Safari/537.36"
195.2.78.89 - - [15/Nov/2024:09:27:29 -0500] "GET /2024/10/07/the-new-2025-bmw-m5/ HTTP/1.1" 200 23437 "-" "Mozilla/5.0 (Windows NT 10.0; Win64; x64) AppleWebKit/537.36 (KHTML, like Gecko) Chrome/120.0.0.0 Safari/537.36"
