157.55.39.193 - - [15/Nov/2024:21:10:29 -0500] "GET /21001762715.shtml HTTP/1.1" 301 0 "-" "Mozilla/5.0 AppleWebKit/537.36 (KHTML, like Gecko; compatible; bingbot/2.0; +http://www.bing.com/bingbot.htm) Chrome/116.0.1938.76 Safari/537.36"
162.213.251.208 - - [15/Nov/2024:21:13:28 -0500] "POST /wp-cron.php?doing_wp_cron=1731723208.7311329841613769531250 HTTP/1.1" 200 0 "-" "WordPress/6.7; https://carschronicle.com"
157.55.39.56 - - [15/Nov/2024:21:13:19 -0500] "GET /60402798720.shtml HTTP/1.1" 301 0 "-" "Mozilla/5.0 AppleWebKit/537.36 (KHTML, like Gecko; compatible; bingbot/2.0; +http://www.bing.com/bingbot.htm) Chrome/116.0.1938.76 Safari/537.36"
162.213.251.208 - - [15/Nov/2024:21:13:30 -0500] "POST /wp-admin/admin-ajax.php?action=async_litespeed&nonce=s86wYP9YQvBHIqLAaX63hyRsmfAaclha&litespeed_type=imgoptm HTTP/1.1" 200 0 "-" "WordPress/6.7; https://carschronicle.com"
162.213.251.208 - - [15/Nov/2024:21:15:28 -0500] "POST /wp-cron.php?doing_wp_cron=1731723328.5056450366973876953125 HTTP/1.1" 200 0 "-" "WordPress/6.7; https://carschronicle.com"
157.55.39.56 - - [15/Nov/2024:21:15:19 -0500] "GET /112806514651.shtml HTTP/1.1" 301 0 "-" "Mozilla/5.0 AppleWebKit/537.36 (KHTML, like Gecko; compatible; bingbot/2.0; +http://www.bing.com/bingbot.htm) Chrome/116.0.1938.76 Safari/537.36"
162.213.251.208 - - [15/Nov/2024:21:15:30 -0500] "POST /wp-admin/admin-ajax.php?action=async_litespeed&nonce=OCTeSyesk6r4OxYu73GGJgIcDMgSOxue&litespeed_type=imgoptm HTTP/1.1" 200 0 "-" "WordPress/6.7; https://carschronicle.com"
162.213.251.208 - - [15/Nov/2024:21:16:02 -0500] "POST /wp-cron.php?doing_wp_cron=1731723362.1875259876251220703125 HTTP/1.1" 200 0 "-" "WordPress/6.7; https://carschronicle.com"
207.46.13.36 - - [15/Nov/2024:21:16:00 -0500] "GET /35676583417.shtml HTTP/1.1" 301 0 "-" "Mozilla/5.0 AppleWebKit/537.36 (KHTML, like Gecko; compatible; bingbot/2.0; +http://www.bing.com/bingbot.htm) Chrome/116.0.1938.76 Safari/537.36"
157.55.39.56 - - [15/Nov/2024:21:19:53 -0500] "GET /50661714863.shtml HTTP/1.1" 301 0 "-" "Mozilla/5.0 AppleWebKit/537.36 (KHTML, like Gecko; compatible; bingbot/2.0; +http://www.bing.com/bingbot.htm) Chrome/116.0.1938.76 Safari/537.36"
162.213.251.208 - - [15/Nov/2024:21:20:11 -0500] "POST /wp-cron.php?doing_wp_cron=1731723609.2971909046173095703125 HTTP/1.1" 200 0 "-" "WordPress/6.7; https://carschronicle.com"
162.213.251.208 - - [15/Nov/2024:21:21:46 -0500] "POST /wp-cron.php?doing_wp_cron=1731723706.6691410541534423828125 HTTP/1.1" 200 0 "-" "WordPress/6.7; https://carschronicle.com"
54.36.149.22 - - [15/Nov/2024:21:21:41 -0500] "GET /2017/08/20/technology-that-can-change-your-life-forever/ HTTP/1.1" 404 13909 "-" "Mozilla/5.0 (compatible; AhrefsBot/7.0; +http://ahrefs.com/robot/)"
162.213.251.208 - - [15/Nov/2024:21:21:47 -0500] "POST /wp-admin/admin-ajax.php?action=async_litespeed&nonce=rfhJxHmAM7ZGrZyQq2Xv8de2H3a7Z2KE&litespeed_type=imgoptm HTTP/1.1" 200 0 "-" "WordPress/6.7; https://carschronicle.com"
162.213.251.208 - - [15/Nov/2024:21:23:27 -0500] "POST /wp-cron.php?doing_wp_cron=1731723807.4362208843231201171875 HTTP/1.1" 200 0 "-" "WordPress/6.7; https://carschronicle.com"
157.55.39.197 - - [15/Nov/2024:21:23:20 -0500] "GET /111283480001.shtml HTTP/1.1" 301 0 "-" "Mozilla/5.0 AppleWebKit/537.36 (KHTML, like Gecko; compatible; bingbot/2.0; +http://www.bing.com/bingbot.htm) Chrome/116.0.1938.76 Safari/537.36"
162.213.251.208 - - [15/Nov/2024:21:23:29 -0500] "POST /wp-admin/admin-ajax.php?action=async_litespeed&nonce=lWKrkhXJn2o8RD2580XCRjwHV6bgAnv0&litespeed_type=imgoptm HTTP/1.1" 200 0 "-" "WordPress/6.7; https://carschronicle.com"
157.55.39.197 - - [15/Nov/2024:21:23:30 -0500] "GET /53742860807.shtml HTTP/1.1" 301 0 "-" "Mozilla/5.0 AppleWebKit/537.36 (KHTML, like Gecko; compatible; bingbot/2.0; +http://www.bing.com/bingbot.htm) Chrome/116.0.1938.76 Safari/537.36"
162.213.251.208 - - [15/Nov/2024:21:24:21 -0500] "POST /wp-cron.php?doing_wp_cron=1731723861.5971789360046386718750 HTTP/1.1" 200 0 "-" "WordPress/6.7; https://carschronicle.com"
207.46.13.126 - - [15/Nov/2024:21:24:20 -0500] "GET /36706809556.shtml HTTP/1.1" 301 0 "-" "Mozilla/5.0 AppleWebKit/537.36 (KHTML, like Gecko; compatible; bingbot/2.0; +http://www.bing.com/bingbot.htm) Chrome/116.0.1938.76 Safari/537.36"
162.213.251.208 - - [15/Nov/2024:21:24:22 -0500] "POST /wp-admin/admin-ajax.php?action=async_litespeed&nonce=6UsKNt6xg1S7S4z37CZRUaHUa4laarEZ&litespeed_type=imgoptm HTTP/1.1" 200 0 "-" "WordPress/6.7; https://carschronicle.com"
162.213.251.208 - - [15/Nov/2024:21:25:05 -0500] "POST /wp-cron.php?doing_wp_cron=1731723904.6336390972137451171875 HTTP/1.1" 200 0 "-" "WordPress/6.7; https://carschronicle.com"
207.46.13.126 - - [15/Nov/2024:21:25:02 -0500] "GET /72820973853.shtml HTTP/1.1" 301 0 "-" "Mozilla/5.0 AppleWebKit/537.36 (KHTML, like Gecko; compatible; bingbot/2.0; +http://www.bing.com/bingbot.htm) Chrome/116.0.1938.76 Safari/537.36"
162.213.251.208 - - [15/Nov/2024:21:25:14 -0500] "POST /wp-cron.php?doing_wp_cron=1731723914.0504140853881835937500 HTTP/1.1" 200 0 "-" "WordPress/6.7; https://carschronicle.com"
157.55.39.13 - - [15/Nov/2024:21:25:12 -0500] "GET /77532203082.shtml HTTP/1.1" 301 0 "-" "Mozilla/5.0 AppleWebKit/537.36 (KHTML, like Gecko; compatible; bingbot/2.0; +http://www.bing.com/bingbot.htm) Chrome/116.0.1938.76 Safari/537.36"
157.55.39.13 - - [15/Nov/2024:21:25:14 -0500] "GET /78207514863.shtml HTTP/1.1" 301 0 "-" "Mozilla/5.0 AppleWebKit/537.36 (KHTML, like Gecko; compatible; bingbot/2.0; +http://www.bing.com/bingbot.htm) Chrome/116.0.1938.76 Safari/537.36"
162.213.251.208 - - [15/Nov/2024:21:25:15 -0500] "POST /wp-admin/admin-ajax.php?action=async_litespeed&nonce=z4tOlbkZKQKiCLnFBOXevLz3NTdFm1ox&litespeed_type=imgoptm HTTP/1.1" 200 0 "-" "WordPress/6.7; https://carschronicle.com"
162.213.251.208 - - [15/Nov/2024:21:26:31 -0500] "POST /wp-cron.php?doing_wp_cron=1731723991.0053040981292724609375 HTTP/1.1" 200 0 "-" "WordPress/6.7; https://carschronicle.com"
157.55.39.197 - - [15/Nov/2024:21:26:29 -0500] "GET /95149186512.shtml HTTP/1.1" 301 0 "-" "Mozilla/5.0 AppleWebKit/537.36 (KHTML, like Gecko; compatible; bingbot/2.0; +http://www.bing.com/bingbot.htm) Chrome/116.0.1938.76 Safari/537.36"
162.213.251.208 - - [15/Nov/2024:21:26:31 -0500] "POST /wp-admin/admin-ajax.php?action=async_litespeed&nonce=r5son1X2vR1g3kchCOsBMAVZ3vFD1YH3&litespeed_type=imgoptm HTTP/1.1" 200 0 "-" "WordPress/6.7; https://carschronicle.com"
162.213.251.208 - - [15/Nov/2024:21:27:03 -0500] "POST /wp-cron.php?doing_wp_cron=1731724023.2754271030426025390625 HTTP/1.1" 200 0 "-" "WordPress/6.7; https://carschronicle.com"
157.55.39.13 - - [15/Nov/2024:21:27:02 -0500] "GET /110959713164.shtml HTTP/1.1" 301 0 "-" "Mozilla/5.0 AppleWebKit/537.36 (KHTML, like Gecko; compatible; bingbot/2.0; +http://www.bing.com/bingbot.htm) Chrome/116.0.1938.76 Safari/537.36"
157.55.39.13 - - [15/Nov/2024:21:27:03 -0500] "GET /30854405156.shtml HTTP/1.1" 301 0 "-" "Mozilla/5.0 AppleWebKit/537.36 (KHTML, like Gecko; compatible; bingbot/2.0; +http://www.bing.com/bingbot.htm) Chrome/116.0.1938.76 Safari/537.36"
162.213.251.208 - - [15/Nov/2024:21:28:04 -0500] "POST /wp-cron.php?doing_wp_cron=1731724084.1314148902893066406250 HTTP/1.1" 200 0 "-" "WordPress/6.7; https://carschronicle.com"
157.55.39.13 - - [15/Nov/2024:21:28:03 -0500] "GET /68284665822.shtml HTTP/1.1" 301 0 "-" "Mozilla/5.0 AppleWebKit/537.36 (KHTML, like Gecko; compatible; bingbot/2.0; +http://www.bing.com/bingbot.htm) Chrome/116.0.1938.76 Safari/537.36"
162.213.251.208 - - [15/Nov/2024:21:28:05 -0500] "POST /wp-admin/admin-ajax.php?action=async_litespeed&nonce=9UVTHjULdcos1RnWLaMso3tMKKdCYAPi&litespeed_type=imgoptm HTTP/1.1" 200 0 "-" "WordPress/6.7; https://carschronicle.com"
162.213.251.208 - - [15/Nov/2024:21:28:11 -0500] "POST /wp-cron.php?doing_wp_cron=1731724091.7993071079254150390625 HTTP/1.1" 200 0 "-" "WordPress/6.7; https://carschronicle.com"
157.55.39.197 - - [15/Nov/2024:21:28:10 -0500] "GET /87736160001.shtml HTTP/1.1" 301 0 "-" "Mozilla/5.0 AppleWebKit/537.36 (KHTML, like Gecko; compatible; bingbot/2.0; +http://www.bing.com/bingbot.htm) Chrome/116.0.1938.76 Safari/537.36"
162.213.251.208 - - [15/Nov/2024:21:28:12 -0500] "POST /wp-admin/admin-ajax.php?action=async_litespeed&nonce=Mgr0luKmhkWlkRQrANrNktsLte9m2Cz6&litespeed_type=imgoptm HTTP/1.1" 200 0 "-" "WordPress/6.7; https://carschronicle.com"
157.55.39.197 - - [15/Nov/2024:21:28:14 -0500] "GET /38330365822.shtml HTTP/1.1" 301 0 "-" "Mozilla/5.0 AppleWebKit/537.36 (KHTML, like Gecko; compatible; bingbot/2.0; +http://www.bing.com/bingbot.htm) Chrome/116.0.1938.76 Safari/537.36"
162.213.251.208 - - [15/Nov/2024:21:30:33 -0500] "POST /wp-cron.php?doing_wp_cron=1731724233.7680249214172363281250 HTTP/1.1" 200 0 "-" "WordPress/6.7; https://carschronicle.com"
207.46.13.126 - - [15/Nov/2024:21:30:22 -0500] "GET /58656313164.shtml HTTP/1.1" 301 0 "-" "Mozilla/5.0 AppleWebKit/537.36 (KHTML, like Gecko; compatible; bingbot/2.0; +http://www.bing.com/bingbot.htm) Chrome/116.0.1938.76 Safari/537.36"
162.213.251.208 - - [15/Nov/2024:21:30:36 -0500] "POST /wp-admin/admin-ajax.php?action=async_litespeed&nonce=zXMfaJyJUBfOaPwS69zoUm6VaLdWAKzn&litespeed_type=imgoptm HTTP/1.1" 200 0 "-" "WordPress/6.7; https://carschronicle.com"
162.213.251.208 - - [15/Nov/2024:21:34:07 -0500] "POST /wp-cron.php?doing_wp_cron=1731724447.0859279632568359375000 HTTP/1.1" 200 0 "-" "WordPress/6.7; https://carschronicle.com"
157.55.39.55 - - [15/Nov/2024:21:33:55 -0500] "GET /88981194186.shtml HTTP/1.1" 301 0 "-" "Mozilla/5.0 AppleWebKit/537.36 (KHTML, like Gecko; compatible; bingbot/2.0; +http://www.bing.com/bingbot.htm) Chrome/116.0.1938.76 Safari/537.36"
162.213.251.208 - - [15/Nov/2024:21:34:08 -0500] "POST /wp-admin/admin-ajax.php?action=async_litespeed&nonce=nqIpbPUH21kkHwYtIz6QS3MgJkDaxoTh&litespeed_type=imgoptm HTTP/1.1" 200 0 "-" "WordPress/6.7; https://carschronicle.com"
162.213.251.208 - - [15/Nov/2024:21:35:11 -0500] "POST /wp-cron.php?doing_wp_cron=1731724511.3826339244842529296875 HTTP/1.1" 200 0 "-" "WordPress/6.7; https://carschronicle.com"
157.55.39.55 - - [15/Nov/2024:21:35:09 -0500] "GET /39309833393.shtml HTTP/1.1" 301 0 "-" "Mozilla/5.0 AppleWebKit/537.36 (KHTML, like Gecko; compatible; bingbot/2.0; +http://www.bing.com/bingbot.htm) Chrome/116.0.1938.76 Safari/537.36"
162.213.251.208 - - [15/Nov/2024:21:35:13 -0500] "POST /wp-admin/admin-ajax.php?action=async_litespeed&nonce=fIrc2E8rcXwyTRHfv4KjEmzKlC0r8QLE&litespeed_type=imgoptm HTTP/1.1" 200 0 "-" "WordPress/6.7; https://carschronicle.com"
162.213.251.208 - - [15/Nov/2024:21:39:11 -0500] "POST /wp-cron.php?doing_wp_cron=1731724751.7310459613800048828125 HTTP/1.1" 200 0 "-" "WordPress/6.7; https://carschronicle.com"
207.46.13.124 - - [15/Nov/2024:21:38:55 -0500] "GET /101313400971.shtml HTTP/1.1" 301 0 "-" "Mozilla/5.0 AppleWebKit/537.36 (KHTML, like Gecko; compatible; bingbot/2.0; +http://www.bing.com/bingbot.htm) Chrome/116.0.1938.76 Safari/537.36"
162.213.251.208 - - [15/Nov/2024:21:39:14 -0500] "POST /wp-admin/admin-ajax.php?action=async_litespeed&nonce=6eVhlhhNpkohTatkpiZtuSShjaFhFsOJ&litespeed_type=imgoptm HTTP/1.1" 200 0 "-" "WordPress/6.7; https://carschronicle.com"
93.183.92.77 - - [15/Nov/2024:21:39:49 -0500] "GET /contacts/ HTTP/1.0" 200 79376 "https://carschronicle.com/contacts/" "Mozilla/5.0 (Windows NT 10.0.0; Win64; x64; ) AppleWebKit/537.36 (KHTML, like Gecko) Chrome/124.0.6367.60 Chrome/124.0.6367.60 Not-A.Brand/99  Safari/537.36"
162.213.251.208 - - [15/Nov/2024:21:40:06 -0500] "POST /wp-cron.php?doing_wp_cron=1731724805.9696669578552246093750 HTTP/1.1" 200 0 "-" "WordPress/6.7; https://carschronicle.com"
93.183.92.77 - - [15/Nov/2024:21:40:04 -0500] "POST /contacts/ HTTP/1.0" 200 79714 "https://carschronicle.com/contacts/" "Mozilla/5.0 (Windows NT 10.0.0; Win64; x64; ) AppleWebKit/537.36 (KHTML, like Gecko) Chrome/124.0.6367.60 Chrome/124.0.6367.60 Not-A.Brand/99  Safari/537.36"
162.213.251.208 - - [15/Nov/2024:21:43:34 -0500] "POST /wp-cron.php?doing_wp_cron=1731725014.5494019985198974609375 HTTP/1.1" 200 0 "-" "WordPress/6.7; https://carschronicle.com"
207.46.13.150 - - [15/Nov/2024:21:43:25 -0500] "GET /34596880001.shtml HTTP/1.1" 404 13898 "-" "Mozilla/5.0 AppleWebKit/537.36 (KHTML, like Gecko; compatible; bingbot/2.0; +http://www.bing.com/bingbot.htm) Chrome/116.0.1938.76 Safari/537.36"
162.213.251.208 - - [15/Nov/2024:21:43:35 -0500] "POST /wp-admin/admin-ajax.php?action=async_litespeed&nonce=s2b2Qo0frB2gICxCNfdDO7ChdPKedIHS&litespeed_type=imgoptm HTTP/1.1" 200 0 "-" "WordPress/6.7; https://carschronicle.com"
162.213.251.208 - - [15/Nov/2024:21:44:51 -0500] "POST /wp-cron.php?doing_wp_cron=1731725091.4379839897155761718750 HTTP/1.1" 200 0 "-" "WordPress/6.7; https://carschronicle.com"
207.46.13.111 - - [15/Nov/2024:21:44:50 -0500] "GET /89850988435.shtml HTTP/1.1" 301 0 "-" "Mozilla/5.0 AppleWebKit/537.36 (KHTML, like Gecko; compatible; bingbot/2.0; +http://www.bing.com/bingbot.htm) Chrome/116.0.1938.76 Safari/537.36"
162.213.251.208 - - [15/Nov/2024:21:44:53 -0500] "POST /wp-admin/admin-ajax.php?action=async_litespeed&nonce=yz5T7dpPkO66kPPblRoNGn6qvl1QC0ma&litespeed_type=imgoptm HTTP/1.1" 200 0 "-" "WordPress/6.7; https://carschronicle.com"
162.213.251.208 - - [15/Nov/2024:21:45:37 -0500] "POST /wp-cron.php?doing_wp_cron=1731725137.0119030475616455078125 HTTP/1.1" 200 0 "-" "WordPress/6.7; https://carschronicle.com"
207.46.13.155 - - [15/Nov/2024:21:45:36 -0500] "GET /76146915597.shtml HTTP/1.1" 301 0 "-" "Mozilla/5.0 AppleWebKit/537.36 (KHTML, like Gecko; compatible; bingbot/2.0; +http://www.bing.com/bingbot.htm) Chrome/116.0.1938.76 Safari/537.36"
162.213.251.208 - - [15/Nov/2024:21:45:37 -0500] "POST /wp-admin/admin-ajax.php?action=async_litespeed&nonce=mteDWr7jQOABP4brjjHiIih4do7qA01P&litespeed_type=imgoptm HTTP/1.1" 200 21 "-" "WordPress/6.7; https://carschronicle.com"
162.213.251.208 - - [15/Nov/2024:21:49:48 -0500] "POST /wp-cron.php?doing_wp_cron=1731725388.2425920963287353515625 HTTP/1.1" 200 0 "-" "WordPress/6.7; https://carschronicle.com"
162.213.251.208 - - [15/Nov/2024:21:49:49 -0500] "POST /wp-admin/admin-ajax.php?action=async_litespeed&nonce=YNQqeULXebrARTv2UxFAm970P9XG4vaZ&litespeed_type=imgoptm HTTP/1.1" 200 0 "-" "WordPress/6.7; https://carschronicle.com"
54.36.148.133 - - [15/Nov/2024:21:49:32 -0500] "GET /2017/09/02/cooking-video-classes-for-culinary-nerds/ HTTP/1.1" 404 13931 "-" "Mozilla/5.0 (compatible; AhrefsBot/7.0; +http://ahrefs.com/robot/)"
162.213.251.208 - - [15/Nov/2024:21:54:22 -0500] "POST /wp-cron.php?doing_wp_cron=1731725661.9572770595550537109375 HTTP/1.1" 200 0 "-" "WordPress/6.7; https://carschronicle.com"
207.46.13.155 - - [15/Nov/2024:21:54:08 -0500] "GET /39795876951.shtml HTTP/1.1" 301 0 "-" "Mozilla/5.0 AppleWebKit/537.36 (KHTML, like Gecko; compatible; bingbot/2.0; +http://www.bing.com/bingbot.htm) Chrome/116.0.1938.76 Safari/537.36"
162.213.251.208 - - [15/Nov/2024:21:54:25 -0500] "POST /wp-admin/admin-ajax.php?action=async_litespeed&nonce=vuse0hgsZya06o8YulIKpLAqrFvk6teq&litespeed_type=imgoptm HTTP/1.1" 200 0 "-" "WordPress/6.7; https://carschronicle.com"
207.46.13.151 - - [15/Nov/2024:21:54:28 -0500] "GET /67473388037.shtml HTTP/1.1" 301 0 "-" "Mozilla/5.0 AppleWebKit/537.36 (KHTML, like Gecko; compatible; bingbot/2.0; +http://www.bing.com/bingbot.htm) Chrome/116.0.1938.76 Safari/537.36"
162.213.251.208 - - [15/Nov/2024:22:00:26 -0500] "POST /wp-cron.php?doing_wp_cron=1731726024.7723820209503173828125 HTTP/1.1" 200 0 "-" "WordPress/6.7; https://carschronicle.com"
207.46.13.124 - - [15/Nov/2024:22:00:01 -0500] "GET /28898028898.shtml HTTP/1.1" 301 0 "-" "Mozilla/5.0 AppleWebKit/537.36 (KHTML, like Gecko; compatible; bingbot/2.0; +http://www.bing.com/bingbot.htm) Chrome/116.0.1938.76 Safari/537.36"
162.213.251.208 - - [15/Nov/2024:22:02:07 -0500] "POST /wp-cron.php?doing_wp_cron=1731726126.7162389755249023437500 HTTP/1.1" 200 0 "-" "WordPress/6.7; https://carschronicle.com"
207.46.13.153 - - [15/Nov/2024:22:01:57 -0500] "GET /25188233091.shtml HTTP/1.1" 301 0 "-" "Mozilla/5.0 AppleWebKit/537.36 (KHTML, like Gecko; compatible; bingbot/2.0; +http://www.bing.com/bingbot.htm) Chrome/116.0.1938.76 Safari/537.36"
162.213.251.208 - - [15/Nov/2024:22:02:09 -0500] "POST /wp-admin/admin-ajax.php?action=async_litespeed&nonce=69uDorJn1ZUiwyIOOgRDqhPYPPOga7Hp&litespeed_type=imgoptm HTTP/1.1" 200 0 "-" "WordPress/6.7; https://carschronicle.com"
162.213.251.208 - - [15/Nov/2024:22:02:38 -0500] "POST /wp-cron.php?doing_wp_cron=1731726158.6156709194183349609375 HTTP/1.1" 200 0 "-" "WordPress/6.7; https://carschronicle.com"
162.213.251.208 - - [15/Nov/2024:22:02:40 -0500] "POST /wp-admin/admin-ajax.php?action=async_litespeed&nonce=ue2B4CoWb1mXUsyYLpwjSIVAzzwv7Ihx&litespeed_type=imgoptm HTTP/1.1" 200 0 "-" "WordPress/6.7; https://carschronicle.com"
207.46.13.150 - - [15/Nov/2024:22:02:37 -0500] "GET /32566366056.shtml HTTP/1.1" 404 13908 "-" "Mozilla/5.0 AppleWebKit/537.36 (KHTML, like Gecko; compatible; bingbot/2.0; +http://www.bing.com/bingbot.htm) Chrome/116.0.1938.76 Safari/537.36"
162.213.251.208 - - [15/Nov/2024:22:14:35 -0500] "POST /wp-cron.php?doing_wp_cron=1731726874.7931129932403564453125 HTTP/1.1" 200 0 "-" "WordPress/6.7; https://carschronicle.com"
207.46.13.102 - - [15/Nov/2024:22:14:19 -0500] "GET /36346678807.shtml HTTP/1.1" 301 0 "-" "Mozilla/5.0 AppleWebKit/537.36 (KHTML, like Gecko; compatible; bingbot/2.0; +http://www.bing.com/bingbot.htm) Chrome/116.0.1938.76 Safari/537.36"
162.213.251.208 - - [15/Nov/2024:22:14:36 -0500] "POST /wp-admin/admin-ajax.php?action=async_litespeed&nonce=o1mTETM5L8SFVBFaL07d9RzSXgAUkqOX&litespeed_type=imgoptm HTTP/1.1" 200 0 "-" "WordPress/6.7; https://carschronicle.com"
162.213.251.208 - - [15/Nov/2024:22:17:52 -0500] "POST /wp-cron.php?doing_wp_cron=1731727072.3548519611358642578125 HTTP/1.1" 200 0 "-" "WordPress/6.7; https://carschronicle.com"
207.46.13.102 - - [15/Nov/2024:22:17:40 -0500] "GET /32641661113.shtml HTTP/1.1" 301 0 "-" "Mozilla/5.0 AppleWebKit/537.36 (KHTML, like Gecko; compatible; bingbot/2.0; +http://www.bing.com/bingbot.htm) Chrome/116.0.1938.76 Safari/537.36"
162.213.251.208 - - [15/Nov/2024:22:17:53 -0500] "POST /wp-admin/admin-ajax.php?action=async_litespeed&nonce=jpKvJSKPgGDt1ZF2m9PkaH8YNbcsBdlr&litespeed_type=imgoptm HTTP/1.1" 200 0 "-" "WordPress/6.7; https://carschronicle.com"
162.213.251.208 - - [15/Nov/2024:22:17:57 -0500] "POST /wp-cron.php?doing_wp_cron=1731727077.3823928833007812500000 HTTP/1.1" 200 0 "-" "WordPress/6.7; https://carschronicle.com"
54.36.149.42 - - [15/Nov/2024:22:17:56 -0500] "GET /product/audio-prime-gaming-headset-background/ HTTP/1.1" 200 19886 "-" "Mozilla/5.0 (compatible; AhrefsBot/7.0; +http://ahrefs.com/robot/)"
162.213.251.208 - - [15/Nov/2024:22:19:20 -0500] "POST /wp-cron.php?doing_wp_cron=1731727160.7098228931427001953125 HTTP/1.1" 200 0 "-" "WordPress/6.7; https://carschronicle.com"
207.46.13.87 - - [15/Nov/2024:22:19:19 -0500] "GET /50105490557.shtml HTTP/1.1" 301 0 "-" "Mozilla/5.0 AppleWebKit/537.36 (KHTML, like Gecko; compatible; bingbot/2.0; +http://www.bing.com/bingbot.htm) Chrome/116.0.1938.76 Safari/537.36"
162.213.251.208 - - [15/Nov/2024:22:19:21 -0500] "POST /wp-admin/admin-ajax.php?action=async_litespeed&nonce=DmtN6gO1TSY9VYOLjPXZHTwldhxf1NHy&litespeed_type=imgoptm HTTP/1.1" 200 0 "-" "WordPress/6.7; https://carschronicle.com"
162.213.251.208 - - [15/Nov/2024:22:21:29 -0500] "POST /wp-cron.php?doing_wp_cron=1731727288.7107110023498535156250 HTTP/1.1" 200 0 "-" "WordPress/6.7; https://carschronicle.com"
207.46.13.126 - - [15/Nov/2024:22:21:20 -0500] "GET /88107115597.shtml HTTP/1.1" 301 0 "-" "Mozilla/5.0 AppleWebKit/537.36 (KHTML, like Gecko; compatible; bingbot/2.0; +http://www.bing.com/bingbot.htm) Chrome/116.0.1938.76 Safari/537.36"
162.213.251.208 - - [15/Nov/2024:22:21:30 -0500] "POST /wp-admin/admin-ajax.php?action=async_litespeed&nonce=BecWbvQyl7CIvsjLGF1ZmwKSJAAB0vfv&litespeed_type=imgoptm HTTP/1.1" 200 0 "-" "WordPress/6.7; https://carschronicle.com"
162.213.251.208 - - [15/Nov/2024:22:22:26 -0500] "POST /wp-cron.php?doing_wp_cron=1731727345.9677519798278808593750 HTTP/1.1" 200 0 "-" "WordPress/6.7; https://carschronicle.com"
157.55.39.49 - - [15/Nov/2024:22:22:24 -0500] "GET /53921927533.shtml HTTP/1.1" 301 0 "-" "Mozilla/5.0 AppleWebKit/537.36 (KHTML, like Gecko; compatible; bingbot/2.0; +http://www.bing.com/bingbot.htm) Chrome/116.0.1938.76 Safari/537.36"
162.213.251.208 - - [15/Nov/2024:22:22:27 -0500] "POST /wp-admin/admin-ajax.php?action=async_litespeed&nonce=a376RGM9jOMBF2niiBUzQoFizUwHkhPL&litespeed_type=imgoptm HTTP/1.1" 200 0 "-" "WordPress/6.7; https://carschronicle.com"
157.55.39.49 - - [15/Nov/2024:22:22:34 -0500] "GET /27116332766.shtml HTTP/1.1" 301 0 "-" "Mozilla/5.0 AppleWebKit/537.36 (KHTML, like Gecko; compatible; bingbot/2.0; +http://www.bing.com/bingbot.htm) Chrome/116.0.1938.76 Safari/537.36"
207.46.13.126 - - [15/Nov/2024:22:22:42 -0500] "GET /114865036863.shtml HTTP/1.1" 301 0 "-" "Mozilla/5.0 AppleWebKit/537.36 (KHTML, like Gecko; compatible; bingbot/2.0; +http://www.bing.com/bingbot.htm) Chrome/116.0.1938.76 Safari/537.36"
157.55.39.49 - - [15/Nov/2024:22:22:52 -0500] "GET /37310600371.shtml HTTP/1.1" 301 0 "-" "Mozilla/5.0 AppleWebKit/537.36 (KHTML, like Gecko; compatible; bingbot/2.0; +http://www.bing.com/bingbot.htm) Chrome/116.0.1938.76 Safari/537.36"
162.213.251.208 - - [15/Nov/2024:22:29:39 -0500] "POST /wp-cron.php?doing_wp_cron=1731727779.4558670520782470703125 HTTP/1.1" 200 0 "-" "WordPress/6.7; https://carschronicle.com"
207.46.13.31 - - [15/Nov/2024:22:29:24 -0500] "GET /69411119388.shtml HTTP/1.1" 301 0 "-" "Mozilla/5.0 AppleWebKit/537.36 (KHTML, like Gecko; compatible; bingbot/2.0; +http://www.bing.com/bingbot.htm) Chrome/116.0.1938.76 Safari/537.36"
162.213.251.208 - - [15/Nov/2024:22:29:41 -0500] "POST /wp-admin/admin-ajax.php?action=async_litespeed&nonce=xwaswEMDPxxHPVQLWXMHNSg68hHxXqqo&litespeed_type=imgoptm HTTP/1.1" 200 0 "-" "WordPress/6.7; https://carschronicle.com"
162.213.251.208 - - [15/Nov/2024:22:30:02 -0500] "POST /wp-cron.php?doing_wp_cron=1731727802.1625080108642578125000 HTTP/1.1" 200 0 "-" "WordPress/6.7; https://carschronicle.com"
207.46.13.157 - - [15/Nov/2024:22:30:00 -0500] "GET /79342603970.shtml HTTP/1.1" 301 0 "-" "Mozilla/5.0 AppleWebKit/537.36 (KHTML, like Gecko; compatible; bingbot/2.0; +http://www.bing.com/bingbot.htm) Chrome/116.0.1938.76 Safari/537.36"
162.213.251.208 - - [15/Nov/2024:22:32:58 -0500] "POST /wp-cron.php?doing_wp_cron=1731727977.8848741054534912109375 HTTP/1.1" 200 0 "-" "WordPress/6.7; https://carschronicle.com"
207.46.13.31 - - [15/Nov/2024:22:32:46 -0500] "GET /65896760674.shtml HTTP/1.1" 301 0 "-" "Mozilla/5.0 AppleWebKit/537.36 (KHTML, like Gecko; compatible; bingbot/2.0; +http://www.bing.com/bingbot.htm) Chrome/116.0.1938.76 Safari/537.36"
162.213.251.208 - - [15/Nov/2024:22:33:00 -0500] "POST /wp-admin/admin-ajax.php?action=async_litespeed&nonce=lG4HK7wIYj28mVL2etQrI3EMCLJQLPpt&litespeed_type=imgoptm HTTP/1.1" 200 0 "-" "WordPress/6.7; https://carschronicle.com"
207.46.13.31 - - [15/Nov/2024:22:33:06 -0500] "GET /98121798701.shtml HTTP/1.1" 301 0 "-" "Mozilla/5.0 AppleWebKit/537.36 (KHTML, like Gecko; compatible; bingbot/2.0; +http://www.bing.com/bingbot.htm) Chrome/116.0.1938.76 Safari/537.36"
162.213.251.208 - - [15/Nov/2024:22:35:07 -0500] "POST /wp-cron.php?doing_wp_cron=1731728106.5814020633697509765625 HTTP/1.1" 200 0 "-" "WordPress/6.7; https://carschronicle.com"
157.55.39.201 - - [15/Nov/2024:22:34:57 -0500] "GET /89528803082.shtml HTTP/1.1" 301 0 "-" "Mozilla/5.0 AppleWebKit/537.36 (KHTML, like Gecko; compatible; bingbot/2.0; +http://www.bing.com/bingbot.htm) Chrome/116.0.1938.76 Safari/537.36"
162.213.251.208 - - [15/Nov/2024:22:42:37 -0500] "POST /wp-cron.php?doing_wp_cron=1731728557.4145131111145019531250 HTTP/1.1" 200 0 "-" "WordPress/6.7; https://carschronicle.com"
54.36.149.17 - - [15/Nov/2024:22:42:21 -0500] "GET /2017/03/30/what-if-our-current-state-of-affairs-is-actually-normal/ HTTP/1.1" 404 13926 "-" "Mozilla/5.0 (compatible; AhrefsBot/7.0; +http://ahrefs.com/robot/)"
162.213.251.208 - - [15/Nov/2024:22:42:39 -0500] "POST /wp-admin/admin-ajax.php?action=async_litespeed&nonce=2u3n3gxSOlTAmQBKSVXP0M6IKXwgjnjT&litespeed_type=imgoptm HTTP/1.1" 200 0 "-" "WordPress/6.7; https://carschronicle.com"
207.46.13.153 - - [15/Nov/2024:22:42:39 -0500] "GET /91755335826.shtml HTTP/1.1" 301 0 "-" "Mozilla/5.0 AppleWebKit/537.36 (KHTML, like Gecko; compatible; bingbot/2.0; +http://www.bing.com/bingbot.htm) Chrome/116.0.1938.76 Safari/537.36"
162.213.251.208 - - [15/Nov/2024:22:43:02 -0500] "POST /wp-cron.php?doing_wp_cron=1731728582.6183550357818603515625 HTTP/1.1" 200 0 "-" "WordPress/6.7; https://carschronicle.com"
207.46.13.150 - - [15/Nov/2024:22:43:00 -0500] "GET /55573355512.shtml HTTP/1.1" 301 0 "-" "Mozilla/5.0 AppleWebKit/537.36 (KHTML, like Gecko; compatible; bingbot/2.0; +http://www.bing.com/bingbot.htm) Chrome/116.0.1938.76 Safari/537.36"
162.213.251.208 - - [15/Nov/2024:22:44:09 -0500] "POST /wp-cron.php?doing_wp_cron=1731728649.7981760501861572265625 HTTP/1.1" 200 0 "-" "WordPress/6.7; https://carschronicle.com"
207.46.13.153 - - [15/Nov/2024:22:44:08 -0500] "GET /47573698585.shtml HTTP/1.1" 301 0 "-" "Mozilla/5.0 AppleWebKit/537.36 (KHTML, like Gecko; compatible; bingbot/2.0; +http://www.bing.com/bingbot.htm) Chrome/116.0.1938.76 Safari/537.36"
162.213.251.208 - - [15/Nov/2024:22:44:11 -0500] "POST /wp-admin/admin-ajax.php?action=async_litespeed&nonce=kAzni7llEWqnG0V46EqdjGM7vG2Sy8b0&litespeed_type=imgoptm HTTP/1.1" 200 0 "-" "WordPress/6.7; https://carschronicle.com"
157.55.39.55 - - [15/Nov/2024:22:44:19 -0500] "GET /91892928898.shtml HTTP/1.1" 404 13923 "-" "Mozilla/5.0 AppleWebKit/537.36 (KHTML, like Gecko; compatible; bingbot/2.0; +http://www.bing.com/bingbot.htm) Chrome/116.0.1938.76 Safari/537.36"
207.46.13.150 - - [15/Nov/2024:22:44:30 -0500] "GET /50562889611.shtml HTTP/1.1" 301 0 "-" "Mozilla/5.0 AppleWebKit/537.36 (KHTML, like Gecko; compatible; bingbot/2.0; +http://www.bing.com/bingbot.htm) Chrome/116.0.1938.76 Safari/537.36"
93.183.93.32 - - [15/Nov/2024:22:46:48 -0500] "GET /contacts/ HTTP/1.0" 200 79376 "https://carschronicle.com/contacts/" "Mozilla/5.0 (Windows NT 15.0.0; Win64; x64; ) AppleWebKit/537.36 (KHTML, like Gecko) Chrome/124.0.6367.119 Chrome/124.0.6367.119 Not-A.Brand/99  Safari/537.36"
162.213.251.208 - - [15/Nov/2024:22:46:59 -0500] "POST /wp-cron.php?doing_wp_cron=1731728819.8075230121612548828125 HTTP/1.1" 200 0 "-" "WordPress/6.7; https://carschronicle.com"
162.213.251.208 - - [15/Nov/2024:22:47:01 -0500] "POST /wp-admin/admin-ajax.php?action=async_litespeed&nonce=kX5Vden9InyB3nhwq7Zphb4HKilpqwuL&litespeed_type=imgoptm HTTP/1.1" 200 0 "-" "WordPress/6.7; https://carschronicle.com"
93.183.93.32 - - [15/Nov/2024:22:46:49 -0500] "POST /contacts/ HTTP/1.0" 200 79759 "https://carschronicle.com/contacts/" "Mozilla/5.0 (Windows NT 15.0.0; Win64; x64; ) AppleWebKit/537.36 (KHTML, like Gecko) Chrome/124.0.6367.119 Chrome/124.0.6367.119 Not-A.Brand/99  Safari/537.36"
207.46.13.36 - - [15/Nov/2024:22:47:02 -0500] "GET /88901822991.shtml HTTP/1.1" 301 0 "-" "Mozilla/5.0 AppleWebKit/537.36 (KHTML, like Gecko; compatible; bingbot/2.0; +http://www.bing.com/bingbot.htm) Chrome/116.0.1938.76 Safari/537.36"
162.213.251.208 - - [15/Nov/2024:23:00:30 -0500] "POST /wp-cron.php?doing_wp_cron=1731729630.8230509757995605468750 HTTP/1.1" 200 0 "-" "WordPress/6.7; https://carschronicle.com"
157.55.39.202 - - [15/Nov/2024:23:00:21 -0500] "GET /83154195130.shtml HTTP/1.1" 301 0 "-" "Mozilla/5.0 AppleWebKit/537.36 (KHTML, like Gecko; compatible; bingbot/2.0; +http://www.bing.com/bingbot.htm) Chrome/116.0.1938.76 Safari/537.36"
162.213.251.208 - - [15/Nov/2024:23:00:32 -0500] "POST /wp-admin/admin-ajax.php?action=async_litespeed&nonce=Q0BktB0ogmCqDbZSpdt43vla47VbHvkr&litespeed_type=imgoptm HTTP/1.1" 200 0 "-" "WordPress/6.7; https://carschronicle.com"
162.213.251.208 - - [15/Nov/2024:23:03:26 -0500] "POST /wp-cron.php?doing_wp_cron=1731729806.7900218963623046875000 HTTP/1.1" 200 0 "-" "WordPress/6.7; https://carschronicle.com"
207.46.13.6 - - [15/Nov/2024:23:03:17 -0500] "GET /93654061022.shtml HTTP/1.1" 301 0 "-" "Mozilla/5.0 AppleWebKit/537.36 (KHTML, like Gecko; compatible; bingbot/2.0; +http://www.bing.com/bingbot.htm) Chrome/116.0.1938.76 Safari/537.36"
162.213.251.208 - - [15/Nov/2024:23:05:10 -0500] "POST /wp-cron.php?doing_wp_cron=1731729910.4593489170074462890625 HTTP/1.1" 200 0 "-" "WordPress/6.7; https://carschronicle.com"
157.55.39.50 - - [15/Nov/2024:23:05:04 -0500] "GET /72144132473.shtml HTTP/1.1" 301 0 "-" "Mozilla/5.0 AppleWebKit/537.36 (KHTML, like Gecko; compatible; bingbot/2.0; +http://www.bing.com/bingbot.htm) Chrome/116.0.1938.76 Safari/537.36"
157.55.39.50 - - [15/Nov/2024:23:05:55 -0500] "GET /69560183608.shtml HTTP/1.1" 301 0 "-" "Mozilla/5.0 AppleWebKit/537.36 (KHTML, like Gecko; compatible; bingbot/2.0; +http://www.bing.com/bingbot.htm) Chrome/116.0.1938.76 Safari/537.36"
162.213.251.208 - - [15/Nov/2024:23:13:16 -0500] "POST /wp-cron.php?doing_wp_cron=1731730396.4149909019470214843750 HTTP/1.1" 200 0 "-" "WordPress/6.7; https://carschronicle.com"
93.183.94.206 - - [15/Nov/2024:23:13:08 -0500] "GET /2017/07/30/democracy-is-over-lets-embrace-the-fairy-tale/ HTTP/1.0" 404 71585 "https://carschronicle.com/2017/07/30/democracy-is-over-lets-embrace-the-fairy-tale/" "Mozilla/5.0 (Windows NT 10.0.0; Win64; x64; ) AppleWebKit/537.36 (KHTML, like Gecko) Chrome/124.0.6367.93 Chrome/124.0.6367.93 Not-A.Brand/99  Safari/537.36"
93.183.94.206 - - [15/Nov/2024:23:13:19 -0500] "GET /contacts/ HTTP/1.0" 200 79297 "https://carschronicle.com/contacts/" "Mozilla/5.0 (Windows NT 10.0.0; Win64; x64; ) AppleWebKit/537.36 (KHTML, like Gecko) Chrome/124.0.6367.93 Chrome/124.0.6367.93 Not-A.Brand/99  Safari/537.36"
93.183.94.206 - - [15/Nov/2024:23:13:21 -0500] "POST /contacts/ HTTP/1.0" 200 79739 "https://carschronicle.com/contacts/" "Mozilla/5.0 (Windows NT 10.0.0; Win64; x64; ) AppleWebKit/537.36 (KHTML, like Gecko) Chrome/124.0.6367.93 Chrome/124.0.6367.93 Not-A.Brand/99  Safari/537.36"
162.213.251.208 - - [15/Nov/2024:23:14:30 -0500] "POST /wp-cron.php?doing_wp_cron=1731730470.6901381015777587890625 HTTP/1.1" 200 0 "-" "WordPress/6.7; https://carschronicle.com"
54.36.149.31 - - [15/Nov/2024:23:14:29 -0500] "GET /2017/03/12/the-easiest-summer-make-up-tutorials-and-cosmetics/ HTTP/1.1" 404 3719 "-" "Mozilla/5.0 (compatible; AhrefsBot/7.0; +http://ahrefs.com/robot/)"
162.213.251.208 - - [15/Nov/2024:23:17:53 -0500] "POST /wp-cron.php?doing_wp_cron=1731730673.5681219100952148437500 HTTP/1.1" 200 0 "-" "WordPress/6.7; https://carschronicle.com"
207.46.13.153 - - [15/Nov/2024:23:17:46 -0500] "GET /90989122701.shtml HTTP/1.1" 301 0 "-" "Mozilla/5.0 AppleWebKit/537.36 (KHTML, like Gecko; compatible; bingbot/2.0; +http://www.bing.com/bingbot.htm) Chrome/116.0.1938.76 Safari/537.36"
162.213.251.208 - - [15/Nov/2024:23:19:41 -0500] "POST /wp-cron.php?doing_wp_cron=1731730781.3548350334167480468750 HTTP/1.1" 200 0 "-" "WordPress/6.7; https://carschronicle.com"
207.46.13.153 - - [15/Nov/2024:23:19:35 -0500] "GET /49945254225.shtml HTTP/1.1" 301 0 "-" "Mozilla/5.0 AppleWebKit/537.36 (KHTML, like Gecko; compatible; bingbot/2.0; +http://www.bing.com/bingbot.htm) Chrome/116.0.1938.76 Safari/537.36"
162.213.251.208 - - [15/Nov/2024:23:21:42 -0500] "POST /wp-cron.php?doing_wp_cron=1731730901.9233579635620117187500 HTTP/1.1" 200 0 "-" "WordPress/6.7; https://carschronicle.com"
157.55.39.59 - - [15/Nov/2024:23:21:31 -0500] "GET /65099180714.shtml HTTP/1.1" 301 0 "-" "Mozilla/5.0 AppleWebKit/537.36 (KHTML, like Gecko; compatible; bingbot/2.0; +http://www.bing.com/bingbot.htm) Chrome/116.0.1938.76 Safari/537.36"
162.213.251.208 - - [15/Nov/2024:23:22:22 -0500] "POST /wp-cron.php?doing_wp_cron=1731730942.0225069522857666015625 HTTP/1.1" 200 0 "-" "WordPress/6.7; https://carschronicle.com"
157.55.39.59 - - [15/Nov/2024:23:22:20 -0500] "GET /88225115157.shtml HTTP/1.1" 301 0 "-" "Mozilla/5.0 AppleWebKit/537.36 (KHTML, like Gecko; compatible; bingbot/2.0; +http://www.bing.com/bingbot.htm) Chrome/116.0.1938.76 Safari/537.36"
207.46.13.153 - - [15/Nov/2024:23:22:24 -0500] "GET /54521754225.shtml HTTP/1.1" 301 0 "-" "Mozilla/5.0 AppleWebKit/537.36 (KHTML, like Gecko; compatible; bingbot/2.0; +http://www.bing.com/bingbot.htm) Chrome/116.0.1938.76 Safari/537.36"
207.46.13.157 - - [15/Nov/2024:23:22:50 -0500] "GET /37822786615.shtml HTTP/1.1" 301 0 "-" "Mozilla/5.0 AppleWebKit/537.36 (KHTML, like Gecko; compatible; bingbot/2.0; +http://www.bing.com/bingbot.htm) Chrome/116.0.1938.76 Safari/537.36"
162.213.251.208 - - [15/Nov/2024:23:23:38 -0500] "POST /wp-cron.php?doing_wp_cron=1731731018.2820730209350585937500 HTTP/1.1" 200 0 "-" "WordPress/6.7; https://carschronicle.com"
207.46.13.153 - - [15/Nov/2024:23:23:36 -0500] "GET /36165235597.shtml HTTP/1.1" 301 0 "-" "Mozilla/5.0 AppleWebKit/537.36 (KHTML, like Gecko; compatible; bingbot/2.0; +http://www.bing.com/bingbot.htm) Chrome/116.0.1938.76 Safari/537.36"
207.46.13.153 - - [15/Nov/2024:23:23:39 -0500] "GET /52051017630.shtml HTTP/1.1" 301 0 "-" "Mozilla/5.0 AppleWebKit/537.36 (KHTML, like Gecko; compatible; bingbot/2.0; +http://www.bing.com/bingbot.htm) Chrome/116.0.1938.76 Safari/537.36"
162.213.251.208 - - [15/Nov/2024:23:25:48 -0500] "POST /wp-cron.php?doing_wp_cron=1731731148.2926640510559082031250 HTTP/1.1" 200 0 "-" "WordPress/6.7; https://carschronicle.com"
157.55.39.193 - - [15/Nov/2024:23:25:36 -0500] "GET /80306216452.shtml HTTP/1.1" 301 0 "-" "Mozilla/5.0 AppleWebKit/537.36 (KHTML, like Gecko; compatible; bingbot/2.0; +http://www.bing.com/bingbot.htm) Chrome/116.0.1938.76 Safari/537.36"
157.55.39.193 - - [15/Nov/2024:23:25:54 -0500] "GET /69770022701.shtml HTTP/1.1" 301 0 "-" "Mozilla/5.0 AppleWebKit/537.36 (KHTML, like Gecko; compatible; bingbot/2.0; +http://www.bing.com/bingbot.htm) Chrome/116.0.1938.76 Safari/537.36"
162.213.251.208 - - [15/Nov/2024:23:26:04 -0500] "POST /wp-cron.php?doing_wp_cron=1731731164.1608390808105468750000 HTTP/1.1" 200 0 "-" "WordPress/6.7; https://carschronicle.com"
207.46.13.157 - - [15/Nov/2024:23:26:02 -0500] "GET /86283457003.shtml HTTP/1.1" 301 0 "-" "Mozilla/5.0 AppleWebKit/537.36 (KHTML, like Gecko; compatible; bingbot/2.0; +http://www.bing.com/bingbot.htm) Chrome/116.0.1938.76 Safari/537.36"
162.213.251.208 - - [15/Nov/2024:23:27:48 -0500] "POST /wp-cron.php?doing_wp_cron=1731731268.0400071144104003906250 HTTP/1.1" 200 0 "-" "WordPress/6.7; https://carschronicle.com"
207.46.13.157 - - [15/Nov/2024:23:27:42 -0500] "GET /118413616200.shtml HTTP/1.1" 301 0 "-" "Mozilla/5.0 AppleWebKit/537.36 (KHTML, like Gecko; compatible; bingbot/2.0; +http://www.bing.com/bingbot.htm) Chrome/116.0.1938.76 Safari/537.36"
162.213.251.208 - - [15/Nov/2024:23:38:18 -0500] "POST /wp-cron.php?doing_wp_cron=1731731898.4402370452880859375000 HTTP/1.1" 200 0 "-" "WordPress/6.7; https://carschronicle.com"
207.46.13.155 - - [15/Nov/2024:23:38:00 -0500] "GET /53637903970.shtml HTTP/1.1" 301 0 "-" "Mozilla/5.0 AppleWebKit/537.36 (KHTML, like Gecko; compatible; bingbot/2.0; +http://www.bing.com/bingbot.htm) Chrome/116.0.1938.76 Safari/537.36"
162.213.251.208 - - [15/Nov/2024:23:38:20 -0500] "POST /wp-admin/admin-ajax.php?action=async_litespeed&nonce=7o1XbFEmUyIFva1YCtIlzfiCDpzeGctF&litespeed_type=imgoptm HTTP/1.1" 200 0 "-" "WordPress/6.7; https://carschronicle.com"
207.46.13.78 - - [15/Nov/2024:23:38:25 -0500] "GET /83065932766.shtml HTTP/1.1" 404 13946 "-" "Mozilla/5.0 AppleWebKit/537.36 (KHTML, like Gecko; compatible; bingbot/2.0; +http://www.bing.com/bingbot.htm) Chrome/116.0.1938.76 Safari/537.36"
162.213.251.208 - - [15/Nov/2024:23:42:24 -0500] "POST /wp-cron.php?doing_wp_cron=1731732144.0908620357513427734375 HTTP/1.1" 200 0 "-" "WordPress/6.7; https://carschronicle.com"
207.46.13.155 - - [15/Nov/2024:23:42:11 -0500] "GET /26417488028.shtml HTTP/1.1" 301 0 "-" "Mozilla/5.0 AppleWebKit/537.36 (KHTML, like Gecko; compatible; bingbot/2.0; +http://www.bing.com/bingbot.htm) Chrome/116.0.1938.76 Safari/537.36"
162.213.251.208 - - [15/Nov/2024:23:42:25 -0500] "POST /wp-admin/admin-ajax.php?action=async_litespeed&nonce=16YcEfbksjLzGkA07Q1MAh7oSXT2htg0&litespeed_type=imgoptm HTTP/1.1" 200 0 "-" "WordPress/6.7; https://carschronicle.com"
157.55.39.61 - - [15/Nov/2024:23:42:28 -0500] "GET /28157094856.shtml HTTP/1.1" 301 0 "-" "Mozilla/5.0 AppleWebKit/537.36 (KHTML, like Gecko; compatible; bingbot/2.0; +http://www.bing.com/bingbot.htm) Chrome/116.0.1938.76 Safari/537.36"
162.213.251.208 - - [15/Nov/2024:23:44:18 -0500] "POST /wp-cron.php?doing_wp_cron=1731732257.9647929668426513671875 HTTP/1.1" 200 0 "-" "WordPress/6.7; https://carschronicle.com"
157.55.39.61 - - [15/Nov/2024:23:44:09 -0500] "GET /48650009556.shtml HTTP/1.1" 301 0 "-" "Mozilla/5.0 AppleWebKit/537.36 (KHTML, like Gecko; compatible; bingbot/2.0; +http://www.bing.com/bingbot.htm) Chrome/116.0.1938.76 Safari/537.36"
162.213.251.208 - - [15/Nov/2024:23:44:20 -0500] "POST /wp-admin/admin-ajax.php?action=async_litespeed&nonce=5MzlB35Nfky3vtsFb3HhehGCDvg97TYS&litespeed_type=imgoptm HTTP/1.1" 200 0 "-" "WordPress/6.7; https://carschronicle.com"
198.145.175.157 - - [15/Nov/2024:23:44:39 -0500] "GET / HTTP/1.1" 301 0 "-" "Mozilla/5.0 (X11; Linux x86_64) AppleWebKit/537.36 (KHTML, like Gecko) Chrome/129.0.0.0 Safari/537.36"
156.255.16.230 - - [15/Nov/2024:23:44:43 -0500] "GET / HTTP/1.1" 200 22128 "https://www.carschronicle.com" "Mozilla/5.0 (X11; Linux x86_64) AppleWebKit/537.36 (KHTML, like Gecko) Chrome/129.0.0.0 Safari/537.36"
162.213.251.208 - - [15/Nov/2024:23:48:46 -0500] "POST /wp-cron.php?doing_wp_cron=1731732526.8068790435791015625000 HTTP/1.1" 200 0 "-" "WordPress/6.7; https://carschronicle.com"
157.55.39.56 - - [15/Nov/2024:23:48:32 -0500] "GET /24357600971.shtml HTTP/1.1" 301 0 "-" "Mozilla/5.0 AppleWebKit/537.36 (KHTML, like Gecko; compatible; bingbot/2.0; +http://www.bing.com/bingbot.htm) Chrome/116.0.1938.76 Safari/537.36"
162.213.251.208 - - [15/Nov/2024:23:48:47 -0500] "POST /wp-admin/admin-ajax.php?action=async_litespeed&nonce=GumIvTNSaw6Uj08gpvi4MBngY9T7YhTu&litespeed_type=imgoptm HTTP/1.1" 200 0 "-" "WordPress/6.7; https://carschronicle.com"
162.213.251.208 - - [15/Nov/2024:23:52:16 -0500] "POST /wp-cron.php?doing_wp_cron=1731732735.8670680522918701171875 HTTP/1.1" 200 0 "-" "WordPress/6.7; https://carschronicle.com"
37.99.66.91 - - [15/Nov/2024:23:52:03 -0500] "GET /contacts/ HTTP/1.0" 200 79378 "https://carschronicle.com/contacts/" "Mozilla/5.0 (Windows NT 6.1; WOW64) AppleWebKit/537.36 (KHTML, like Gecko) Chrome/103.0.0.0 Safari/537.36"
162.213.251.208 - - [15/Nov/2024:23:52:19 -0500] "POST /wp-admin/admin-ajax.php?action=async_litespeed&nonce=cF4Wwer7hbeBbxZEO2avVNgQekPq2e27&litespeed_type=imgoptm HTTP/1.1" 200 0 "-" "WordPress/6.7; https://carschronicle.com"
37.99.66.91 - - [15/Nov/2024:23:52:21 -0500] "POST /contacts/ HTTP/1.0" 200 79599 "https://carschronicle.com/contacts/" "Mozilla/5.0 (Windows NT 6.1; WOW64) AppleWebKit/537.36 (KHTML, like Gecko) Chrome/103.0.0.0 Safari/537.36"
162.213.251.208 - - [15/Nov/2024:23:57:36 -0500] "POST /wp-cron.php?doing_wp_cron=1731733055.9740018844604492187500 HTTP/1.1" 200 0 "-" "WordPress/6.7; https://carschronicle.com"
207.46.13.92 - - [15/Nov/2024:23:57:22 -0500] "GET /50100822701.shtml HTTP/1.1" 301 0 "-" "Mozilla/5.0 AppleWebKit/537.36 (KHTML, like Gecko; compatible; bingbot/2.0; +http://www.bing.com/bingbot.htm) Chrome/116.0.1938.76 Safari/537.36"
162.213.251.208 - - [15/Nov/2024:23:57:38 -0500] "POST /wp-admin/admin-ajax.php?action=async_litespeed&nonce=tNndBb5CdHsH5B1oaboqvnRXIKF5y7Jl&litespeed_type=imgoptm HTTP/1.1" 200 0 "-" "WordPress/6.7; https://carschronicle.com"
207.46.13.51 - - [15/Nov/2024:23:57:39 -0500] "GET /82537882897.shtml HTTP/1.1" 301 0 "-" "Mozilla/5.0 AppleWebKit/537.36 (KHTML, like Gecko; compatible; bingbot/2.0; +http://www.bing.com/bingbot.htm) Chrome/116.0.1938.76 Safari/537.36"
162.213.251.208 - - [16/Nov/2024:00:02:26 -0500] "POST /wp-cron.php?doing_wp_cron=1731733345.4623339176177978515625 HTTP/1.1" 200 0 "-" "WordPress/6.7; https://carschronicle.com"
207.46.13.92 - - [16/Nov/2024:00:02:05 -0500] "GET /101561116853.shtml HTTP/1.1" 301 0 "-" "Mozilla/5.0 AppleWebKit/537.36 (KHTML, like Gecko; compatible; bingbot/2.0; +http://www.bing.com/bingbot.htm) Chrome/116.0.1938.76 Safari/537.36"
162.213.251.208 - - [16/Nov/2024:00:02:29 -0500] "POST /wp-admin/admin-ajax.php?action=async_litespeed&nonce=lzXggeHft0ttXX5UWG3Lofv1t1oseUWl&litespeed_type=imgoptm HTTP/1.1" 200 0 "-" "WordPress/6.7; https://carschronicle.com"
162.213.251.208 - - [16/Nov/2024:00:05:51 -0500] "POST /wp-cron.php?doing_wp_cron=1731733550.9632389545440673828125 HTTP/1.1" 200 0 "-" "WordPress/6.7; https://carschronicle.com"
207.46.13.92 - - [16/Nov/2024:00:05:34 -0500] "GET /27975274200.shtml HTTP/1.1" 301 0 "-" "Mozilla/5.0 AppleWebKit/537.36 (KHTML, like Gecko; compatible; bingbot/2.0; +http://www.bing.com/bingbot.htm) Chrome/116.0.1938.76 Safari/537.36"
162.213.251.208 - - [16/Nov/2024:00:05:54 -0500] "POST /wp-admin/admin-ajax.php?action=async_litespeed&nonce=XtVOKQsUaoEgtmCSEndWQOMg4vg9puHh&litespeed_type=imgoptm HTTP/1.1" 200 0 "-" "WordPress/6.7; https://carschronicle.com"
162.213.251.208 - - [16/Nov/2024:00:07:34 -0500] "POST /wp-cron.php?doing_wp_cron=1731733654.1752130985260009765625 HTTP/1.1" 200 0 "-" "WordPress/6.7; https://carschronicle.com"
207.46.13.92 - - [16/Nov/2024:00:07:24 -0500] "GET /48042180714.shtml HTTP/1.1" 301 0 "-" "Mozilla/5.0 AppleWebKit/537.36 (KHTML, like Gecko; compatible; bingbot/2.0; +http://www.bing.com/bingbot.htm) Chrome/116.0.1938.76 Safari/537.36"
162.213.251.208 - - [16/Nov/2024:00:07:36 -0500] "POST /wp-admin/admin-ajax.php?action=async_litespeed&nonce=LXjQUQGEOrEITCDuKl7p0AaAbi5QU2KL&litespeed_type=imgoptm HTTP/1.1" 200 0 "-" "WordPress/6.7; https://carschronicle.com"
162.213.251.208 - - [16/Nov/2024:00:08:37 -0500] "POST /wp-cron.php?doing_wp_cron=1731733717.0107040405273437500000 HTTP/1.1" 200 0 "-" "WordPress/6.7; https://carschronicle.com"
157.55.39.10 - - [16/Nov/2024:00:08:35 -0500] "GET /94625058222.shtml HTTP/1.1" 301 0 "-" "Mozilla/5.0 AppleWebKit/537.36 (KHTML, like Gecko; compatible; bingbot/2.0; +http://www.bing.com/bingbot.htm) Chrome/116.0.1938.76 Safari/537.36"
162.213.251.208 - - [16/Nov/2024:00:08:39 -0500] "POST /wp-admin/admin-ajax.php?action=async_litespeed&nonce=C2QiZgawhF3gGedJ8IAFDpQYompKsmE2&litespeed_type=imgoptm HTTP/1.1" 200 0 "-" "WordPress/6.7; https://carschronicle.com"
54.36.149.83 - - [16/Nov/2024:00:08:44 -0500] "GET /robots.txt HTTP/1.1" 200 270 "-" "Mozilla/5.0 (compatible; AhrefsBot/7.0; +http://ahrefs.com/robot/)"
162.213.251.208 - - [16/Nov/2024:00:08:48 -0500] "POST /wp-cron.php?doing_wp_cron=1731733728.0611119270324707031250 HTTP/1.1" 200 0 "-" "WordPress/6.7; https://carschronicle.com"
51.222.253.16 - - [16/Nov/2024:00:08:46 -0500] "GET /category/news-updates/feed/ HTTP/1.1" 200 1394 "-" "Mozilla/5.0 (compatible; AhrefsBot/7.0; +http://ahrefs.com/robot/)"
162.213.251.208 - - [16/Nov/2024:00:09:41 -0500] "POST /wp-cron.php?doing_wp_cron=1731733781.1145150661468505859375 HTTP/1.1" 200 0 "-" "WordPress/6.7; https://carschronicle.com"
157.55.39.55 - - [16/Nov/2024:00:09:40 -0500] "GET /34250214867.shtml HTTP/1.1" 301 0 "-" "Mozilla/5.0 AppleWebKit/537.36 (KHTML, like Gecko; compatible; bingbot/2.0; +http://www.bing.com/bingbot.htm) Chrome/116.0.1938.76 Safari/537.36"
162.213.251.208 - - [16/Nov/2024:00:09:43 -0500] "POST /wp-admin/admin-ajax.php?action=async_litespeed&nonce=6VpcxYL94Hwc0i6xiRLaxxhh9LyOpmla&litespeed_type=imgoptm HTTP/1.1" 200 0 "-" "WordPress/6.7; https://carschronicle.com"
162.213.251.208 - - [16/Nov/2024:00:17:25 -0500] "POST /wp-cron.php?doing_wp_cron=1731734245.3933670520782470703125 HTTP/1.1" 200 0 "-" "WordPress/6.7; https://carschronicle.com"
162.213.251.208 - - [16/Nov/2024:00:17:25 -0500] "POST /wp-cron.php?doing_wp_cron=1731734245.3969430923461914062500 HTTP/1.1" 200 0 "-" "WordPress/6.7; https://carschronicle.com"
157.55.39.55 - - [16/Nov/2024:00:17:22 -0500] "GET /42955479490.shtml HTTP/1.1" 301 0 "-" "Mozilla/5.0 AppleWebKit/537.36 (KHTML, like Gecko; compatible; bingbot/2.0; +http://www.bing.com/bingbot.htm) Chrome/116.0.1938.76 Safari/537.36"
157.55.39.59 - - [16/Nov/2024:00:17:06 -0500] "GET /79044454225.shtml HTTP/1.1" 301 0 "-" "Mozilla/5.0 AppleWebKit/537.36 (KHTML, like Gecko; compatible; bingbot/2.0; +http://www.bing.com/bingbot.htm) Chrome/116.0.1938.76 Safari/537.36"
162.213.251.208 - - [16/Nov/2024:00:17:28 -0500] "POST /wp-admin/admin-ajax.php?action=async_litespeed&nonce=J5d8zZUkJOwN7wTlg1wtDXJ1naPJxDA9&litespeed_type=imgoptm HTTP/1.1" 200 0 "-" "WordPress/6.7; https://carschronicle.com"
162.213.251.208 - - [16/Nov/2024:00:22:06 -0500] "POST /wp-cron.php?doing_wp_cron=1731734525.8571391105651855468750 HTTP/1.1" 200 0 "-" "WordPress/6.7; https://carschronicle.com"
207.46.13.92 - - [16/Nov/2024:00:21:40 -0500] "GET /20677535826.shtml HTTP/1.1" 301 0 "-" "Mozilla/5.0 AppleWebKit/537.36 (KHTML, like Gecko; compatible; bingbot/2.0; +http://www.bing.com/bingbot.htm) Chrome/116.0.1938.76 Safari/537.36"
162.213.251.208 - - [16/Nov/2024:00:22:09 -0500] "POST /wp-admin/admin-ajax.php?action=async_litespeed&nonce=LVRxidJl7nF2idGLV2lYXr4v6OmEyk1z&litespeed_type=imgoptm HTTP/1.1" 200 0 "-" "WordPress/6.7; https://carschronicle.com"
162.213.251.208 - - [16/Nov/2024:00:22:39 -0500] "POST /wp-cron.php?doing_wp_cron=1731734559.8365590572357177734375 HTTP/1.1" 200 0 "-" "WordPress/6.7; https://carschronicle.com"
207.46.13.92 - - [16/Nov/2024:00:22:38 -0500] "GET /38390989611.shtml HTTP/1.1" 301 0 "-" "Mozilla/5.0 AppleWebKit/537.36 (KHTML, like Gecko; compatible; bingbot/2.0; +http://www.bing.com/bingbot.htm) Chrome/116.0.1938.76 Safari/537.36"
162.213.251.208 - - [16/Nov/2024:00:22:41 -0500] "POST /wp-admin/admin-ajax.php?action=async_litespeed&nonce=57hjorkDmuC3FMYahk8P3JO9wHcOxCqP&litespeed_type=imgoptm HTTP/1.1" 200 0 "-" "WordPress/6.7; https://carschronicle.com"
207.46.13.92 - - [16/Nov/2024:00:22:41 -0500] "GET /56888404496.shtml HTTP/1.1" 301 0 "-" "Mozilla/5.0 AppleWebKit/537.36 (KHTML, like Gecko; compatible; bingbot/2.0; +http://www.bing.com/bingbot.htm) Chrome/116.0.1938.76 Safari/537.36"
162.213.251.208 - - [16/Nov/2024:00:23:20 -0500] "POST /wp-cron.php?doing_wp_cron=1731734599.6118469238281250000000 HTTP/1.1" 200 0 "-" "WordPress/6.7; https://carschronicle.com"
207.46.13.92 - - [16/Nov/2024:00:23:18 -0500] "GET /88671622701.shtml HTTP/1.1" 301 0 "-" "Mozilla/5.0 AppleWebKit/537.36 (KHTML, like Gecko; compatible; bingbot/2.0; +http://www.bing.com/bingbot.htm) Chrome/116.0.1938.76 Safari/537.36"
162.213.251.208 - - [16/Nov/2024:00:23:22 -0500] "POST /wp-admin/admin-ajax.php?action=async_litespeed&nonce=RYNgxW5pJpJidTlL9Wa3kx1B46yzcNjc&litespeed_type=imgoptm HTTP/1.1" 200 0 "-" "WordPress/6.7; https://carschronicle.com"
207.46.13.92 - - [16/Nov/2024:00:23:23 -0500] "GET /85455034990.shtml HTTP/1.1" 301 0 "-" "Mozilla/5.0 AppleWebKit/537.36 (KHTML, like Gecko; compatible; bingbot/2.0; +http://www.bing.com/bingbot.htm) Chrome/116.0.1938.76 Safari/537.36"
157.55.39.197 - - [16/Nov/2024:00:23:24 -0500] "GET /70214616853.shtml HTTP/1.1" 301 0 "-" "Mozilla/5.0 AppleWebKit/537.36 (KHTML, like Gecko; compatible; bingbot/2.0; +http://www.bing.com/bingbot.htm) Chrome/116.0.1938.76 Safari/537.36"
162.213.251.208 - - [16/Nov/2024:00:31:08 -0500] "POST /wp-cron.php?doing_wp_cron=1731735067.3845100402832031250000 HTTP/1.1" 200 0 "-" "WordPress/6.7; https://carschronicle.com"
157.55.39.193 - - [16/Nov/2024:00:30:45 -0500] "GET /40211872887.shtml HTTP/1.1" 301 0 "-" "Mozilla/5.0 AppleWebKit/537.36 (KHTML, like Gecko; compatible; bingbot/2.0; +http://www.bing.com/bingbot.htm) Chrome/116.0.1938.76 Safari/537.36"
162.213.251.208 - - [16/Nov/2024:00:36:58 -0500] "POST /wp-cron.php?doing_wp_cron=1731735416.8900609016418457031250 HTTP/1.1" 200 0 "-" "WordPress/6.7; https://carschronicle.com"
157.55.39.193 - - [16/Nov/2024:00:36:33 -0500] "GET /80509690557.shtml HTTP/1.1" 301 0 "-" "Mozilla/5.0 AppleWebKit/537.36 (KHTML, like Gecko; compatible; bingbot/2.0; +http://www.bing.com/bingbot.htm) Chrome/116.0.1938.76 Safari/537.36"
207.46.13.153 - - [16/Nov/2024:00:37:44 -0500] "GET /102681233426.shtml HTTP/1.1" 301 0 "-" "Mozilla/5.0 AppleWebKit/537.36 (KHTML, like Gecko; compatible; bingbot/2.0; +http://www.bing.com/bingbot.htm) Chrome/116.0.1938.76 Safari/537.36"
157.55.39.49 - - [16/Nov/2024:00:37:51 -0500] "GET /36962983417.shtml HTTP/1.1" 301 0 "-" "Mozilla/5.0 AppleWebKit/537.36 (KHTML, like Gecko; compatible; bingbot/2.0; +http://www.bing.com/bingbot.htm) Chrome/116.0.1938.76 Safari/537.36"
162.213.251.208 - - [16/Nov/2024:00:38:18 -0500] "POST /wp-cron.php?doing_wp_cron=1731735497.2901849746704101562500 HTTP/1.1" 200 0 "-" "WordPress/6.7; https://carschronicle.com"
207.46.13.153 - - [16/Nov/2024:00:38:15 -0500] "GET /47203461022.shtml HTTP/1.1" 301 0 "-" "Mozilla/5.0 AppleWebKit/537.36 (KHTML, like Gecko; compatible; bingbot/2.0; +http://www.bing.com/bingbot.htm) Chrome/116.0.1938.76 Safari/537.36"
162.213.251.208 - - [16/Nov/2024:00:39:36 -0500] "POST /wp-cron.php?doing_wp_cron=1731735576.1557719707489013671875 HTTP/1.1" 200 0 "-" "WordPress/6.7; https://carschronicle.com"
157.55.39.193 - - [16/Nov/2024:00:39:34 -0500] "GET /46579262715.shtml HTTP/1.1" 301 0 "-" "Mozilla/5.0 AppleWebKit/537.36 (KHTML, like Gecko; compatible; bingbot/2.0; +http://www.bing.com/bingbot.htm) Chrome/116.0.1938.76 Safari/537.36"
162.213.251.208 - - [16/Nov/2024:00:39:41 -0500] "POST /wp-admin/admin-ajax.php?action=async_litespeed&nonce=haR54C8roUwP2DTktN9NqMamYjsw9KQU&litespeed_type=imgoptm HTTP/1.1" 200 0 "-" "WordPress/6.7; https://carschronicle.com"
