403Webshell
Server IP : 162.213.251.208  /  Your IP : 3.147.74.147
Web Server : LiteSpeed
System : Linux business55.web-hosting.com 4.18.0-553.lve.el8.x86_64 #1 SMP Mon May 27 15:27:34 UTC 2024 x86_64
User : jmoroovq ( 1890)
PHP Version : 7.4.33
Disable Function : NONE
MySQL : OFF  |  cURL : ON  |  WGET : ON  |  Perl : ON  |  Python : ON  |  Sudo : OFF  |  Pkexec : OFF
Directory :  /home/jmoroovq/access-logs/

Upload File :
current_dir [ Writeable ] document_root [ Writeable ]

 

Command :


[ Back ]     

Current File : /home/jmoroovq//access-logs/cleanticsurgical.com.jmorgstudios.com-ssl_log
162.213.251.208 - - [15/Nov/2024:07:05:58 -0500] "POST /wp-cron.php?doing_wp_cron=1731672358.5086419582366943359375 HTTP/1.1" 200 0 "-" "WordPress/6.7; https://cleanticsurgical.com"
54.36.149.100 - - [15/Nov/2024:07:05:44 -0500] "GET /product-category/beauty-instruments/eyelash-mirror/?add-to-cart=335&layout=grid HTTP/1.1" 200 22313 "-" "Mozilla/5.0 (compatible; AhrefsBot/7.0; +http://ahrefs.com/robot/)"
162.213.251.208 - - [15/Nov/2024:07:12:28 -0500] "POST /wp-cron.php?doing_wp_cron=1731672748.8425009250640869140625 HTTP/1.1" 200 0 "-" "WordPress/6.7; https://cleanticsurgical.com"
216.244.66.202 - - [15/Nov/2024:07:12:18 -0500] "GET /shop/page/7/?add-to-cart=277 HTTP/1.1" 200 164469 "-" "Mozilla/5.0 (compatible; DotBot/1.2; +https://opensiteexplorer.org/dotbot; help@moz.com)"
162.213.251.208 - - [15/Nov/2024:07:13:25 -0500] "POST /wp-cron.php?doing_wp_cron=1731672805.3023130893707275390625 HTTP/1.1" 200 0 "-" "WordPress/6.7; https://cleanticsurgical.com"
54.36.148.31 - - [15/Nov/2024:07:13:24 -0500] "GET /product/barber-scissors-set-8/ HTTP/1.1" 200 23238 "-" "Mozilla/5.0 (compatible; AhrefsBot/7.0; +http://ahrefs.com/robot/)"
162.213.251.208 - - [15/Nov/2024:07:17:10 -0500] "POST /wp-cron.php?doing_wp_cron=1731673030.7336270809173583984375 HTTP/1.1" 200 0 "-" "WordPress/6.7; https://cleanticsurgical.com"
216.244.66.202 - - [15/Nov/2024:07:17:03 -0500] "GET /shop/page/8/?add-to-cart=335&layout=grid HTTP/1.1" 200 163466 "-" "Mozilla/5.0 (compatible; DotBot/1.2; +https://opensiteexplorer.org/dotbot; help@moz.com)"
162.213.251.208 - - [15/Nov/2024:07:23:18 -0500] "POST /wp-cron.php?doing_wp_cron=1731673398.5270090103149414062500 HTTP/1.1" 200 0 "-" "WordPress/6.7; https://cleanticsurgical.com"
54.36.148.183 - - [15/Nov/2024:07:23:05 -0500] "GET /product-category/beauty-care-instruments/nail-foot-files/feed/ HTTP/1.1" 200 996 "-" "Mozilla/5.0 (compatible; AhrefsBot/7.0; +http://ahrefs.com/robot/)"
162.213.251.208 - - [15/Nov/2024:07:32:31 -0500] "POST /wp-cron.php?doing_wp_cron=1731673951.2131240367889404296875 HTTP/1.1" 200 0 "-" "WordPress/6.7; https://cleanticsurgical.com"
54.36.148.52 - - [15/Nov/2024:07:32:18 -0500] "GET /shop/page/11/ HTTP/1.1" 200 23423 "-" "Mozilla/5.0 (compatible; AhrefsBot/7.0; +http://ahrefs.com/robot/)"
54.36.148.136 - - [15/Nov/2024:07:32:42 -0500] "GET /wp-content/uploads/2023/09/SS9-1905_460_2-1.jpg HTTP/1.1" 200 49192 "-" "Mozilla/5.0 (compatible; AhrefsBot/7.0; +http://ahrefs.com/robot/)"
54.36.148.82 - - [15/Nov/2024:07:32:42 -0500] "GET /wp-content/uploads/2023/09/SS9-1901_460_2.jpg HTTP/1.1" 200 34506 "-" "Mozilla/5.0 (compatible; AhrefsBot/7.0; +http://ahrefs.com/robot/)"
162.213.251.208 - - [15/Nov/2024:07:34:55 -0500] "POST /wp-cron.php?doing_wp_cron=1731674095.5549008846282958984375 HTTP/1.1" 200 0 "-" "WordPress/6.7; https://cleanticsurgical.com"
157.55.39.222 - - [15/Nov/2024:07:34:48 -0500] "GET /robots.txt HTTP/1.1" 200 145 "-" "Mozilla/5.0 AppleWebKit/537.36 (KHTML, like Gecko; compatible; bingbot/2.0; +http://www.bing.com/bingbot.htm) Chrome/116.0.1938.76 Safari/537.36"
157.55.39.222 - - [15/Nov/2024:07:34:55 -0500] "GET /robots.txt HTTP/1.1" 200 145 "-" "Mozilla/5.0 AppleWebKit/537.36 (KHTML, like Gecko; compatible; bingbot/2.0; +http://www.bing.com/bingbot.htm) Chrome/116.0.1938.76 Safari/537.36"
52.167.144.149 - - [15/Nov/2024:07:35:05 -0500] "GET /product/nail-pusher-3/ HTTP/1.1" 200 23368 "-" "Mozilla/5.0 AppleWebKit/537.36 (KHTML, like Gecko; compatible; bingbot/2.0; +http://www.bing.com/bingbot.htm) Chrome/116.0.1938.76 Safari/537.36"
162.213.251.208 - - [15/Nov/2024:07:41:41 -0500] "POST /wp-cron.php?doing_wp_cron=1731674501.3156359195709228515625 HTTP/1.1" 200 0 "-" "WordPress/6.7; https://cleanticsurgical.com"
54.36.148.96 - - [15/Nov/2024:07:41:33 -0500] "GET /product-category/beauty-care-instruments/hair-extension-tools/?add-to-cart=578&layout=grid HTTP/1.1" 200 23433 "-" "Mozilla/5.0 (compatible; AhrefsBot/7.0; +http://ahrefs.com/robot/)"
162.213.251.208 - - [15/Nov/2024:07:50:19 -0500] "POST /wp-cron.php?doing_wp_cron=1731675018.9832589626312255859375 HTTP/1.1" 200 0 "-" "WordPress/6.7; https://cleanticsurgical.com"
54.36.148.57 - - [15/Nov/2024:07:50:11 -0500] "GET /product-category/beauty-care-instruments/hair-extension-tools/?add-to-cart=578&layout=list HTTP/1.1" 200 23426 "-" "Mozilla/5.0 (compatible; AhrefsBot/7.0; +http://ahrefs.com/robot/)"
162.213.251.208 - - [15/Nov/2024:07:59:14 -0500] "POST /wp-cron.php?doing_wp_cron=1731675554.1795840263366699218750 HTTP/1.1" 200 0 "-" "WordPress/6.7; https://cleanticsurgical.com"
54.36.148.230 - - [15/Nov/2024:07:59:08 -0500] "GET /product/embroidery-scissors-7/ HTTP/1.1" 200 23439 "-" "Mozilla/5.0 (compatible; AhrefsBot/7.0; +http://ahrefs.com/robot/)"
156.59.198.136 - - [15/Nov/2024:08:12:12 -0500] "GET /wp-content/uploads/2023/09/OPTICAL-TOOLS1-30-1.jpg HTTP/1.1" 200 66959 "-" "Mozilla/5.0 (Linux; Android 5.0) AppleWebKit/537.36 (KHTML, like Gecko) Mobile Safari/537.36 (compatible; Bytespider; spider-feedback@bytedance.com)"
162.213.251.208 - - [15/Nov/2024:08:12:13 -0500] "POST /wp-cron.php?doing_wp_cron=1731676333.4463999271392822265625 HTTP/1.1" 200 0 "-" "WordPress/6.7; https://cleanticsurgical.com"
54.36.148.183 - - [15/Nov/2024:08:11:58 -0500] "GET /shop/page/12/ HTTP/1.1" 200 23281 "-" "Mozilla/5.0 (compatible; AhrefsBot/7.0; +http://ahrefs.com/robot/)"
162.213.251.208 - - [15/Nov/2024:08:22:27 -0500] "POST /wp-cron.php?doing_wp_cron=1731676947.0009300708770751953125 HTTP/1.1" 200 0 "-" "WordPress/6.7; https://cleanticsurgical.com"
216.244.66.202 - - [15/Nov/2024:08:22:17 -0500] "GET /robots.txt HTTP/1.1" 200 270 "-" "Mozilla/5.0 (compatible; DotBot/1.2; +https://opensiteexplorer.org/dotbot; help@moz.com)"
162.213.251.208 - - [15/Nov/2024:08:23:32 -0500] "POST /wp-cron.php?doing_wp_cron=1731677012.0573370456695556640625 HTTP/1.1" 200 0 "-" "WordPress/6.7; https://cleanticsurgical.com"
54.36.148.80 - - [15/Nov/2024:08:23:31 -0500] "GET /product-category/beauty-care-instruments/page/8/ HTTP/1.1" 200 23449 "-" "Mozilla/5.0 (compatible; AhrefsBot/7.0; +http://ahrefs.com/robot/)"
162.213.251.208 - - [15/Nov/2024:08:32:16 -0500] "POST /wp-cron.php?doing_wp_cron=1731677536.7107610702514648437500 HTTP/1.1" 200 0 "-" "WordPress/6.7; https://cleanticsurgical.com"
54.36.148.182 - - [15/Nov/2024:08:32:08 -0500] "GET /product-category/beauty-care-instruments/page/9/ HTTP/1.1" 200 23307 "-" "Mozilla/5.0 (compatible; AhrefsBot/7.0; +http://ahrefs.com/robot/)"
162.213.251.208 - - [15/Nov/2024:08:36:32 -0500] "POST /wp-cron.php?doing_wp_cron=1731677792.2658851146697998046875 HTTP/1.1" 200 0 "-" "WordPress/6.7; https://cleanticsurgical.com"
92.205.55.37 - - [15/Nov/2024:08:36:25 -0500] "POST /xmlrpc.php HTTP/1.1" 200 403 "-" "Mozilla/5.0 (Windows NT 10.0; Win64; x64) AppleWebKit/537.36 (KHTML, like Gecko) Chrome/80.0.3987.132 Safari/537.36"
162.213.251.208 - - [15/Nov/2024:08:39:38 -0500] "POST /wp-cron.php?doing_wp_cron=1731677978.4707989692687988281250 HTTP/1.1" 200 0 "-" "WordPress/6.7; https://cleanticsurgical.com"
54.36.148.11 - - [15/Nov/2024:08:39:34 -0500] "GET /shop/page/13/ HTTP/1.1" 200 23380 "-" "Mozilla/5.0 (compatible; AhrefsBot/7.0; +http://ahrefs.com/robot/)"
162.213.251.208 - - [15/Nov/2024:08:46:08 -0500] "POST /wp-cron.php?doing_wp_cron=1731678368.4288499355316162109375 HTTP/1.1" 200 0 "-" "WordPress/6.7; https://cleanticsurgical.com"
54.36.148.0 - - [15/Nov/2024:08:46:02 -0500] "GET /product-category/beauty-care-instruments/page/10/ HTTP/1.1" 200 23557 "-" "Mozilla/5.0 (compatible; AhrefsBot/7.0; +http://ahrefs.com/robot/)"
162.213.251.208 - - [15/Nov/2024:08:50:14 -0500] "POST /wp-cron.php?doing_wp_cron=1731678614.4106700420379638671875 HTTP/1.1" 200 0 "-" "WordPress/6.7; https://cleanticsurgical.com"
216.244.66.202 - - [15/Nov/2024:08:50:03 -0500] "GET /product-category/beauty-care-instruments/nail-foot-files/page/2/?layout=list HTTP/1.1" 200 159268 "-" "Mozilla/5.0 (compatible; DotBot/1.2; +https://opensiteexplorer.org/dotbot; help@moz.com)"
216.244.66.202 - - [15/Nov/2024:08:50:47 -0500] "GET /shop/page/8/?layout=list HTTP/1.1" 200 157680 "-" "Mozilla/5.0 (compatible; DotBot/1.2; +https://opensiteexplorer.org/dotbot; help@moz.com)"
162.213.251.208 - - [15/Nov/2024:08:54:14 -0500] "POST /wp-cron.php?doing_wp_cron=1731678854.0333580970764160156250 HTTP/1.1" 200 0 "-" "WordPress/6.7; https://cleanticsurgical.com"
54.36.148.221 - - [15/Nov/2024:08:54:11 -0500] "GET /product-category/beauty-instruments/eyelash-mirror/?add-to-cart=278&layout=grid HTTP/1.1" 200 22310 "-" "Mozilla/5.0 (compatible; AhrefsBot/7.0; +http://ahrefs.com/robot/)"
162.213.251.208 - - [15/Nov/2024:09:02:16 -0500] "POST /wp-cron.php?doing_wp_cron=1731679336.6286671161651611328125 HTTP/1.1" 200 0 "-" "WordPress/6.7; https://cleanticsurgical.com"
54.36.149.52 - - [15/Nov/2024:09:02:11 -0500] "GET /shop/page/14/ HTTP/1.1" 200 23324 "-" "Mozilla/5.0 (compatible; AhrefsBot/7.0; +http://ahrefs.com/robot/)"
162.213.251.208 - - [15/Nov/2024:09:14:25 -0500] "POST /wp-cron.php?doing_wp_cron=1731680065.3789699077606201171875 HTTP/1.1" 200 0 "-" "WordPress/6.7; https://cleanticsurgical.com"
159.223.3.6 - - [15/Nov/2024:09:14:19 -0500] "GET /product/eyebrow-set/ HTTP/1.1" 200 27998 "-" "Mozilla/5.0 (Windows NT 10.0; Win64; x64) AppleWebKit/537.36 (KHTML, like Gecko) Chrome/124.0.0.0 Safari/537.36"
216.244.66.202 - - [15/Nov/2024:09:14:39 -0500] "GET /robots.txt HTTP/1.1" 200 270 "-" "Mozilla/5.0 (compatible; DotBot/1.2; +https://opensiteexplorer.org/dotbot; help@moz.com)"
162.213.251.208 - - [15/Nov/2024:09:27:14 -0500] "POST /wp-cron.php?doing_wp_cron=1731680834.5245919227600097656250 HTTP/1.1" 200 0 "-" "WordPress/6.7; https://cleanticsurgical.com"
54.36.149.58 - - [15/Nov/2024:09:27:04 -0500] "GET /author/cleanticsurgical/ HTTP/1.1" 200 21675 "-" "Mozilla/5.0 (compatible; AhrefsBot/7.0; +http://ahrefs.com/robot/)"
162.213.251.208 - - [15/Nov/2024:09:35:25 -0500] "POST /wp-cron.php?doing_wp_cron=1731681325.2366900444030761718750 HTTP/1.1" 200 0 "-" "WordPress/6.7; https://cleanticsurgical.com"
54.36.148.201 - - [15/Nov/2024:09:35:11 -0500] "GET /category/uncategorized/ HTTP/1.1" 200 21718 "-" "Mozilla/5.0 (compatible; AhrefsBot/7.0; +http://ahrefs.com/robot/)"
162.213.251.208 - - [15/Nov/2024:09:43:20 -0500] "POST /wp-cron.php?doing_wp_cron=1731681800.3513190746307373046875 HTTP/1.1" 200 0 "-" "WordPress/6.7; https://cleanticsurgical.com"
54.36.148.26 - - [15/Nov/2024:09:43:08 -0500] "GET /product-category/beauty-care-instruments/shaving-razors/page/3/?layout=grid HTTP/1.1" 200 22135 "-" "Mozilla/5.0 (compatible; AhrefsBot/7.0; +http://ahrefs.com/robot/)"
162.213.251.208 - - [15/Nov/2024:09:49:08 -0500] "POST /wp-cron.php?doing_wp_cron=1731682147.9064640998840332031250 HTTP/1.1" 200 0 "-" "WordPress/6.7; https://cleanticsurgical.com"
54.36.149.24 - - [15/Nov/2024:09:48:56 -0500] "GET /shop/page/18/ HTTP/1.1" 200 23496 "-" "Mozilla/5.0 (compatible; AhrefsBot/7.0; +http://ahrefs.com/robot/)"
162.213.251.208 - - [15/Nov/2024:09:51:24 -0500] "POST /wp-cron.php?doing_wp_cron=1731682284.5199010372161865234375 HTTP/1.1" 200 0 "-" "WordPress/6.7; https://cleanticsurgical.com"
216.244.66.202 - - [15/Nov/2024:09:51:13 -0500] "GET /shop/page/18/?layout=grid HTTP/1.1" 200 164645 "-" "Mozilla/5.0 (compatible; DotBot/1.2; +https://opensiteexplorer.org/dotbot; help@moz.com)"
162.213.251.208 - - [15/Nov/2024:09:57:52 -0500] "POST /wp-cron.php?doing_wp_cron=1731682672.6207718849182128906250 HTTP/1.1" 200 0 "-" "WordPress/6.7; https://cleanticsurgical.com"
54.36.148.44 - - [15/Nov/2024:09:57:46 -0500] "GET /shop/page/15/ HTTP/1.1" 200 23289 "-" "Mozilla/5.0 (compatible; AhrefsBot/7.0; +http://ahrefs.com/robot/)"
162.213.251.208 - - [15/Nov/2024:10:05:26 -0500] "POST /wp-cron.php?doing_wp_cron=1731683126.2490489482879638671875 HTTP/1.1" 200 0 "-" "WordPress/6.7; https://cleanticsurgical.com"
54.36.148.64 - - [15/Nov/2024:10:05:15 -0500] "GET /product-category/beauty-care-instruments/shaving-razors/page/3/?layout=list HTTP/1.1" 200 22109 "-" "Mozilla/5.0 (compatible; AhrefsBot/7.0; +http://ahrefs.com/robot/)"
162.213.251.208 - - [15/Nov/2024:10:07:01 -0500] "POST /wp-cron.php?doing_wp_cron=1731683221.2720329761505126953125 HTTP/1.1" 200 0 "-" "WordPress/6.7; https://cleanticsurgical.com"
216.244.66.202 - - [15/Nov/2024:10:06:58 -0500] "GET /robots.txt HTTP/1.1" 200 270 "-" "Mozilla/5.0 (compatible; DotBot/1.2; +https://opensiteexplorer.org/dotbot; help@moz.com)"
157.55.39.201 - - [15/Nov/2024:10:07:00 -0500] "GET /product/eyebrow-set/ HTTP/1.1" 200 23210 "-" "Mozilla/5.0 AppleWebKit/537.36 (KHTML, like Gecko; compatible; bingbot/2.0; +http://www.bing.com/bingbot.htm) Chrome/116.0.1938.76 Safari/537.36"
162.213.251.208 - - [15/Nov/2024:10:21:21 -0500] "POST /wp-cron.php?doing_wp_cron=1731684081.7792410850524902343750 HTTP/1.1" 200 0 "-" "WordPress/6.7; https://cleanticsurgical.com"
54.36.148.99 - - [15/Nov/2024:10:21:16 -0500] "GET /product-category/dental-instruments/feed/ HTTP/1.1" 200 1124 "-" "Mozilla/5.0 (compatible; AhrefsBot/7.0; +http://ahrefs.com/robot/)"
162.213.251.208 - - [15/Nov/2024:10:29:20 -0500] "POST /wp-cron.php?doing_wp_cron=1731684560.5218000411987304687500 HTTP/1.1" 200 0 "-" "WordPress/6.7; https://cleanticsurgical.com"
54.36.148.193 - - [15/Nov/2024:10:29:15 -0500] "GET /product/shaving-razor-2/ HTTP/1.1" 200 23291 "-" "Mozilla/5.0 (compatible; AhrefsBot/7.0; +http://ahrefs.com/robot/)"
162.213.251.208 - - [15/Nov/2024:10:37:36 -0500] "POST /wp-cron.php?doing_wp_cron=1731685054.8444499969482421875000 HTTP/1.1" 200 0 "-" "WordPress/6.7; https://cleanticsurgical.com"
45.132.224.92 - - [15/Nov/2024:10:37:35 -0500] "GET /contact-us/ HTTP/1.1" 200 21163 "-" "Mozilla/5.0 (Windows NT 10.0; Win64; x64) AppleWebKit/537.36 (KHTML, like Gecko) Chrome/114.0.0.0 YaBrowser/22.7.0 Yowser/2.5 Safari/537.36"
54.36.148.132 - - [15/Nov/2024:10:37:20 -0500] "GET /product-category/beauty-instruments/eyelash-mirror/?layout=list HTTP/1.1" 200 22347 "-" "Mozilla/5.0 (compatible; AhrefsBot/7.0; +http://ahrefs.com/robot/)"
45.132.224.80 - - [15/Nov/2024:10:37:42 -0500] "GET /contact-us/{{{data.url}}} HTTP/1.1" 301 0 "https://cleanticsurgical.com/contact-us/" "Mozilla/5.0 (Windows NT 10.0; Win64; x64) AppleWebKit/537.36 (KHTML, like Gecko) Chrome/114.0.0.0 YaBrowser/22.7.0 Yowser/2.5 Safari/537.36"
45.132.224.62 - - [15/Nov/2024:10:37:46 -0500] "GET /contact-us/data.url HTTP/1.1" 404 20928 "https://cleanticsurgical.com/contact-us/{{{data.url}}}" "Mozilla/5.0 (Windows NT 10.0; Win64; x64) AppleWebKit/537.36 (KHTML, like Gecko) Chrome/114.0.0.0 YaBrowser/22.7.0 Yowser/2.5 Safari/537.36"
45.132.224.92 - - [15/Nov/2024:10:37:52 -0500] "GET / HTTP/1.1" 200 27429 "-" "Mozilla/5.0 (Windows NT 10.0; Win64; x64) AppleWebKit/537.36 (KHTML, like Gecko) Chrome/114.0.0.0 YaBrowser/22.7.0 Yowser/2.5 Safari/537.36"
45.132.224.81 - - [15/Nov/2024:10:37:57 -0500] "GET /contact-us/ HTTP/1.1" 200 21093 "https://cleanticsurgical.com/contact-us/" "Mozilla/5.0 (Windows NT 10.0; Win64; x64) AppleWebKit/537.36 (KHTML, like Gecko) Chrome/114.0.0.0 YaBrowser/22.7.0 Yowser/2.5 Safari/537.36"
162.213.251.208 - - [15/Nov/2024:10:45:16 -0500] "POST /wp-cron.php?doing_wp_cron=1731685516.7653698921203613281250 HTTP/1.1" 200 0 "-" "WordPress/6.7; https://cleanticsurgical.com"
54.36.148.66 - - [15/Nov/2024:10:45:06 -0500] "GET /product-category/beauty-instruments/nail-pusher-set/?layout=grid HTTP/1.1" 200 22379 "-" "Mozilla/5.0 (compatible; AhrefsBot/7.0; +http://ahrefs.com/robot/)"
216.244.66.202 - - [15/Nov/2024:10:45:25 -0500] "GET /shop/page/8/?add-to-cart=278 HTTP/1.1" 200 163231 "-" "Mozilla/5.0 (compatible; DotBot/1.2; +https://opensiteexplorer.org/dotbot; help@moz.com)"
162.213.251.208 - - [15/Nov/2024:10:49:06 -0500] "POST /wp-cron.php?doing_wp_cron=1731685746.2296910285949707031250 HTTP/1.1" 200 0 "-" "WordPress/6.7; https://cleanticsurgical.com"
47.128.20.102 - - [15/Nov/2024:10:48:57 -0500] "GET /product/shaving-razor-27/ HTTP/1.1" 200 23333 "-" "Mozilla/5.0 (compatible; Bytespider; spider-feedback@bytedance.com) AppleWebKit/537.36 (KHTML, like Gecko) Chrome/70.0.0.0 Safari/537.36"
47.128.20.102 - - [15/Nov/2024:10:49:09 -0500] "GET /wp-content/plugins/header-footer-elementor/inc/widgets-css/frontend.css?ver=1.6.46 HTTP/1.1" 200 7442 "https://cleanticsurgical.com/product/shaving-razor-27/" "Mozilla/5.0 (compatible; Bytespider; spider-feedback@bytedance.com) AppleWebKit/537.36 (KHTML, like Gecko) Chrome/70.0.0.0 Safari/537.36"
47.128.20.102 - - [15/Nov/2024:10:49:09 -0500] "GET /wp-content/plugins/click-to-chat-for-whatsapp/new/inc/assets/css/main.css?ver=4.12 HTTP/1.1" 200 522 "https://cleanticsurgical.com/product/shaving-razor-27/" "Mozilla/5.0 (compatible; Bytespider; spider-feedback@bytedance.com) AppleWebKit/537.36 (KHTML, like Gecko) Chrome/70.0.0.0 Safari/537.36"
47.128.20.102 - - [15/Nov/2024:10:49:09 -0500] "GET /wp-includes/css/dist/block-library/style.min.css?ver=6.7 HTTP/1.1" 200 14225 "https://cleanticsurgical.com/product/shaving-razor-27/" "Mozilla/5.0 (compatible; Bytespider; spider-feedback@bytedance.com) AppleWebKit/537.36 (KHTML, like Gecko) Chrome/70.0.0.0 Safari/537.36"
47.128.20.102 - - [15/Nov/2024:10:49:09 -0500] "GET /wp-content/plugins/woocommerce/assets/css/photoswipe/photoswipe.min.css?ver=9.4.1 HTTP/1.1" 200 857 "https://cleanticsurgical.com/product/shaving-razor-27/" "Mozilla/5.0 (compatible; Bytespider; spider-feedback@bytedance.com) AppleWebKit/537.36 (KHTML, like Gecko) Chrome/70.0.0.0 Safari/537.36"
47.128.20.102 - - [15/Nov/2024:10:49:09 -0500] "GET /wp-content/themes/mixxcazt/assets/css/base/gutenberg-blocks.css?ver=1.5.9 HTTP/1.1" 200 4365 "https://cleanticsurgical.com/product/shaving-razor-27/" "Mozilla/5.0 (compatible; Bytespider; spider-feedback@bytedance.com) AppleWebKit/537.36 (KHTML, like Gecko) Chrome/70.0.0.0 Safari/537.36"
47.128.20.102 - - [15/Nov/2024:10:49:09 -0500] "GET /wp-content/plugins/contact-form-7/includes/css/styles.css?ver=6.0 HTTP/1.1" 200 890 "https://cleanticsurgical.com/product/shaving-razor-27/" "Mozilla/5.0 (compatible; Bytespider; spider-feedback@bytedance.com) AppleWebKit/537.36 (KHTML, like Gecko) Chrome/70.0.0.0 Safari/537.36"
47.128.20.102 - - [15/Nov/2024:10:49:09 -0500] "GET /wp-content/plugins/header-footer-elementor/assets/css/header-footer-elementor.css?ver=1.6.46 HTTP/1.1" 200 259 "https://cleanticsurgical.com/product/shaving-razor-27/" "Mozilla/5.0 (compatible; Bytespider; spider-feedback@bytedance.com) AppleWebKit/537.36 (KHTML, like Gecko) Chrome/70.0.0.0 Safari/537.36"
47.128.20.102 - - [15/Nov/2024:10:49:09 -0500] "GET /wp-content/plugins/woocommerce/assets/css/photoswipe/default-skin/default-skin.min.css?ver=9.4.1 HTTP/1.1" 200 1728 "https://cleanticsurgical.com/product/shaving-razor-27/" "Mozilla/5.0 (compatible; Bytespider; spider-feedback@bytedance.com) AppleWebKit/537.36 (KHTML, like Gecko) Chrome/70.0.0.0 Safari/537.36"
47.128.20.102 - - [15/Nov/2024:10:49:09 -0500] "GET /wp-content/plugins/elementor/assets/css/frontend.min.css?ver=3.25.6 HTTP/1.1" 200 6871 "https://cleanticsurgical.com/product/shaving-razor-27/" "Mozilla/5.0 (compatible; Bytespider; spider-feedback@bytedance.com) AppleWebKit/537.36 (KHTML, like Gecko) Chrome/70.0.0.0 Safari/537.36"
47.128.20.102 - - [15/Nov/2024:10:49:09 -0500] "GET /wp-content/plugins/elementor/assets/lib/eicons/css/elementor-icons.min.css?ver=5.32.0 HTTP/1.1" 200 3780 "https://cleanticsurgical.com/product/shaving-razor-27/" "Mozilla/5.0 (compatible; Bytespider; spider-feedback@bytedance.com) AppleWebKit/537.36 (KHTML, like Gecko) Chrome/70.0.0.0 Safari/537.36"
47.128.20.102 - - [15/Nov/2024:10:49:09 -0500] "GET /wp-content/plugins/elementor/assets/css/conditionals/e-swiper.min.css?ver=3.25.6 HTTP/1.1" 200 890 "https://cleanticsurgical.com/product/shaving-razor-27/" "Mozilla/5.0 (compatible; Bytespider; spider-feedback@bytedance.com) AppleWebKit/537.36 (KHTML, like Gecko) Chrome/70.0.0.0 Safari/537.36"
47.128.20.102 - - [15/Nov/2024:10:49:09 -0500] "GET /wp-content/plugins/elementor/assets/lib/swiper/v8/css/swiper.min.css?ver=8.4.5 HTTP/1.1" 200 4248 "https://cleanticsurgical.com/product/shaving-razor-27/" "Mozilla/5.0 (compatible; Bytespider; spider-feedback@bytedance.com) AppleWebKit/537.36 (KHTML, like Gecko) Chrome/70.0.0.0 Safari/537.36"
47.128.20.102 - - [15/Nov/2024:10:49:09 -0500] "GET /wp-content/uploads/elementor/css/post-47.css?ver=1694709935 HTTP/1.1" 200 2068 "https://cleanticsurgical.com/product/shaving-razor-27/" "Mozilla/5.0 (compatible; Bytespider; spider-feedback@bytedance.com) AppleWebKit/537.36 (KHTML, like Gecko) Chrome/70.0.0.0 Safari/537.36"
47.128.20.102 - - [15/Nov/2024:10:49:09 -0500] "GET /wp-content/plugins/woo-variation-swatches/assets/css/frontend.min.css?ver=1724949752 HTTP/1.1" 200 4306 "https://cleanticsurgical.com/product/shaving-razor-27/" "Mozilla/5.0 (compatible; Bytespider; spider-feedback@bytedance.com) AppleWebKit/537.36 (KHTML, like Gecko) Chrome/70.0.0.0 Safari/537.36"
47.128.20.102 - - [15/Nov/2024:10:49:09 -0500] "GET /wp-content/uploads/elementor/css/post-8.css?ver=1694725358 HTTP/1.1" 200 340 "https://cleanticsurgical.com/product/shaving-razor-27/" "Mozilla/5.0 (compatible; Bytespider; spider-feedback@bytedance.com) AppleWebKit/537.36 (KHTML, like Gecko) Chrome/70.0.0.0 Safari/537.36"
47.128.20.102 - - [15/Nov/2024:10:49:09 -0500] "GET /wp-content/uploads/elementor/css/post-48.css?ver=1694709935 HTTP/1.1" 200 1253 "https://cleanticsurgical.com/product/shaving-razor-27/" "Mozilla/5.0 (compatible; Bytespider; spider-feedback@bytedance.com) AppleWebKit/537.36 (KHTML, like Gecko) Chrome/70.0.0.0 Safari/537.36"
47.128.20.102 - - [15/Nov/2024:10:49:09 -0500] "GET /wp-content/plugins/woo-smart-quick-view/assets/libs/slick/slick.css?ver=6.7 HTTP/1.1" 200 461 "https://cleanticsurgical.com/product/shaving-razor-27/" "Mozilla/5.0 (compatible; Bytespider; spider-feedback@bytedance.com) AppleWebKit/537.36 (KHTML, like Gecko) Chrome/70.0.0.0 Safari/537.36"
47.128.20.102 - - [15/Nov/2024:10:49:09 -0500] "GET /wp-content/plugins/yith-woocommerce-request-a-quote/assets/css/frontend.css?ver=2.36.0 HTTP/1.1" 200 515 "https://cleanticsurgical.com/product/shaving-razor-27/" "Mozilla/5.0 (compatible; Bytespider; spider-feedback@bytedance.com) AppleWebKit/537.36 (KHTML, like Gecko) Chrome/70.0.0.0 Safari/537.36"
47.128.20.102 - - [15/Nov/2024:10:49:09 -0500] "GET /wp-content/plugins/woo-smart-quick-view/assets/libs/perfect-scrollbar/css/custom-theme.css?ver=6.7 HTTP/1.1" 200 534 "https://cleanticsurgical.com/product/shaving-razor-27/" "Mozilla/5.0 (compatible; Bytespider; spider-feedback@bytedance.com) AppleWebKit/537.36 (KHTML, like Gecko) Chrome/70.0.0.0 Safari/537.36"
47.128.20.102 - - [15/Nov/2024:10:49:09 -0500] "GET /wp-content/plugins/woo-smart-quick-view/assets/libs/perfect-scrollbar/css/perfect-scrollbar.min.css?ver=6.7 HTTP/1.1" 200 507 "https://cleanticsurgical.com/product/shaving-razor-27/" "Mozilla/5.0 (compatible; Bytespider; spider-feedback@bytedance.com) AppleWebKit/537.36 (KHTML, like Gecko) Chrome/70.0.0.0 Safari/537.36"
47.128.20.102 - - [15/Nov/2024:10:49:09 -0500] "GET /wp-content/plugins/woo-smart-quick-view/assets/libs/feather/feather.css?ver=6.7 HTTP/1.1" 200 149 "https://cleanticsurgical.com/product/shaving-razor-27/" "Mozilla/5.0 (compatible; Bytespider; spider-feedback@bytedance.com) AppleWebKit/537.36 (KHTML, like Gecko) Chrome/70.0.0.0 Safari/537.36"
47.128.20.102 - - [15/Nov/2024:10:49:09 -0500] "GET /wp-content/themes/mixxcazt/assets/css/libs/magnific-popup.css?ver=1.5.9 HTTP/1.1" 200 2153 "https://cleanticsurgical.com/product/shaving-razor-27/" "Mozilla/5.0 (compatible; Bytespider; spider-feedback@bytedance.com) AppleWebKit/537.36 (KHTML, like Gecko) Chrome/70.0.0.0 Safari/537.36"
47.128.20.102 - - [15/Nov/2024:10:49:10 -0500] "GET /wp-content/themes/mixxcazt/style.css?ver=1.5.9 HTTP/1.1" 200 30588 "https://cleanticsurgical.com/product/shaving-razor-27/" "Mozilla/5.0 (compatible; Bytespider; spider-feedback@bytedance.com) AppleWebKit/537.36 (KHTML, like Gecko) Chrome/70.0.0.0 Safari/537.36"
47.128.20.102 - - [15/Nov/2024:10:49:10 -0500] "GET /wp-content/plugins/elementor/assets/css/widget-icon-list.min.css?ver=3.24.3 HTTP/1.1" 200 866 "https://cleanticsurgical.com/product/shaving-razor-27/" "Mozilla/5.0 (compatible; Bytespider; spider-feedback@bytedance.com) AppleWebKit/537.36 (KHTML, like Gecko) Chrome/70.0.0.0 Safari/537.36"
47.128.20.102 - - [15/Nov/2024:10:49:10 -0500] "GET /wp-content/plugins/woo-smart-quick-view/assets/css/frontend.css?ver=4.1.3 HTTP/1.1" 200 3410 "https://cleanticsurgical.com/product/shaving-razor-27/" "Mozilla/5.0 (compatible; Bytespider; spider-feedback@bytedance.com) AppleWebKit/537.36 (KHTML, like Gecko) Chrome/70.0.0.0 Safari/537.36"
47.128.20.102 - - [15/Nov/2024:10:49:10 -0500] "GET /wp-content/plugins/elementor/assets/lib/font-awesome/css/brands.css?ver=5.15.3 HTTP/1.1" 200 296 "https://cleanticsurgical.com/product/shaving-razor-27/" "Mozilla/5.0 (compatible; Bytespider; spider-feedback@bytedance.com) AppleWebKit/537.36 (KHTML, like Gecko) Chrome/70.0.0.0 Safari/537.36"
47.128.20.102 - - [15/Nov/2024:10:49:10 -0500] "GET /wp-content/plugins/3d-flipbook-dflip-lite/assets/css/dflip.min.css?ver=2.3.48 HTTP/1.1" 200 12454 "https://cleanticsurgical.com/product/shaving-razor-27/" "Mozilla/5.0 (compatible; Bytespider; spider-feedback@bytedance.com) AppleWebKit/537.36 (KHTML, like Gecko) Chrome/70.0.0.0 Safari/537.36"
47.128.20.102 - - [15/Nov/2024:10:49:10 -0500] "GET /wp-content/themes/mixxcazt/assets/css/libs/tooltipster.bundle.min.css?ver=1.5.9 HTTP/1.1" 200 964 "https://cleanticsurgical.com/product/shaving-razor-27/" "Mozilla/5.0 (compatible; Bytespider; spider-feedback@bytedance.com) AppleWebKit/537.36 (KHTML, like Gecko) Chrome/70.0.0.0 Safari/537.36"
47.128.20.102 - - [15/Nov/2024:10:49:10 -0500] "GET /wp-content/plugins/elementor/assets/lib/font-awesome/css/solid.css?ver=5.15.3 HTTP/1.1" 200 296 "https://cleanticsurgical.com/product/shaving-razor-27/" "Mozilla/5.0 (compatible; Bytespider; spider-feedback@bytedance.com) AppleWebKit/537.36 (KHTML, like Gecko) Chrome/70.0.0.0 Safari/537.36"
47.128.20.102 - - [15/Nov/2024:10:49:10 -0500] "GET /wp-content/themes/mixxcazt/assets/css/woocommerce/woocommerce.css?ver=1.5.9 HTTP/1.1" 200 27967 "https://cleanticsurgical.com/product/shaving-razor-27/" "Mozilla/5.0 (compatible; Bytespider; spider-feedback@bytedance.com) AppleWebKit/537.36 (KHTML, like Gecko) Chrome/70.0.0.0 Safari/537.36"
47.128.20.102 - - [15/Nov/2024:10:49:10 -0500] "GET /wp-content/plugins/elementor/assets/lib/font-awesome/css/fontawesome.css?ver=5.15.3 HTTP/1.1" 200 12526 "https://cleanticsurgical.com/product/shaving-razor-27/" "Mozilla/5.0 (compatible; Bytespider; spider-feedback@bytedance.com) AppleWebKit/537.36 (KHTML, like Gecko) Chrome/70.0.0.0 Safari/537.36"
47.128.20.102 - - [15/Nov/2024:10:49:10 -0500] "GET /wp-content/plugins/elementor/assets/css/widget-social-icons.min.css?ver=3.24.0 HTTP/1.1" 200 1056 "https://cleanticsurgical.com/product/shaving-razor-27/" "Mozilla/5.0 (compatible; Bytespider; spider-feedback@bytedance.com) AppleWebKit/537.36 (KHTML, like Gecko) Chrome/70.0.0.0 Safari/537.36"
47.128.20.102 - - [15/Nov/2024:10:49:10 -0500] "GET /wp-content/themes/mixxcazt-child/style.css?ver=1.5.9 HTTP/1.1" 200 213 "https://cleanticsurgical.com/product/shaving-razor-27/" "Mozilla/5.0 (compatible; Bytespider; spider-feedback@bytedance.com) AppleWebKit/537.36 (KHTML, like Gecko) Chrome/70.0.0.0 Safari/537.36"
47.128.20.102 - - [15/Nov/2024:10:49:10 -0500] "GET /wp-content/plugins/elementor/assets/lib/font-awesome/css/fontawesome.min.css?ver=5.15.3 HTTP/1.1" 200 12164 "https://cleanticsurgical.com/product/shaving-razor-27/" "Mozilla/5.0 (compatible; Bytespider; spider-feedback@bytedance.com) AppleWebKit/537.36 (KHTML, like Gecko) Chrome/70.0.0.0 Safari/537.36"
47.128.20.102 - - [15/Nov/2024:10:49:10 -0500] "GET /wp-content/plugins/elementor/assets/lib/font-awesome/css/brands.min.css?ver=5.15.3 HTTP/1.1" 200 284 "https://cleanticsurgical.com/product/shaving-razor-27/" "Mozilla/5.0 (compatible; Bytespider; spider-feedback@bytedance.com) AppleWebKit/537.36 (KHTML, like Gecko) Chrome/70.0.0.0 Safari/537.36"
47.128.20.102 - - [15/Nov/2024:10:49:10 -0500] "GET /wp-content/plugins/elementor/assets/lib/font-awesome/css/regular.min.css?ver=5.15.3 HTTP/1.1" 200 283 "https://cleanticsurgical.com/product/shaving-razor-27/" "Mozilla/5.0 (compatible; Bytespider; spider-feedback@bytedance.com) AppleWebKit/537.36 (KHTML, like Gecko) Chrome/70.0.0.0 Safari/537.36"
47.128.20.102 - - [15/Nov/2024:10:49:10 -0500] "GET /wp-content/plugins/elementor/assets/lib/font-awesome/css/solid.min.css?ver=5.15.3 HTTP/1.1" 200 286 "https://cleanticsurgical.com/product/shaving-razor-27/" "Mozilla/5.0 (compatible; Bytespider; spider-feedback@bytedance.com) AppleWebKit/537.36 (KHTML, like Gecko) Chrome/70.0.0.0 Safari/537.36"
47.128.20.102 - - [15/Nov/2024:10:49:10 -0500] "GET /wp-content/uploads/2023/09/logo-cleantic-surgical-white.png HTTP/1.1" 206 500 "https://cleanticsurgical.com/product/shaving-razor-27/" "Mozilla/5.0 (compatible; Bytespider; spider-feedback@bytedance.com) AppleWebKit/537.36 (KHTML, like Gecko) Chrome/70.0.0.0 Safari/537.36"
47.128.20.102 - - [15/Nov/2024:10:49:10 -0500] "GET /wp-content/plugins/woocommerce/assets/client/blocks/wc-blocks.css?ver=wc-9.4.1 HTTP/1.1" 200 2342 "https://cleanticsurgical.com/product/shaving-razor-27/" "Mozilla/5.0 (compatible; Bytespider; spider-feedback@bytedance.com) AppleWebKit/537.36 (KHTML, like Gecko) Chrome/70.0.0.0 Safari/537.36"
47.128.20.102 - - [15/Nov/2024:10:49:11 -0500] "GET /wp-content/plugins/elementor/assets/css/widget-icon-box.min.css?ver=3.25.6 HTTP/1.1" 200 652 "https://cleanticsurgical.com/product/shaving-razor-27/" "Mozilla/5.0 (compatible; Bytespider; spider-feedback@bytedance.com) AppleWebKit/537.36 (KHTML, like Gecko) Chrome/70.0.0.0 Safari/537.36"
47.128.20.102 - - [15/Nov/2024:10:49:11 -0500] "GET /wp-content/plugins/elementor/assets/css/widget-text-editor.min.css?ver=3.25.6 HTTP/1.1" 200 198 "https://cleanticsurgical.com/product/shaving-razor-27/" "Mozilla/5.0 (compatible; Bytespider; spider-feedback@bytedance.com) AppleWebKit/537.36 (KHTML, like Gecko) Chrome/70.0.0.0 Safari/537.36"
47.128.20.102 - - [15/Nov/2024:10:49:11 -0500] "GET /wp-content/plugins/elementor/assets/lib/animations/animations.min.css?ver=3.25.6 HTTP/1.1" 200 2442 "https://cleanticsurgical.com/product/shaving-razor-27/" "Mozilla/5.0 (compatible; Bytespider; spider-feedback@bytedance.com) AppleWebKit/537.36 (KHTML, like Gecko) Chrome/70.0.0.0 Safari/537.36"
47.128.20.102 - - [15/Nov/2024:10:49:11 -0500] "GET /wp-content/plugins/elementor/assets/css/widget-image.min.css?ver=3.25.6 HTTP/1.1" 200 254 "https://cleanticsurgical.com/product/shaving-razor-27/" "Mozilla/5.0 (compatible; Bytespider; spider-feedback@bytedance.com) AppleWebKit/537.36 (KHTML, like Gecko) Chrome/70.0.0.0 Safari/537.36"
47.128.20.102 - - [15/Nov/2024:10:49:11 -0500] "GET /wp-content/plugins/elementor/assets/css/widget-divider.min.css?ver=3.25.6 HTTP/1.1" 200 690 "https://cleanticsurgical.com/product/shaving-razor-27/" "Mozilla/5.0 (compatible; Bytespider; spider-feedback@bytedance.com) AppleWebKit/537.36 (KHTML, like Gecko) Chrome/70.0.0.0 Safari/537.36"
47.128.20.102 - - [15/Nov/2024:10:49:11 -0500] "GET /wp-content/uploads/2023/09/image1-90-1-1-600x600.jpg HTTP/1.1" 206 500 "https://cleanticsurgical.com/product/shaving-razor-27/" "Mozilla/5.0 (compatible; Bytespider; spider-feedback@bytedance.com) AppleWebKit/537.36 (KHTML, like Gecko) Chrome/70.0.0.0 Safari/537.36"
47.128.20.102 - - [15/Nov/2024:10:49:11 -0500] "GET /wp-content/plugins/yith-woocommerce-request-a-quote/assets/images/wpspin_light.gif HTTP/1.1" 206 500 "https://cleanticsurgical.com/product/shaving-razor-27/" "Mozilla/5.0 (compatible; Bytespider; spider-feedback@bytedance.com) AppleWebKit/537.36 (KHTML, like Gecko) Chrome/70.0.0.0 Safari/537.36"
47.128.20.102 - - [15/Nov/2024:10:49:11 -0500] "GET /wp-content/uploads/2023/09/image1-46-2.jpg HTTP/1.1" 206 500 "https://cleanticsurgical.com/product/shaving-razor-27/" "Mozilla/5.0 (compatible; Bytespider; spider-feedback@bytedance.com) AppleWebKit/537.36 (KHTML, like Gecko) Chrome/70.0.0.0 Safari/537.36"
47.128.20.102 - - [15/Nov/2024:10:49:11 -0500] "GET /wp-content/uploads/2023/09/image1-28-1-1.jpg HTTP/1.1" 206 500 "https://cleanticsurgical.com/product/shaving-razor-27/" "Mozilla/5.0 (compatible; Bytespider; spider-feedback@bytedance.com) AppleWebKit/537.36 (KHTML, like Gecko) Chrome/70.0.0.0 Safari/537.36"
47.128.20.102 - - [15/Nov/2024:10:49:11 -0500] "GET /wp-content/uploads/2023/09/image1-44-1.jpg HTTP/1.1" 206 500 "https://cleanticsurgical.com/product/shaving-razor-27/" "Mozilla/5.0 (compatible; Bytespider; spider-feedback@bytedance.com) AppleWebKit/537.36 (KHTML, like Gecko) Chrome/70.0.0.0 Safari/537.36"
47.128.20.102 - - [15/Nov/2024:10:49:11 -0500] "GET /wp-content/uploads/2023/09/image1-19-1-1.jpg HTTP/1.1" 206 500 "https://cleanticsurgical.com/product/shaving-razor-27/" "Mozilla/5.0 (compatible; Bytespider; spider-feedback@bytedance.com) AppleWebKit/537.36 (KHTML, like Gecko) Chrome/70.0.0.0 Safari/537.36"
47.128.20.102 - - [15/Nov/2024:10:49:11 -0500] "GET /wp-content/plugins/elementor/assets/css/conditionals/apple-webkit.min.css?ver=3.25.6 HTTP/1.1" 200 496 "https://cleanticsurgical.com/product/shaving-razor-27/" "Mozilla/5.0 (compatible; Bytespider; spider-feedback@bytedance.com) AppleWebKit/537.36 (KHTML, like Gecko) Chrome/70.0.0.0 Safari/537.36"
47.128.20.102 - - [15/Nov/2024:10:49:12 -0500] "GET /wp-content/plugins/elementor/assets/css/widget-heading.min.css?ver=3.25.6 HTTP/1.1" 200 154 "https://cleanticsurgical.com/product/shaving-razor-27/" "Mozilla/5.0 (compatible; Bytespider; spider-feedback@bytedance.com) AppleWebKit/537.36 (KHTML, like Gecko) Chrome/70.0.0.0 Safari/537.36"
47.128.20.102 - - [15/Nov/2024:10:49:12 -0500] "GET /wp-content/plugins/revslider/public/assets/css/rs6.css?ver=6.6.16 HTTP/1.1" 200 11961 "https://cleanticsurgical.com/product/shaving-razor-27/" "Mozilla/5.0 (compatible; Bytespider; spider-feedback@bytedance.com) AppleWebKit/537.36 (KHTML, like Gecko) Chrome/70.0.0.0 Safari/537.36"
162.213.251.208 - - [15/Nov/2024:10:53:35 -0500] "POST /wp-cron.php?doing_wp_cron=1731686014.2533628940582275390625 HTTP/1.1" 200 0 "-" "WordPress/6.7; https://cleanticsurgical.com"
54.36.149.101 - - [15/Nov/2024:10:53:14 -0500] "GET /author/cleanticsurgical/feed/ HTTP/1.1" 200 808 "-" "Mozilla/5.0 (compatible; AhrefsBot/7.0; +http://ahrefs.com/robot/)"
162.213.251.208 - - [15/Nov/2024:10:58:08 -0500] "POST /wp-cron.php?doing_wp_cron=1731686288.7251119613647460937500 HTTP/1.1" 200 0 "-" "WordPress/6.7; https://cleanticsurgical.com"
216.244.66.202 - - [15/Nov/2024:10:57:58 -0500] "GET /robots.txt HTTP/1.1" 200 270 "-" "Mozilla/5.0 (compatible; DotBot/1.2; +https://opensiteexplorer.org/dotbot; help@moz.com)"
54.36.149.63 - - [15/Nov/2024:11:00:50 -0500] "GET /category/uncategorized/feed/ HTTP/1.1" 200 812 "-" "Mozilla/5.0 (compatible; AhrefsBot/7.0; +http://ahrefs.com/robot/)"
162.213.251.208 - - [15/Nov/2024:11:01:09 -0500] "POST /wp-cron.php?doing_wp_cron=1731686466.6826949119567871093750 HTTP/1.1" 200 0 "-" "WordPress/6.7; https://cleanticsurgical.com"
162.213.251.208 - - [15/Nov/2024:11:08:19 -0500] "POST /wp-cron.php?doing_wp_cron=1731686898.4940280914306640625000 HTTP/1.1" 200 0 "-" "WordPress/6.7; https://cleanticsurgical.com"
54.36.148.100 - - [15/Nov/2024:11:08:05 -0500] "GET /product-tag/adson/ HTTP/1.1" 200 22948 "-" "Mozilla/5.0 (compatible; AhrefsBot/7.0; +http://ahrefs.com/robot/)"
162.213.251.208 - - [15/Nov/2024:11:15:17 -0500] "POST /wp-cron.php?doing_wp_cron=1731687316.0160109996795654296875 HTTP/1.1" 200 0 "-" "WordPress/6.7; https://cleanticsurgical.com"
54.36.149.10 - - [15/Nov/2024:11:14:58 -0500] "GET /product-category/beauty-instruments/cuticle-nipper-set/?layout=grid HTTP/1.1" 200 21785 "-" "Mozilla/5.0 (compatible; AhrefsBot/7.0; +http://ahrefs.com/robot/)"
162.213.251.208 - - [15/Nov/2024:11:22:35 -0500] "POST /wp-cron.php?doing_wp_cron=1731687755.9316298961639404296875 HTTP/1.1" 200 0 "-" "WordPress/6.7; https://cleanticsurgical.com"
54.36.148.168 - - [15/Nov/2024:11:22:22 -0500] "GET /product-category/beauty-care-instruments/arrow-point-nail-cutters/feed/ HTTP/1.1" 200 1091 "-" "Mozilla/5.0 (compatible; AhrefsBot/7.0; +http://ahrefs.com/robot/)"
162.213.251.208 - - [15/Nov/2024:11:28:25 -0500] "POST /wp-cron.php?doing_wp_cron=1731688105.5561070442199707031250 HTTP/1.1" 200 0 "-" "WordPress/6.7; https://cleanticsurgical.com"
54.36.148.168 - - [15/Nov/2024:11:28:16 -0500] "GET /product-category/beauty-instruments/eyebrow-set/feed/ HTTP/1.1" 200 795 "-" "Mozilla/5.0 (compatible; AhrefsBot/7.0; +http://ahrefs.com/robot/)"
162.213.251.208 - - [15/Nov/2024:11:34:13 -0500] "POST /wp-cron.php?doing_wp_cron=1731688453.5207819938659667968750 HTTP/1.1" 200 0 "-" "WordPress/6.7; https://cleanticsurgical.com"
216.244.66.202 - - [15/Nov/2024:11:34:00 -0500] "GET /product-category/beauty-care-instruments/embroidery-scissors/?layout=grid HTTP/1.1" 200 163304 "-" "Mozilla/5.0 (compatible; DotBot/1.2; +https://opensiteexplorer.org/dotbot; help@moz.com)"
162.213.251.208 - - [15/Nov/2024:11:34:55 -0500] "POST /wp-cron.php?doing_wp_cron=1731688494.3914730548858642578125 HTTP/1.1" 200 0 "-" "WordPress/6.7; https://cleanticsurgical.com"
51.222.253.8 - - [15/Nov/2024:11:34:53 -0500] "GET /robots.txt HTTP/1.1" 200 145 "-" "Mozilla/5.0 (compatible; AhrefsBot/7.0; +http://ahrefs.com/robot/)"
54.36.149.71 - - [15/Nov/2024:11:34:57 -0500] "GET /product/eyelash-mirror/?add-to-cart=335 HTTP/1.1" 200 23532 "-" "Mozilla/5.0 (compatible; AhrefsBot/7.0; +http://ahrefs.com/robot/)"
162.213.251.208 - - [15/Nov/2024:11:40:39 -0500] "POST /wp-cron.php?doing_wp_cron=1731688839.1041450500488281250000 HTTP/1.1" 200 0 "-" "WordPress/6.7; https://cleanticsurgical.com"
54.36.149.19 - - [15/Nov/2024:11:40:18 -0500] "GET /shop/page/11/?add-to-cart=578&layout=grid HTTP/1.1" 200 23486 "-" "Mozilla/5.0 (compatible; AhrefsBot/7.0; +http://ahrefs.com/robot/)"
162.213.251.208 - - [15/Nov/2024:11:41:47 -0500] "POST /wp-cron.php?doing_wp_cron=1731688907.1338839530944824218750 HTTP/1.1" 200 0 "-" "WordPress/6.7; https://cleanticsurgical.com"
178.128.235.205 - - [15/Nov/2024:11:41:46 -0500] "GET /product/nail-pusher-set-7/ HTTP/1.1" 200 27902 "-" "Mozilla/5.0 (Windows NT 10.0; Win64; x64) AppleWebKit/537.36 (KHTML, like Gecko) Chrome/124.0.0.0 Safari/537.36"
162.213.251.208 - - [15/Nov/2024:11:48:44 -0500] "POST /wp-cron.php?doing_wp_cron=1731689324.6121199131011962890625 HTTP/1.1" 200 0 "-" "WordPress/6.7; https://cleanticsurgical.com"
54.36.148.79 - - [15/Nov/2024:11:48:35 -0500] "GET /shop/page/8/?add-to-cart=278&layout=grid HTTP/1.1" 200 23815 "-" "Mozilla/5.0 (compatible; AhrefsBot/7.0; +http://ahrefs.com/robot/)"
162.213.251.208 - - [15/Nov/2024:11:50:23 -0500] "POST /wp-cron.php?doing_wp_cron=1731689423.3849539756774902343750 HTTP/1.1" 200 0 "-" "WordPress/6.7; https://cleanticsurgical.com"
216.244.66.202 - - [15/Nov/2024:11:50:16 -0500] "GET /robots.txt HTTP/1.1" 200 270 "-" "Mozilla/5.0 (compatible; DotBot/1.2; +https://opensiteexplorer.org/dotbot; help@moz.com)"
162.213.251.208 - - [15/Nov/2024:11:56:30 -0500] "POST /wp-cron.php?doing_wp_cron=1731689790.0263490676879882812500 HTTP/1.1" 200 0 "-" "WordPress/6.7; https://cleanticsurgical.com"
54.36.148.77 - - [15/Nov/2024:11:56:15 -0500] "GET /shop/page/16/ HTTP/1.1" 200 23690 "-" "Mozilla/5.0 (compatible; AhrefsBot/7.0; +http://ahrefs.com/robot/)"
103.190.242.160 - - [15/Nov/2024:12:02:54 -0500] "POST /wp-login.php HTTP/1.1" 200 0 "-" "Mozilla/5.0 (Windows NT 10.0; WOW64) AppleWebKit/537.36 (KHTML, like Gecko) Chrome/79.0.3945.130 Safari/537.36"
162.213.251.208 - - [15/Nov/2024:12:03:26 -0500] "POST /wp-cron.php?doing_wp_cron=1731690199.7292370796203613281250 HTTP/1.1" 200 0 "-" "WordPress/6.7; https://cleanticsurgical.com"
162.213.251.208 - - [15/Nov/2024:12:05:47 -0500] "POST /wp-cron.php?doing_wp_cron=1731690347.5877339839935302734375 HTTP/1.1" 200 0 "-" "WordPress/6.7; https://cleanticsurgical.com"
54.36.148.206 - - [15/Nov/2024:12:05:26 -0500] "GET /shop/page/11/?add-to-cart=578&layout=list HTTP/1.1" 200 0 "-" "Mozilla/5.0 (compatible; AhrefsBot/7.0; +http://ahrefs.com/robot/)"
216.244.66.202 - - [15/Nov/2024:12:08:37 -0500] "GET /product-category/beauty-care-instruments/page/7/?layout=grid HTTP/1.1" 200 0 "-" "Mozilla/5.0 (compatible; DotBot/1.2; +https://opensiteexplorer.org/dotbot; help@moz.com)"
162.213.251.208 - - [15/Nov/2024:12:09:06 -0500] "POST /wp-cron.php?doing_wp_cron=1731690546.8411800861358642578125 HTTP/1.1" 200 0 "-" "WordPress/6.7; https://cleanticsurgical.com"
162.213.251.208 - - [15/Nov/2024:12:13:29 -0500] "POST /wp-cron.php?doing_wp_cron=1731690808.8509569168090820312500 HTTP/1.1" 200 0 "-" "WordPress/6.7; https://cleanticsurgical.com"
54.36.149.49 - - [15/Nov/2024:12:13:11 -0500] "GET /shop/page/8/?add-to-cart=278&layout=list HTTP/1.1" 200 23605 "-" "Mozilla/5.0 (compatible; AhrefsBot/7.0; +http://ahrefs.com/robot/)"
54.36.148.15 - - [15/Nov/2024:12:26:23 -0500] "GET /shop/page/8/?add-to-cart=335&layout=grid HTTP/1.1" 200 23816 "-" "Mozilla/5.0 (compatible; AhrefsBot/7.0; +http://ahrefs.com/robot/)"
54.36.148.142 - - [15/Nov/2024:12:26:58 -0500] "GET /wp-content/uploads/2023/09/05-9-4.jpg HTTP/1.1" 200 335390 "-" "Mozilla/5.0 (compatible; AhrefsBot/7.0; +http://ahrefs.com/robot/)"
54.36.148.169 - - [15/Nov/2024:12:27:02 -0500] "GET /wp-content/uploads/2023/09/09-9-4.jpg HTTP/1.1" 200 313246 "-" "Mozilla/5.0 (compatible; AhrefsBot/7.0; +http://ahrefs.com/robot/)"
54.36.148.118 - - [15/Nov/2024:12:27:09 -0500] "GET /wp-content/uploads/2023/09/WhatsApp-Image-2023-03-28-at-13.58.52-2.jpeg HTTP/1.1" 200 73449 "-" "Mozilla/5.0 (compatible; AhrefsBot/7.0; +http://ahrefs.com/robot/)"
54.36.149.94 - - [15/Nov/2024:12:27:12 -0500] "GET /wp-content/uploads/2023/09/WhatsApp-Image-2023-03-28-at-13.58.52.jpeg HTTP/1.1" 200 20655 "-" "Mozilla/5.0 (compatible; AhrefsBot/7.0; +http://ahrefs.com/robot/)"
54.36.148.43 - - [15/Nov/2024:12:27:13 -0500] "GET /wp-content/uploads/2023/09/11-3-4.jpg HTTP/1.1" 200 221089 "-" "Mozilla/5.0 (compatible; AhrefsBot/7.0; +http://ahrefs.com/robot/)"
54.36.149.6 - - [15/Nov/2024:12:27:45 -0500] "GET /wp-content/uploads/2023/09/07-9-4.jpg HTTP/1.1" 200 304696 "-" "Mozilla/5.0 (compatible; AhrefsBot/7.0; +http://ahrefs.com/robot/)"
162.213.251.208 - - [15/Nov/2024:12:42:47 -0500] "POST /wp-cron.php?doing_wp_cron=1731692566.8323640823364257812500 HTTP/1.1" 200 0 "-" "WordPress/6.7; https://cleanticsurgical.com"
216.244.66.202 - - [15/Nov/2024:12:42:29 -0500] "GET /robots.txt HTTP/1.1" 200 270 "-" "Mozilla/5.0 (compatible; DotBot/1.2; +https://opensiteexplorer.org/dotbot; help@moz.com)"
162.213.251.208 - - [15/Nov/2024:12:54:08 -0500] "POST /wp-cron.php?doing_wp_cron=1731693248.8186509609222412109375 HTTP/1.1" 200 0 "-" "WordPress/6.7; https://cleanticsurgical.com"
54.36.148.86 - - [15/Nov/2024:12:53:59 -0500] "GET /shop/page/8/?add-to-cart=335&layout=list HTTP/1.1" 200 23608 "-" "Mozilla/5.0 (compatible; AhrefsBot/7.0; +http://ahrefs.com/robot/)"
162.213.251.208 - - [15/Nov/2024:13:05:24 -0500] "POST /wp-cron.php?doing_wp_cron=1731693924.0081059932708740234375 HTTP/1.1" 200 0 "-" "WordPress/6.7; https://cleanticsurgical.com"
66.249.79.235 - - [15/Nov/2024:13:05:17 -0500] "GET /robots.txt HTTP/1.1" 200 145 "-" "Mozilla/5.0 (compatible; Googlebot/2.1; +http://www.google.com/bot.html)"
162.213.251.208 - - [15/Nov/2024:13:05:59 -0500] "POST /wp-cron.php?doing_wp_cron=1731693958.7359139919281005859375 HTTP/1.1" 200 0 "-" "WordPress/6.7; https://cleanticsurgical.com"
216.244.66.202 - - [15/Nov/2024:13:05:57 -0500] "GET /shop/page/12/?layout=grid HTTP/1.1" 200 163293 "-" "Mozilla/5.0 (compatible; DotBot/1.2; +https://opensiteexplorer.org/dotbot; help@moz.com)"
162.213.251.208 - - [15/Nov/2024:13:10:16 -0500] "POST /wp-cron.php?doing_wp_cron=1731694216.3215270042419433593750 HTTP/1.1" 200 0 "-" "WordPress/6.7; https://cleanticsurgical.com"
173.244.55.129 - - [15/Nov/2024:13:10:12 -0500] "GET /contact-us/ HTTP/1.1" 200 21270 "-" "Mozilla/5.0 (Windows NT 10.0; Win64; x64) AppleWebKit/537.36 (KHTML, like Gecko) Chrome/114.0.0.0 YaBrowser/22.7.0 Yowser/2.5 Safari/537.36"
173.244.55.131 - - [15/Nov/2024:13:10:20 -0500] "GET /contact-us/{{{data.url}}} HTTP/1.1" 301 0 "https://cleanticsurgical.com/contact-us/" "Mozilla/5.0 (Windows NT 10.0; Win64; x64) AppleWebKit/537.36 (KHTML, like Gecko) Chrome/114.0.0.0 YaBrowser/22.7.0 Yowser/2.5 Safari/537.36"
173.244.55.130 - - [15/Nov/2024:13:10:23 -0500] "GET /contact-us/data.url HTTP/1.1" 404 20928 "https://cleanticsurgical.com/contact-us/{{{data.url}}}" "Mozilla/5.0 (Windows NT 10.0; Win64; x64) AppleWebKit/537.36 (KHTML, like Gecko) Chrome/114.0.0.0 YaBrowser/22.7.0 Yowser/2.5 Safari/537.36"
173.244.55.129 - - [15/Nov/2024:13:10:26 -0500] "GET / HTTP/1.1" 200 27490 "-" "Mozilla/5.0 (Windows NT 10.0; Win64; x64) AppleWebKit/537.36 (KHTML, like Gecko) Chrome/114.0.0.0 YaBrowser/22.7.0 Yowser/2.5 Safari/537.36"
173.244.55.130 - - [15/Nov/2024:13:10:32 -0500] "GET /contact-us/ HTTP/1.1" 200 21197 "https://cleanticsurgical.com/contact-us/" "Mozilla/5.0 (Windows NT 10.0; Win64; x64) AppleWebKit/537.36 (KHTML, like Gecko) Chrome/114.0.0.0 YaBrowser/22.7.0 Yowser/2.5 Safari/537.36"
162.213.251.208 - - [15/Nov/2024:13:19:30 -0500] "POST /wp-cron.php?doing_wp_cron=1731694770.2015450000762939453125 HTTP/1.1" 200 0 "-" "WordPress/6.7; https://cleanticsurgical.com"
54.36.148.110 - - [15/Nov/2024:13:19:24 -0500] "GET /product-category/beauty-instruments/eyelash-tweezers/page/2/?layout=grid HTTP/1.1" 200 22002 "-" "Mozilla/5.0 (compatible; AhrefsBot/7.0; +http://ahrefs.com/robot/)"
162.213.251.208 - - [15/Nov/2024:13:34:27 -0500] "POST /wp-cron.php?doing_wp_cron=1731695667.1530480384826660156250 HTTP/1.1" 200 0 "-" "WordPress/6.7; https://cleanticsurgical.com"
216.244.66.202 - - [15/Nov/2024:13:34:17 -0500] "GET /robots.txt HTTP/1.1" 200 270 "-" "Mozilla/5.0 (compatible; DotBot/1.2; +https://opensiteexplorer.org/dotbot; help@moz.com)"
162.213.251.208 - - [15/Nov/2024:13:48:41 -0500] "POST /wp-cron.php?doing_wp_cron=1731696521.9668810367584228515625 HTTP/1.1" 200 0 "-" "WordPress/6.7; https://cleanticsurgical.com"
54.36.149.40 - - [15/Nov/2024:13:48:37 -0500] "GET /product-category/beauty-instruments/eyelash-set/feed/ HTTP/1.1" 200 785 "-" "Mozilla/5.0 (compatible; AhrefsBot/7.0; +http://ahrefs.com/robot/)"
162.213.251.208 - - [15/Nov/2024:14:06:30 -0500] "POST /wp-cron.php?doing_wp_cron=1731697590.3679590225219726562500 HTTP/1.1" 200 0 "-" "WordPress/6.7; https://cleanticsurgical.com"
216.244.66.202 - - [15/Nov/2024:14:06:14 -0500] "GET /product-category/beauty-instruments/page/7/?layout=list HTTP/1.1" 200 0 "-" "Mozilla/5.0 (compatible; DotBot/1.2; +https://opensiteexplorer.org/dotbot; help@moz.com)"
162.213.251.208 - - [15/Nov/2024:14:15:24 -0500] "POST /wp-cron.php?doing_wp_cron=1731698124.0694730281829833984375 HTTP/1.1" 200 0 "-" "WordPress/6.7; https://cleanticsurgical.com"
54.36.148.169 - - [15/Nov/2024:14:15:02 -0500] "GET /product-category/beauty-instruments/nail-clipper-set/feed/ HTTP/1.1" 200 801 "-" "Mozilla/5.0 (compatible; AhrefsBot/7.0; +http://ahrefs.com/robot/)"
162.213.251.208 - - [15/Nov/2024:14:42:01 -0500] "POST /wp-cron.php?doing_wp_cron=1731699720.2811648845672607421875 HTTP/1.1" 200 0 "-" "WordPress/6.7; https://cleanticsurgical.com"
54.36.148.96 - - [15/Nov/2024:14:41:43 -0500] "GET /product-category/beauty-instruments/nail-clipper-set/?layout=list HTTP/1.1" 200 22306 "-" "Mozilla/5.0 (compatible; AhrefsBot/7.0; +http://ahrefs.com/robot/)"
162.213.251.208 - - [15/Nov/2024:15:07:16 -0500] "POST /wp-cron.php?doing_wp_cron=1731701236.5886189937591552734375 HTTP/1.1" 200 0 "-" "WordPress/6.7; https://cleanticsurgical.com"
54.36.148.69 - - [15/Nov/2024:15:07:01 -0500] "GET /product-category/surgical-instrument/?layout=list HTTP/1.1" 200 21817 "-" "Mozilla/5.0 (compatible; AhrefsBot/7.0; +http://ahrefs.com/robot/)"
162.213.251.208 - - [15/Nov/2024:15:23:03 -0500] "POST /wp-cron.php?doing_wp_cron=1731702182.2132918834686279296875 HTTP/1.1" 200 0 "-" "WordPress/6.7; https://cleanticsurgical.com"
156.239.199.92 - - [15/Nov/2024:15:22:43 -0500] "POST /xmlrpc.php HTTP/1.1" 200 403 "-" "Mozilla/5.0 (Linux; Android 10; SM-A102U) AppleWebKit/537.36 (KHTML, like Gecko) Chrome/91.0.4472.114 Mobile Safari/537.36"
156.239.199.92 - - [15/Nov/2024:15:23:08 -0500] "POST /xmlrpc.php HTTP/1.1" 200 403 "-" "Mozilla/5.0 (Windows NT 6.1; WOW64; rv:45.0) Gecko/20100101 Firefox/45.0"
162.213.251.208 - - [15/Nov/2024:15:35:53 -0500] "POST /wp-cron.php?doing_wp_cron=1731702953.6971158981323242187500 HTTP/1.1" 200 0 "-" "WordPress/6.7; https://cleanticsurgical.com"
54.36.149.47 - - [15/Nov/2024:15:35:38 -0500] "GET /product-category/beauty-instruments/nail-clipper-set/?layout=grid HTTP/1.1" 200 22681 "-" "Mozilla/5.0 (compatible; AhrefsBot/7.0; +http://ahrefs.com/robot/)"
178.156.144.194 - - [15/Nov/2024:15:42:11 -0500] "GET /product-category/beauty-care-instruments/callus-removers/?layout=list HTTP/1.1" 200 0 "-" "Mozilla/5.0 (Macintosh; Intel Mac OS X 10_15_7) AppleWebKit/537.36 (KHTML, like Gecko) Chrome/124.0.0.0 Safari/537.36"
