403Webshell
Server IP : 162.213.251.208  /  Your IP : 18.188.227.37
Web Server : LiteSpeed
System : Linux business55.web-hosting.com 4.18.0-553.lve.el8.x86_64 #1 SMP Mon May 27 15:27:34 UTC 2024 x86_64
User : jmoroovq ( 1890)
PHP Version : 7.4.33
Disable Function : NONE
MySQL : OFF  |  cURL : ON  |  WGET : ON  |  Perl : ON  |  Python : ON  |  Sudo : OFF  |  Pkexec : OFF
Directory :  /home/jmoroovq/access-logs/

Upload File :
current_dir [ Writeable ] document_root [ Writeable ]

 

Command :


[ Back ]     

Current File : /home/jmoroovq//access-logs/jmorgstudios.com-ssl_log
89.22.233.113 - - [15/Nov/2024:08:12:40 -0500] "GET / HTTP/1.1" 200 0 "-" "Mozilla/5.0 (Windows NT 10.0; Win64; x64) AppleWebKit/537.36 (KHTML, like Gecko) Chrome/129.0.0.0 Safari/537.36"
162.213.251.208 - - [15/Nov/2024:08:12:47 -0500] "POST /wp-cron.php?doing_wp_cron=1731676367.0200369358062744140625 HTTP/1.1" 200 0 "-" "WordPress/6.7; https://jmorgstudios.com"
68.66.216.13 - - [15/Nov/2024:08:26:10 -0500] "GET /.well-known/acme-challenge/YTBRK8-E47LH-5EO-N6XKJCDQW8XGBSY HTTP/1.1" 404 1251 "-" "Cpanel-HTTP-Client/1.0"
68.66.216.13 - - [15/Nov/2024:08:26:10 -0500] "GET /.well-known/acme-challenge/0FW0VEV02QQI0_391FH377EJX1FHX92J HTTP/1.1" 404 1251 "-" "Cpanel-HTTP-Client/1.0"
68.66.216.13 - - [15/Nov/2024:08:26:11 -0500] "GET /.well-known/acme-challenge/YC6HTP816_I4E8CX72DVI9XY4EPJEQ_V HTTP/1.1" 404 1251 "-" "Cpanel-HTTP-Client/1.0"
68.66.216.13 - - [15/Nov/2024:08:26:12 -0500] "GET /.well-known/acme-challenge/IE1C7-SOHA9VA2-5NMM2OWHH9P54V5LH HTTP/1.1" 404 1251 "-" "Cpanel-HTTP-Client/1.0"
68.66.216.13 - - [15/Nov/2024:08:26:13 -0500] "GET /.well-known/acme-challenge/FXJIHGGW5B0N_84P6HAMAWJ6U2DWWOUK HTTP/1.1" 404 1251 "-" "Cpanel-HTTP-Client/1.0"
68.66.216.13 - - [15/Nov/2024:08:26:13 -0500] "GET /.well-known/acme-challenge/3WJU020ONSZA-7M1V6KEOFP9D-83KYCJ HTTP/1.1" 404 1251 "-" "Cpanel-HTTP-Client/1.0"
49.7.227.204 - - [15/Nov/2024:09:41:12 -0500] "GET /wp-content/plugins/elementor/assets/css/conditionals/e-swiper.min.css?ver=3.25.6 HTTP/1.1" 200 1213 "-" "Mozilla/5.0 (iPhone; CPU iPhone OS 13_2_3 like Mac OS X) AppleWebKit/605.1.15 (KHTML, like Gecko) Version/13.0.3 Mobile/15E148 Safari/604.1"
182.44.2.148 - - [15/Nov/2024:09:41:17 -0500] "GET /wp-content/themes/twentytwentyone/assets/css/custom-color-overrides.css?ver=2.4 HTTP/1.1" 200 130 "-" "Mozilla/5.0 (iPhone; CPU iPhone OS 13_2_3 like Mac OS X) AppleWebKit/605.1.15 (KHTML, like Gecko) Version/13.0.3 Mobile/15E148 Safari/604.1"
180.110.203.108 - - [15/Nov/2024:09:41:40 -0500] "GET /wp-content/plugins/elementskit-lite/modules/elementskit-icon-pack/assets/css/ekiticons.css?ver=3.3.1 HTTP/1.1" 200 15930 "-" "Mozilla/5.0 (iPhone; CPU iPhone OS 13_2_3 like Mac OS X) AppleWebKit/605.1.15 (KHTML, like Gecko) Version/13.0.3 Mobile/15E148 Safari/604.1"
180.110.203.108 - - [15/Nov/2024:09:42:15 -0500] "GET /wp-content/plugins/elementor/assets/lib/eicons/css/elementor-icons.min.css?ver=5.32.0 HTTP/1.1" 200 4492 "-" "Mozilla/5.0 (iPhone; CPU iPhone OS 13_2_3 like Mac OS X) AppleWebKit/605.1.15 (KHTML, like Gecko) Version/13.0.3 Mobile/15E148 Safari/604.1"
106.227.49.113 - - [15/Nov/2024:09:44:36 -0500] "GET /wp-content/plugins/elementor/assets/lib/swiper/v8/css/swiper.min.css?ver=8.4.5 HTTP/1.1" 200 5176 "-" "Mozilla/5.0 (iPhone; CPU iPhone OS 13_2_3 like Mac OS X) AppleWebKit/605.1.15 (KHTML, like Gecko) Version/13.0.3 Mobile/15E148 Safari/604.1"
162.213.251.208 - - [15/Nov/2024:10:28:08 -0500] "POST /wp-cron.php?doing_wp_cron=1731684488.6109910011291503906250 HTTP/1.1" 200 0 "-" "WordPress/6.7; https://jmorgstudios.com"
205.185.126.220 - - [15/Nov/2024:10:28:05 -0500] "GET /wp-login.php HTTP/1.1" 200 5741 "-" "Mozilla/5.0 (Windows NT 6.1; rv:24.0) Gecko/20100101 Firefox/24.0"
205.185.126.220 - - [15/Nov/2024:10:28:08 -0500] "POST /wp-login.php HTTP/1.1" 200 5997 "-" "Mozilla/5.0 (Windows NT 6.1; rv:24.0) Gecko/20100101 Firefox/24.0"
124.236.100.56 - - [15/Nov/2024:10:38:20 -0500] "GET / HTTP/1.1" 200 0 "-" "Mozilla/5.0 (Macintosh; Intel Mac OS X 10_12_4) AppleWebKit/537.36 (KHTML, like Gecko) Chrome/61.0.3163.100 Safari/537.36"
124.236.100.56 - - [15/Nov/2024:10:38:23 -0500] "GET / HTTP/1.1" 200 0 "-" "Mozilla/5.0 (Macintosh; Intel Mac OS X 10.12; rv:55.0) Gecko/20100101 Firefox/55.0"
202.43.5.79 - - [15/Nov/2024:10:44:38 -0500] "GET / HTTP/1.1" 200 24222 "https://cumverbis.ch" "Mozilla/5.0 (Windows NT 10.0; Win64; x64) AppleWebKit/537.36 (KHTML, like Gecko) Chrome/100.0.4896.127 Safari/537.36"
23.146.184.102 - - [15/Nov/2024:10:51:48 -0500] "GET / HTTP/1.1" 200 126454 "-" "Mozilla/5.0 (Linux; Android 8.1.0; Moto G (4)) AppleWebKit/537.36 (KHTML, like Gecko) Chrome/122.0.0.0 Mobile Safari/537.36 PTST/240201.144844"
23.146.184.102 - - [15/Nov/2024:10:52:01 -0500] "POST / HTTP/1.1" 200 126454 "-" "Mozilla/5.0 (Linux; Android 8.1.0; Moto G (4)) AppleWebKit/537.36 (KHTML, like Gecko) Chrome/122.0.0.0 Mobile Safari/537.36 PTST/240201.144844"
23.146.184.102 - - [15/Nov/2024:10:52:05 -0500] "POST /about-us/ HTTP/1.1" 200 83131 "-" "Mozilla/5.0 (Linux; Android 8.1.0; Moto G (4)) AppleWebKit/537.36 (KHTML, like Gecko) Chrome/122.0.0.0 Mobile Safari/537.36 PTST/240201.144844"
23.146.184.102 - - [15/Nov/2024:10:52:08 -0500] "POST / HTTP/1.1" 200 126454 "-" "Mozilla/5.0 (Linux; Android 8.1.0; Moto G (4)) AppleWebKit/537.36 (KHTML, like Gecko) Chrome/122.0.0.0 Mobile Safari/537.36 PTST/240201.144844"
23.146.184.102 - - [15/Nov/2024:10:52:12 -0500] "POST /contact/ HTTP/1.1" 200 69839 "-" "Mozilla/5.0 (Linux; Android 8.1.0; Moto G (4)) AppleWebKit/537.36 (KHTML, like Gecko) Chrome/122.0.0.0 Mobile Safari/537.36 PTST/240201.144844"
23.146.184.102 - - [15/Nov/2024:10:52:15 -0500] "POST / HTTP/1.1" 200 126454 "-" "Mozilla/5.0 (Linux; Android 8.1.0; Moto G (4)) AppleWebKit/537.36 (KHTML, like Gecko) Chrome/122.0.0.0 Mobile Safari/537.36 PTST/240201.144844"
162.213.251.208 - - [15/Nov/2024:11:21:48 -0500] "POST /wp-cron.php?doing_wp_cron=1731687707.8534140586853027343750 HTTP/1.1" 200 0 "-" "WordPress/6.7; https://jmorgstudios.com"
45.61.185.119 - - [15/Nov/2024:11:21:38 -0500] "GET /wp-login.php HTTP/1.1" 200 5741 "-" "Mozilla/5.0 (Macintosh; Intel Mac OS X 10_9_2) AppleWebKit/537.36 (KHTML, like Gecko) Chrome/36.0.1985.125 Safari/537.36"
45.61.185.119 - - [15/Nov/2024:11:21:48 -0500] "POST /wp-login.php HTTP/1.1" 200 5997 "-" "Mozilla/5.0 (Macintosh; Intel Mac OS X 10_9_2) AppleWebKit/537.36 (KHTML, like Gecko) Chrome/36.0.1985.125 Safari/537.36"
138.246.253.24 - - [15/Nov/2024:11:31:06 -0500] "GET /robots.txt HTTP/1.1" 200 117 "-" "Mozilla/5.0 (Windows NT 10.0; Win64; x64) AppleWebKit/537.36 (KHTML, like Gecko) Chrome/103.0.5060.134 Safari/537.36"
199.195.252.235 - - [15/Nov/2024:12:05:41 -0500] "GET /wp-login.php HTTP/1.1" 200 0 "-" "Mozilla/5.0 (X11; Linux x86_64; rv:31.0) Gecko/20100101 Firefox/31.0"
162.213.251.208 - - [15/Nov/2024:12:06:04 -0500] "POST /wp-cron.php?doing_wp_cron=1731690363.3998780250549316406250 HTTP/1.1" 200 0 "-" "WordPress/6.7; https://jmorgstudios.com"
67.164.39.212 - - [15/Nov/2024:12:21:22 -0500] "GET /wp-json/wp/v2/users HTTP/1.1" 200 665 "-" "Mozilla/5.0 (Linux; Android 10; K) AppleWebKit/537.36 (KHTML, like Gecko) Chrome/122.0.0.0 Mobile Safari/537.36"
67.164.39.212 - - [15/Nov/2024:12:21:39 -0500] "GET /?author=1 HTTP/1.1" 301 0 "-" "Mozilla/5.0 (Linux; Android 10; K) AppleWebKit/537.36 (KHTML, like Gecko) Chrome/122.0.0.0 Mobile Safari/537.36"
67.164.39.212 - - [15/Nov/2024:12:21:47 -0500] "GET /?author=2 HTTP/1.1" 404 14541 "-" "Mozilla/5.0 (Linux; Android 10; K) AppleWebKit/537.36 (KHTML, like Gecko) Chrome/122.0.0.0 Mobile Safari/537.36"
67.164.39.212 - - [15/Nov/2024:12:21:58 -0500] "GET /?author=3 HTTP/1.1" 404 14541 "-" "Mozilla/5.0 (Linux; Android 10; K) AppleWebKit/537.36 (KHTML, like Gecko) Chrome/122.0.0.0 Mobile Safari/537.36"
67.164.39.212 - - [15/Nov/2024:12:22:08 -0500] "POST /wp-login.php HTTP/1.1" 200 2177 "-" "Mozilla/5.0 (Linux; Android 10; K) AppleWebKit/537.36 (KHTML, like Gecko) Chrome/122.0.0.0 Mobile Safari/537.36"
67.164.39.212 - - [15/Nov/2024:12:22:17 -0500] "POST /wp-login.php HTTP/1.1" 200 2177 "-" "Mozilla/5.0 (Linux; Android 10; K) AppleWebKit/537.36 (KHTML, like Gecko) Chrome/122.0.0.0 Mobile Safari/537.36"
67.164.39.212 - - [15/Nov/2024:12:22:25 -0500] "POST /wp-login.php HTTP/1.1" 200 2177 "-" "Mozilla/5.0 (Linux; Android 10; K) AppleWebKit/537.36 (KHTML, like Gecko) Chrome/122.0.0.0 Mobile Safari/537.36"
68.66.216.13 - - [15/Nov/2024:12:27:20 -0500] "GET /.well-known/acme-challenge/RDDI98AHAW-C3XTXN9UM46E19C53XQU8 HTTP/1.1" 404 1251 "-" "Cpanel-HTTP-Client/1.0"
68.66.216.13 - - [15/Nov/2024:12:27:25 -0500] "GET /.well-known/acme-challenge/734-VKHS5F_346P-J0I9CQE09IF7NYQK HTTP/1.1" 404 1251 "-" "Cpanel-HTTP-Client/1.0"
68.66.216.13 - - [15/Nov/2024:12:27:33 -0500] "GET /.well-known/acme-challenge/JR9R-80P4CRTJ4Y-UOVOJI-L3ZSD5L73 HTTP/1.1" 404 1251 "-" "Cpanel-HTTP-Client/1.0"
68.66.216.13 - - [15/Nov/2024:12:27:37 -0500] "GET /.well-known/acme-challenge/JAR0EW2UWMZBLJTQEPJ-P9SSYFGWW5P7 HTTP/1.1" 404 1251 "-" "Cpanel-HTTP-Client/1.0"
68.66.216.13 - - [15/Nov/2024:12:27:38 -0500] "GET /.well-known/acme-challenge/BAXHN1MF4X1A5RHQRDF0MTO3H4S57QVG HTTP/1.1" 404 1251 "-" "Cpanel-HTTP-Client/1.0"
68.66.216.13 - - [15/Nov/2024:12:27:39 -0500] "GET /.well-known/acme-challenge/58KQCFMCW__54F8R4RQP1ABTQEJC6TXX HTTP/1.1" 404 1251 "-" "Cpanel-HTTP-Client/1.0"
52.167.144.215 - - [15/Nov/2024:13:17:40 -0500] "GET /wp-sitemap.xml HTTP/1.1" 200 458937 "-" "Mozilla/5.0 AppleWebKit/537.36 (KHTML, like Gecko; compatible; bingbot/2.0; +http://www.bing.com/bingbot.htm) Chrome/116.0.1938.76 Safari/537.36"
162.213.251.208 - - [15/Nov/2024:13:49:36 -0500] "POST /wp-cron.php?doing_wp_cron=1731696576.6330590248107910156250 HTTP/1.1" 200 0 "-" "WordPress/6.7; https://jmorgstudios.com"
198.235.24.144 - - [15/Nov/2024:13:49:33 -0500] "GET / HTTP/1.1" 200 126454 "http://162.213.251.208:80/" "-"
198.98.51.29 - - [15/Nov/2024:14:02:47 -0500] "GET /wp-login.php HTTP/1.1" 200 0 "-" "Mozilla/5.0 (X11; Linux i686) AppleWebKit/537.36 (KHTML, like Gecko) Chrome/36.0.1985.125 Safari/537.36"
162.213.251.208 - - [15/Nov/2024:14:03:00 -0500] "POST /wp-cron.php?doing_wp_cron=1731697379.4834880828857421875000 HTTP/1.1" 200 0 "-" "WordPress/6.7; https://jmorgstudios.com"
185.196.10.142 - - [15/Nov/2024:14:23:28 -0500] "GET /wp-content/uploads/wpr-addons/forms/db.php HTTP/1.1" 200 0 "-" "Mozilla/5.0 (Windows NT 10.0; Win64; x64) AppleWebKit/537.36 (KHTML, like Gecko) Chrome/123.0.0.0 Safari/537.36"
162.213.251.208 - - [15/Nov/2024:15:14:43 -0500] "POST /wp-cron.php?doing_wp_cron=1731701683.1599040031433105468750 HTTP/1.1" 200 0 "-" "WordPress/6.7; https://jmorgstudios.com"
170.106.180.139 - - [15/Nov/2024:15:14:32 -0500] "GET / HTTP/1.1" 301 0 "http://www.jmorgstudios.com" "Mozilla/5.0 (iPhone; CPU iPhone OS 13_2_3 like Mac OS X) AppleWebKit/605.1.15 (KHTML, like Gecko) Version/13.0.3 Mobile/15E148 Safari/604.1"
170.106.180.139 - - [15/Nov/2024:15:14:45 -0500] "GET / HTTP/1.1" 200 22717 "https://www.jmorgstudios.com/" "Mozilla/5.0 (iPhone; CPU iPhone OS 13_2_3 like Mac OS X) AppleWebKit/605.1.15 (KHTML, like Gecko) Version/13.0.3 Mobile/15E148 Safari/604.1"
92.204.174.85 - - [15/Nov/2024:15:30:14 -0500] "GET / HTTP/1.0" 200 126454 "https://jmorgstudios.com/" "Mozilla/5.0 (Windows NT 10.0; Win64; x64; ) AppleWebKit/537.36 (KHTML, like Gecko) Chrome/124.0.6367.61 Chrome/124.0.6367.61 Not-A.Brand/99  Safari/537.36"
92.204.174.85 - - [15/Nov/2024:15:30:32 -0500] "GET /contact/ HTTP/1.0" 200 69839 "https://jmorgstudios.com/contact/" "Mozilla/5.0 (Windows NT 10.0; Win64; x64; ) AppleWebKit/537.36 (KHTML, like Gecko) Chrome/124.0.6367.61 Chrome/124.0.6367.61 Not-A.Brand/99  Safari/537.36"
92.204.174.85 - - [15/Nov/2024:15:30:36 -0500] "POST /contact/ HTTP/1.0" 200 69839 "https://jmorgstudios.com/contact/" "Mozilla/5.0 (Windows NT 10.0; Win64; x64; ) AppleWebKit/537.36 (KHTML, like Gecko) Chrome/124.0.6367.61 Chrome/124.0.6367.61 Not-A.Brand/99  Safari/537.36"
45.151.99.142 - - [15/Nov/2024:15:40:54 -0500] "GET /wp-sitemap-users-1.xml HTTP/1.1" 200 158 "-" "Mozilla/5.0 (X11; Linux x86_64) AppleWebKit/537.36 (KHTML, like Gecko) Chrome/130.0.6723.70 Safari/537.36"
45.151.99.142 - - [15/Nov/2024:15:41:05 -0500] "GET /author-sitemap.xml HTTP/1.1" 200 458937 "-" "Mozilla/5.0 (X11; Linux x86_64) AppleWebKit/537.36 (KHTML, like Gecko) Chrome/130.0.6723.70 Safari/537.36"
209.141.32.166 - - [15/Nov/2024:15:57:58 -0500] "GET /wp-login.php HTTP/1.1" 200 5741 "-" "Mozilla/5.0 (Macintosh; Intel Mac OS X 10.8; rv:30.0) Gecko/20100101 Firefox/30.0"
209.141.32.166 - - [15/Nov/2024:15:58:07 -0500] "POST /wp-login.php HTTP/1.1" 200 5997 "-" "Mozilla/5.0 (Macintosh; Intel Mac OS X 10.8; rv:30.0) Gecko/20100101 Firefox/30.0"
162.213.251.208 - - [15/Nov/2024:16:01:53 -0500] "POST /wp-cron.php?doing_wp_cron=1731704512.9595539569854736328125 HTTP/1.1" 200 0 "-" "WordPress/6.7; https://jmorgstudios.com"
93.174.93.127 - - [15/Nov/2024:16:01:48 -0500] "HEAD /wp-content/plugins/really-simple-ssl/assets/css/admin.min.css HTTP/1.1" 404 0 "-" "Mozilla/5.0 (Windows NT 10.0; Win64; x64) AppleWebKit/537.36 (KHTML, like Gecko) Chrome/121.0.0.0 Safari/537.36 Edg/121.0.0.0"
93.174.93.127 - - [15/Nov/2024:16:01:54 -0500] "HEAD /wp-content/plugins/really-simple-ssl-pro/assets/css/admin.min.css HTTP/1.1" 404 0 "-" "Mozilla/5.0 (Windows NT 10.0; Win64; x64) AppleWebKit/537.36 (KHTML, like Gecko) Chrome/121.0.0.0 Safari/537.36 Edg/121.0.0.0"
68.66.216.13 - - [15/Nov/2024:16:20:33 -0500] "GET /.well-known/acme-challenge/SIF3CR8P2_MQFOGG8UP9VKK-FLXNY6_W HTTP/1.1" 404 1251 "-" "Cpanel-HTTP-Client/1.0"
68.66.216.13 - - [15/Nov/2024:16:20:34 -0500] "GET /.well-known/acme-challenge/8SOHLQPKPWBOXT-4IVVV1VDPZSDOD8RA HTTP/1.1" 404 1251 "-" "Cpanel-HTTP-Client/1.0"
68.66.216.13 - - [15/Nov/2024:16:20:36 -0500] "GET /.well-known/acme-challenge/LJ23EQUHHWXZMGQVGJDDD-NC4TWAUUR3 HTTP/1.1" 404 1251 "-" "Cpanel-HTTP-Client/1.0"
68.66.216.13 - - [15/Nov/2024:16:20:38 -0500] "GET /.well-known/acme-challenge/9PIAMUG_QJZ8ZSBRTZOS1RCA5H_4QDQT HTTP/1.1" 404 1251 "-" "Cpanel-HTTP-Client/1.0"
68.66.216.13 - - [15/Nov/2024:16:20:39 -0500] "GET /.well-known/acme-challenge/CU3KUEF11KQLZ6SYNLFYCHXZ_CM1_VVJ HTTP/1.1" 404 1251 "-" "Cpanel-HTTP-Client/1.0"
68.66.216.13 - - [15/Nov/2024:16:20:40 -0500] "GET /.well-known/acme-challenge/OWSO_NWJQZCXX-86BPG3HIJ3_T-KI88R HTTP/1.1" 404 1251 "-" "Cpanel-HTTP-Client/1.0"
52.237.205.68 - - [15/Nov/2024:16:24:06 -0500] "HEAD /wordpress HTTP/1.1" 404 0 "http://jmorgstudios.com/wordpress" "Mozilla/5.0 (Windows NT 10.0; Win64; x64) AppleWebKit/537.36 (KHTML, like Gecko) Chrome/74.0.3729.169 Safari/537.36"
52.237.205.68 - - [15/Nov/2024:16:24:12 -0500] "HEAD / HTTP/1.1" 200 0 "http://jmorgstudios.com/" "Mozilla/5.0 (Windows NT 10.0; Win64; x64) AppleWebKit/537.36 (KHTML, like Gecko) Chrome/74.0.3729.169 Safari/537.36"
52.237.205.68 - - [15/Nov/2024:16:24:14 -0500] "HEAD /wp HTTP/1.1" 404 0 "http://jmorgstudios.com/wp" "Mozilla/5.0 (Windows NT 10.0; Win64; x64) AppleWebKit/537.36 (KHTML, like Gecko) Chrome/74.0.3729.169 Safari/537.36"
87.120.112.131 - - [15/Nov/2024:16:24:00 -0500] "GET /wp-content/plugins/really-simple-ssl/readme.txt HTTP/1.1" 404 14578 "www.google.com" "Mozilla/6.4 (Windows NT 11.1) Gecko/2010102 Firefox/99.0"
52.237.205.68 - - [15/Nov/2024:16:24:15 -0500] "HEAD /bc HTTP/1.1" 404 0 "http://jmorgstudios.com/bc" "Mozilla/5.0 (Windows NT 10.0; Win64; x64) AppleWebKit/537.36 (KHTML, like Gecko) Chrome/74.0.3729.169 Safari/537.36"
52.237.205.68 - - [15/Nov/2024:16:24:16 -0500] "HEAD /bk HTTP/1.1" 404 0 "http://jmorgstudios.com/bk" "Mozilla/5.0 (Windows NT 10.0; Win64; x64) AppleWebKit/537.36 (KHTML, like Gecko) Chrome/74.0.3729.169 Safari/537.36"
52.237.205.68 - - [15/Nov/2024:16:24:17 -0500] "HEAD /backup HTTP/1.1" 404 0 "http://jmorgstudios.com/backup" "Mozilla/5.0 (Windows NT 10.0; Win64; x64) AppleWebKit/537.36 (KHTML, like Gecko) Chrome/74.0.3729.169 Safari/537.36"
52.237.205.68 - - [15/Nov/2024:16:24:19 -0500] "HEAD /old HTTP/1.1" 404 0 "http://jmorgstudios.com/old" "Mozilla/5.0 (Windows NT 10.0; Win64; x64) AppleWebKit/537.36 (KHTML, like Gecko) Chrome/74.0.3729.169 Safari/537.36"
52.237.205.68 - - [15/Nov/2024:16:24:20 -0500] "HEAD /new HTTP/1.1" 404 0 "http://jmorgstudios.com/new" "Mozilla/5.0 (Windows NT 10.0; Win64; x64) AppleWebKit/537.36 (KHTML, like Gecko) Chrome/74.0.3729.169 Safari/537.36"
52.237.205.68 - - [15/Nov/2024:16:24:22 -0500] "HEAD /main HTTP/1.1" 404 0 "http://jmorgstudios.com/main" "Mozilla/5.0 (Windows NT 10.0; Win64; x64) AppleWebKit/537.36 (KHTML, like Gecko) Chrome/74.0.3729.169 Safari/537.36"
52.237.205.68 - - [15/Nov/2024:16:24:24 -0500] "HEAD /home HTTP/1.1" 301 0 "http://jmorgstudios.com/home" "Mozilla/5.0 (Windows NT 10.0; Win64; x64) AppleWebKit/537.36 (KHTML, like Gecko) Chrome/74.0.3729.169 Safari/537.36"
52.237.205.68 - - [15/Nov/2024:16:24:25 -0500] "HEAD / HTTP/1.1" 200 0 "https://jmorgstudios.com/home" "Mozilla/5.0 (Windows NT 10.0; Win64; x64) AppleWebKit/537.36 (KHTML, like Gecko) Chrome/74.0.3729.169 Safari/537.36"
87.120.112.131 - - [15/Nov/2024:16:24:37 -0500] "GET /wp-content/plugins/really-simple-ssl-pro/readme.txt HTTP/1.1" 404 14581 "www.google.com" "Mozilla/6.4 (Windows NT 11.1) Gecko/2010102 Firefox/99.0"
87.120.112.131 - - [15/Nov/2024:16:24:53 -0500] "GET /wp-content/plugins/really-simple-ssl-pro-multisite/readme.txt HTTP/1.1" 404 14588 "www.google.com" "Mozilla/6.4 (Windows NT 11.1) Gecko/2010102 Firefox/99.0"
85.215.240.49 - - [15/Nov/2024:16:52:43 -0500] "POST /xmlrpc.php HTTP/1.1" 200 212 "-" "Mozilla/5.0 (Windows NT 10.0; Win64; x64; rv:76.0) Gecko/20100101 Firefox/76.0"
162.213.251.208 - - [15/Nov/2024:17:51:56 -0500] "POST /wp-cron.php?doing_wp_cron=1731711115.8905169963836669921875 HTTP/1.1" 200 0 "-" "WordPress/6.7; https://jmorgstudios.com"
45.157.52.106 - - [15/Nov/2024:17:51:47 -0500] "POST /xmlrpc.php HTTP/1.1" 200 403 "-" "Mozilla/5.0 (Windows NT 10.0; Win64; x64) AppleWebKit/537.36 (KHTML, like Gecko) Chrome/127.0.0.0 Safari/537.36"
162.213.251.208 - - [15/Nov/2024:18:09:55 -0500] "POST /wp-cron.php?doing_wp_cron=1731712194.8955860137939453125000 HTTP/1.1" 200 0 "-" "WordPress/6.7; https://jmorgstudios.com"
52.167.144.58 - - [15/Nov/2024:18:09:46 -0500] "GET /robots.txt HTTP/1.1" 200 99 "-" "Mozilla/5.0 AppleWebKit/537.36 (KHTML, like Gecko; compatible; bingbot/2.0; +http://www.bing.com/bingbot.htm) Chrome/116.0.1938.76 Safari/537.36"
157.55.39.201 - - [15/Nov/2024:18:10:39 -0500] "GET /wp-content/uploads/2022/05/amplifier-1.png HTTP/1.1" 200 861 "-" "Mozilla/5.0 AppleWebKit/537.36 (KHTML, like Gecko; compatible; bingbot/2.0; +http://www.bing.com/bingbot.htm) Chrome/116.0.1938.76 Safari/537.36"
106.75.232.157 - - [15/Nov/2024:18:38:35 -0500] "GET /xmlrpc.php HTTP/1.1" 405 60 "-" "Mozilla/5.0 (Windows NT 6.1; WOW64; rv:45.0) Gecko/20100101 Firefox/45.0"
106.75.232.157 - - [15/Nov/2024:18:38:44 -0500] "GET /wp-login.php HTTP/1.1" 200 2074 "-" "Mozilla/5.0 (Windows NT 6.1; WOW64; rv:45.0) Gecko/20100101 Firefox/45.0"
106.75.232.157 - - [15/Nov/2024:18:38:46 -0500] "GET /?author=1 HTTP/1.1" 301 0 "https://cn.bing.com/" "Mozilla/5.0 (Windows NT 10.0; Win64; x64) AppleWebKit/537.36 (KHTML, like Gecko) Chrome/75.0.3770.100 Safari/537.36"
106.75.232.157 - - [15/Nov/2024:18:38:49 -0500] "GET /author/jmorgstudios/ HTTP/1.1" 200 14902 "https://cn.bing.com/" "Mozilla/5.0 (Windows NT 10.0; Win64; x64) AppleWebKit/537.36 (KHTML, like Gecko) Chrome/75.0.3770.100 Safari/537.36"
106.75.232.157 - - [15/Nov/2024:18:38:54 -0500] "POST /xmlrpc.php HTTP/1.1" 200 212 "https://jmorgstudios.com/xmlrpc.php" "python-requests/2.6.0 CPython/2.7.5 Linux/4.19.188-10.el7.ucloud.x86_64"
106.75.232.157 - - [15/Nov/2024:18:38:56 -0500] "POST /xmlrpc.php HTTP/1.1" 200 212 "https://jmorgstudios.com/xmlrpc.php" "python-requests/2.6.0 CPython/2.7.5 Linux/4.19.188-10.el7.ucloud.x86_64"
106.75.232.157 - - [15/Nov/2024:18:38:59 -0500] "POST /xmlrpc.php HTTP/1.1" 200 212 "https://jmorgstudios.com/xmlrpc.php" "python-requests/2.6.0 CPython/2.7.5 Linux/4.19.188-10.el7.ucloud.x86_64"
106.75.232.157 - - [15/Nov/2024:18:39:02 -0500] "POST /xmlrpc.php HTTP/1.1" 200 212 "https://jmorgstudios.com/xmlrpc.php" "python-requests/2.6.0 CPython/2.7.5 Linux/4.19.188-10.el7.ucloud.x86_64"
106.75.232.157 - - [15/Nov/2024:18:39:04 -0500] "POST /xmlrpc.php HTTP/1.1" 200 212 "https://jmorgstudios.com/xmlrpc.php" "python-requests/2.6.0 CPython/2.7.5 Linux/4.19.188-10.el7.ucloud.x86_64"
106.75.232.157 - - [15/Nov/2024:18:39:08 -0500] "POST /xmlrpc.php HTTP/1.1" 200 212 "https://jmorgstudios.com/xmlrpc.php" "python-requests/2.6.0 CPython/2.7.5 Linux/4.19.188-10.el7.ucloud.x86_64"
94.156.167.147 - - [15/Nov/2024:18:40:25 -0500] "GET / HTTP/1.1" 200 126454 "-" "-"
94.156.167.147 - - [15/Nov/2024:18:40:28 -0500] "GET /wordpress HTTP/1.1" 404 59514 "-" "-"
94.156.167.147 - - [15/Nov/2024:18:40:30 -0500] "GET /wp-admin/setup-config.php HTTP/1.1" 409 2665 "-" "-"
94.156.167.147 - - [15/Nov/2024:18:40:30 -0500] "GET /wp-admin/install.php HTTP/1.1" 200 1281 "-" "-"
94.156.167.147 - - [15/Nov/2024:18:40:31 -0500] "GET /wp HTTP/1.1" 404 59507 "-" "-"
94.156.167.147 - - [15/Nov/2024:18:40:33 -0500] "GET /blog HTTP/1.1" 404 59509 "-" "-"
94.156.167.147 - - [15/Nov/2024:18:40:35 -0500] "GET /new HTTP/1.1" 404 59508 "-" "-"
94.156.167.147 - - [15/Nov/2024:18:40:38 -0500] "GET /old HTTP/1.1" 404 59508 "-" "-"
94.156.167.147 - - [15/Nov/2024:18:40:40 -0500] "GET /newsite HTTP/1.1" 404 59512 "-" "-"
94.156.167.147 - - [15/Nov/2024:18:40:42 -0500] "GET /test HTTP/1.1" 404 59509 "-" "-"
94.156.167.147 - - [15/Nov/2024:18:40:46 -0500] "GET /main HTTP/1.1" 404 59509 "-" "-"
94.156.167.147 - - [15/Nov/2024:18:40:49 -0500] "GET /testing HTTP/1.1" 404 59512 "-" "-"
94.156.167.147 - - [15/Nov/2024:18:40:51 -0500] "GET /site HTTP/1.1" 404 59509 "-" "-"
94.156.167.147 - - [15/Nov/2024:18:40:53 -0500] "GET /backup HTTP/1.1" 404 59511 "-" "-"
94.156.167.147 - - [15/Nov/2024:18:40:56 -0500] "GET /demo HTTP/1.1" 404 59509 "-" "-"
94.156.167.147 - - [15/Nov/2024:18:40:58 -0500] "GET /home HTTP/1.1" 301 0 "-" "-"
94.156.167.147 - - [15/Nov/2024:18:40:59 -0500] "GET / HTTP/1.1" 200 126454 "-" "-"
94.156.167.147 - - [15/Nov/2024:18:41:01 -0500] "GET /tmp HTTP/1.1" 404 59508 "-" "-"
94.156.167.147 - - [15/Nov/2024:18:41:04 -0500] "GET /dev HTTP/1.1" 404 59508 "-" "-"
94.156.167.147 - - [15/Nov/2024:18:41:06 -0500] "GET /cms HTTP/1.1" 404 59508 "-" "-"
94.156.167.147 - - [15/Nov/2024:18:41:07 -0500] "GET /portal HTTP/1.1" 404 59511 "-" "-"
94.156.167.147 - - [15/Nov/2024:18:41:10 -0500] "GET /web HTTP/1.1" 404 59508 "-" "-"
87.120.116.15 - - [15/Nov/2024:18:56:58 -0500] "GET / HTTP/1.1" 200 0 "-" "-"
87.120.116.15 - - [15/Nov/2024:18:57:04 -0500] "GET / HTTP/1.1" 200 0 "-" "-"
87.120.116.15 - - [15/Nov/2024:18:57:11 -0500] "GET / HTTP/1.1" 200 126454 "-" "-"
87.120.116.15 - - [15/Nov/2024:18:57:15 -0500] "GET /wordpress HTTP/1.1" 404 59514 "-" "-"
87.120.116.15 - - [15/Nov/2024:18:57:17 -0500] "GET /wp-admin/setup-config.php HTTP/1.1" 409 2665 "-" "-"
87.120.116.15 - - [15/Nov/2024:18:57:18 -0500] "GET /wp-admin/install.php HTTP/1.1" 200 1281 "-" "-"
87.120.116.15 - - [15/Nov/2024:18:57:19 -0500] "GET /wp HTTP/1.1" 404 59507 "-" "-"
87.120.116.15 - - [15/Nov/2024:18:57:21 -0500] "GET /blog HTTP/1.1" 404 59509 "-" "-"
87.120.116.15 - - [15/Nov/2024:18:57:24 -0500] "GET /new HTTP/1.1" 404 59508 "-" "-"
87.120.116.15 - - [15/Nov/2024:18:57:26 -0500] "GET /old HTTP/1.1" 404 59508 "-" "-"
87.120.116.15 - - [15/Nov/2024:18:57:29 -0500] "GET /newsite HTTP/1.1" 404 59512 "-" "-"
87.120.116.15 - - [15/Nov/2024:18:57:32 -0500] "GET /test HTTP/1.1" 404 59509 "-" "-"
87.120.116.15 - - [15/Nov/2024:18:57:35 -0500] "GET /main HTTP/1.1" 404 59509 "-" "-"
87.120.116.15 - - [15/Nov/2024:18:57:37 -0500] "GET /testing HTTP/1.1" 404 59512 "-" "-"
87.120.116.15 - - [15/Nov/2024:18:57:41 -0500] "GET /site HTTP/1.1" 404 59509 "-" "-"
87.120.116.15 - - [15/Nov/2024:18:57:43 -0500] "GET /backup HTTP/1.1" 404 59511 "-" "-"
87.120.116.15 - - [15/Nov/2024:18:57:45 -0500] "GET /demo HTTP/1.1" 404 59509 "-" "-"
87.120.116.15 - - [15/Nov/2024:18:57:48 -0500] "GET /home HTTP/1.1" 301 0 "-" "-"
87.120.116.15 - - [15/Nov/2024:18:57:49 -0500] "GET / HTTP/1.1" 200 126454 "-" "-"
87.120.116.15 - - [15/Nov/2024:18:57:52 -0500] "GET /tmp HTTP/1.1" 404 59508 "-" "-"
87.120.116.15 - - [15/Nov/2024:18:57:54 -0500] "GET /dev HTTP/1.1" 404 59508 "-" "-"
87.120.116.15 - - [15/Nov/2024:18:57:57 -0500] "GET /cms HTTP/1.1" 404 59508 "-" "-"
87.120.116.15 - - [15/Nov/2024:18:58:03 -0500] "GET /portal HTTP/1.1" 404 59511 "-" "-"
87.120.116.15 - - [15/Nov/2024:18:58:07 -0500] "GET /web HTTP/1.1" 404 59508 "-" "-"
162.213.251.208 - - [15/Nov/2024:20:47:43 -0500] "POST /wp-cron.php?doing_wp_cron=1731721663.8976531028747558593750 HTTP/1.1" 200 0 "-" "WordPress/6.7; https://jmorgstudios.com"
209.141.60.43 - - [15/Nov/2024:20:47:36 -0500] "GET /wp-login.php HTTP/1.1" 200 5741 "-" "Mozilla/5.0 (Macintosh; Intel Mac OS X 10_7_5) AppleWebKit/537.36 (KHTML, like Gecko) Chrome/36.0.1985.125 Safari/537.36"
209.141.60.43 - - [15/Nov/2024:20:47:44 -0500] "POST /wp-login.php HTTP/1.1" 200 5997 "-" "Mozilla/5.0 (Macintosh; Intel Mac OS X 10_7_5) AppleWebKit/537.36 (KHTML, like Gecko) Chrome/36.0.1985.125 Safari/537.36"
87.120.112.131 - - [15/Nov/2024:20:50:33 -0500] "GET /wp-content/plugins/helloapx/wp-apxupx.php?apx=upx HTTP/1.1" 404 14571 "www.google.com" "Mozlila/5.0 (Linux; Android 7.0; SM-G892A Bulid/NRD90M; wv) AppleWebKit/537.36 (KHTML, like Gecko) Version/4.0 Chrome/60.0.3112.107 Moblie Safari/537.36"
68.66.216.13 - - [15/Nov/2024:20:54:43 -0500] "GET /.well-known/acme-challenge/CCX07MEVIYS5ZAAXUF4JZVJW1HYW0EXM HTTP/1.1" 404 1251 "-" "Cpanel-HTTP-Client/1.0"
68.66.216.13 - - [15/Nov/2024:20:54:43 -0500] "GET /.well-known/acme-challenge/LDWPTU2MLLS_FNY7J_PSZM1OO1MJR58C HTTP/1.1" 404 1251 "-" "Cpanel-HTTP-Client/1.0"
68.66.216.13 - - [15/Nov/2024:20:54:45 -0500] "GET /.well-known/acme-challenge/BDOCCIO2L7FBHQ3HM_4J22IZ74J7RZTY HTTP/1.1" 404 1251 "-" "Cpanel-HTTP-Client/1.0"
68.66.216.13 - - [15/Nov/2024:20:54:46 -0500] "GET /.well-known/acme-challenge/L0NF5F_XUEX09UP5641EO0JJPQQ7DQ74 HTTP/1.1" 404 1251 "-" "Cpanel-HTTP-Client/1.0"
68.66.216.13 - - [15/Nov/2024:20:54:47 -0500] "GET /.well-known/acme-challenge/RHQVO5XVG7UBGBPH0AFEGF_5A5PDC9DV HTTP/1.1" 404 1251 "-" "Cpanel-HTTP-Client/1.0"
68.66.216.13 - - [15/Nov/2024:20:54:47 -0500] "GET /.well-known/acme-challenge/YMAAX10OY51XYBGG-V269E6JHNNO-KBA HTTP/1.1" 404 1251 "-" "Cpanel-HTTP-Client/1.0"
162.213.251.208 - - [15/Nov/2024:21:22:51 -0500] "POST /wp-cron.php?doing_wp_cron=1731723771.7288889884948730468750 HTTP/1.1" 200 0 "-" "WordPress/6.7; https://jmorgstudios.com"
162.213.251.208 - - [15/Nov/2024:21:22:51 -0500] "POST /wp-cron.php?doing_wp_cron=1731723771.7302489280700683593750 HTTP/1.1" 200 0 "-" "WordPress/6.7; https://jmorgstudios.com"
107.189.1.73 - - [15/Nov/2024:21:22:45 -0500] "GET /wp-login.php HTTP/1.1" 200 5741 "-" "Mozilla/5.0 (Macintosh; Intel Mac OS X 10.8; rv:31.0) Gecko/20100101 Firefox/31.0"
52.237.205.68 - - [15/Nov/2024:21:22:50 -0500] "HEAD /wordpress HTTP/1.1" 404 0 "http://jmorgstudios.com/wordpress" "Mozilla/5.0 (Windows NT 10.0; Win64; x64) AppleWebKit/537.36 (KHTML, like Gecko) Chrome/74.0.3729.169 Safari/537.36"
107.189.1.73 - - [15/Nov/2024:21:22:52 -0500] "POST /wp-login.php HTTP/1.1" 200 5997 "-" "Mozilla/5.0 (Macintosh; Intel Mac OS X 10.8; rv:31.0) Gecko/20100101 Firefox/31.0"
52.237.205.68 - - [15/Nov/2024:21:22:53 -0500] "HEAD / HTTP/1.1" 200 0 "http://jmorgstudios.com/" "Mozilla/5.0 (Windows NT 10.0; Win64; x64) AppleWebKit/537.36 (KHTML, like Gecko) Chrome/74.0.3729.169 Safari/537.36"
52.237.205.68 - - [15/Nov/2024:21:22:54 -0500] "HEAD /wp HTTP/1.1" 404 0 "http://jmorgstudios.com/wp" "Mozilla/5.0 (Windows NT 10.0; Win64; x64) AppleWebKit/537.36 (KHTML, like Gecko) Chrome/74.0.3729.169 Safari/537.36"
52.237.205.68 - - [15/Nov/2024:21:22:55 -0500] "HEAD /bc HTTP/1.1" 404 0 "http://jmorgstudios.com/bc" "Mozilla/5.0 (Windows NT 10.0; Win64; x64) AppleWebKit/537.36 (KHTML, like Gecko) Chrome/74.0.3729.169 Safari/537.36"
52.237.205.68 - - [15/Nov/2024:21:22:56 -0500] "HEAD /bk HTTP/1.1" 404 0 "http://jmorgstudios.com/bk" "Mozilla/5.0 (Windows NT 10.0; Win64; x64) AppleWebKit/537.36 (KHTML, like Gecko) Chrome/74.0.3729.169 Safari/537.36"
52.237.205.68 - - [15/Nov/2024:21:22:58 -0500] "HEAD /backup HTTP/1.1" 404 0 "http://jmorgstudios.com/backup" "Mozilla/5.0 (Windows NT 10.0; Win64; x64) AppleWebKit/537.36 (KHTML, like Gecko) Chrome/74.0.3729.169 Safari/537.36"
52.237.205.68 - - [15/Nov/2024:21:22:59 -0500] "HEAD /old HTTP/1.1" 404 0 "http://jmorgstudios.com/old" "Mozilla/5.0 (Windows NT 10.0; Win64; x64) AppleWebKit/537.36 (KHTML, like Gecko) Chrome/74.0.3729.169 Safari/537.36"
52.237.205.68 - - [15/Nov/2024:21:22:59 -0500] "HEAD /new HTTP/1.1" 404 0 "http://jmorgstudios.com/new" "Mozilla/5.0 (Windows NT 10.0; Win64; x64) AppleWebKit/537.36 (KHTML, like Gecko) Chrome/74.0.3729.169 Safari/537.36"
52.237.205.68 - - [15/Nov/2024:21:23:01 -0500] "HEAD /main HTTP/1.1" 404 0 "http://jmorgstudios.com/main" "Mozilla/5.0 (Windows NT 10.0; Win64; x64) AppleWebKit/537.36 (KHTML, like Gecko) Chrome/74.0.3729.169 Safari/537.36"
52.237.205.68 - - [15/Nov/2024:21:23:02 -0500] "HEAD /home HTTP/1.1" 301 0 "http://jmorgstudios.com/home" "Mozilla/5.0 (Windows NT 10.0; Win64; x64) AppleWebKit/537.36 (KHTML, like Gecko) Chrome/74.0.3729.169 Safari/537.36"
52.237.205.68 - - [15/Nov/2024:21:23:03 -0500] "HEAD / HTTP/1.1" 200 0 "https://jmorgstudios.com/home" "Mozilla/5.0 (Windows NT 10.0; Win64; x64) AppleWebKit/537.36 (KHTML, like Gecko) Chrome/74.0.3729.169 Safari/537.36"
87.120.120.18 - - [15/Nov/2024:21:24:41 -0500] "GET /.env HTTP/1.1" 403 1242 "-" "Mozilla/5.0 (Macintosh; Intel Mac OS X 10.15; rv:77.0) Gecko/20100101 Firefox/77.0"
87.120.120.18 - - [15/Nov/2024:21:24:43 -0500] "GET /wp-content/ HTTP/1.1" 200 0 "-" "Mozilla/5.0 (Macintosh; Intel Mac OS X 10.15; rv:77.0) Gecko/20100101 Firefox/77.0"
103.212.18.186 - - [15/Nov/2024:21:25:49 -0500] "GET /ss.php HTTP/1.1" 404 14536 "-" "python-requests/2.27.1"
52.167.144.181 - - [15/Nov/2024:21:31:14 -0500] "GET / HTTP/1.1" 200 20878 "-" "Mozilla/5.0 AppleWebKit/537.36 (KHTML, like Gecko; compatible; bingbot/2.0; +http://www.bing.com/bingbot.htm) Chrome/116.0.1938.76 Safari/537.36"
162.213.251.208 - - [15/Nov/2024:22:21:27 -0500] "POST /wp-cron.php?doing_wp_cron=1731727287.0023798942565917968750 HTTP/1.1" 200 0 "-" "WordPress/6.7; https://jmorgstudios.com"
199.195.252.235 - - [15/Nov/2024:22:21:21 -0500] "GET /wp-login.php HTTP/1.1" 200 5741 "-" "Mozilla/5.0 (Windows NT 6.1; WOW64; rv:30.0) Gecko/20100101 Firefox/30.0"
199.195.252.235 - - [15/Nov/2024:22:21:27 -0500] "POST /wp-login.php HTTP/1.1" 200 5997 "-" "Mozilla/5.0 (Windows NT 6.1; WOW64; rv:30.0) Gecko/20100101 Firefox/30.0"
162.213.251.208 - - [15/Nov/2024:23:45:06 -0500] "POST /wp-cron.php?doing_wp_cron=1731732306.1611859798431396484375 HTTP/1.1" 200 0 "-" "WordPress/6.7; https://jmorgstudios.com"
195.191.219.133 - - [15/Nov/2024:23:44:52 -0500] "GET /robots.txt HTTP/1.1" 200 117 "-" "Mozilla/5.0 (compatible; MJ12bot/v1.4.8; http://mj12bot.com/)"
195.191.219.133 - - [15/Nov/2024:23:45:18 -0500] "GET / HTTP/1.1" 200 20826 "-" "Mozilla/5.0 (compatible; MJ12bot/v1.4.8; http://mj12bot.com/)"
68.66.216.13 - - [16/Nov/2024:00:20:26 -0500] "GET /.well-known/acme-challenge/2WGAK9KJT4HKBCX57YH4Z6BXT_TZSRM4 HTTP/1.1" 404 1251 "-" "Cpanel-HTTP-Client/1.0"
68.66.216.13 - - [16/Nov/2024:00:20:27 -0500] "GET /.well-known/acme-challenge/FZK6CPTTQ6WD666R9OAB6HFE0N9NAQSH HTTP/1.1" 404 1251 "-" "Cpanel-HTTP-Client/1.0"
68.66.216.13 - - [16/Nov/2024:00:20:29 -0500] "GET /.well-known/acme-challenge/STP6YTE0NMNRL2Q_ZEDEDOVECIGOCKS1 HTTP/1.1" 404 1251 "-" "Cpanel-HTTP-Client/1.0"
68.66.216.13 - - [16/Nov/2024:00:20:33 -0500] "GET /.well-known/acme-challenge/DF_B7B6B90-4AUO7ND1Z-8FBNPG6XGDU HTTP/1.1" 404 1251 "-" "Cpanel-HTTP-Client/1.0"
68.66.216.13 - - [16/Nov/2024:00:20:35 -0500] "GET /.well-known/acme-challenge/GRUFV0J9Y5V68PJEV2QLKWICM6V_29W2 HTTP/1.1" 404 1251 "-" "Cpanel-HTTP-Client/1.0"
68.66.216.13 - - [16/Nov/2024:00:20:36 -0500] "GET /.well-known/acme-challenge/JZMXQYV55TCWFHWNYDI5EPZGI7LU39GS HTTP/1.1" 404 1251 "-" "Cpanel-HTTP-Client/1.0"
205.185.126.220 - - [16/Nov/2024:00:21:25 -0500] "GET /wp-login.php HTTP/1.1" 200 0 "-" "Mozilla/5.0 (Windows NT 6.2; WOW64; rv:31.0) Gecko/20100101 Firefox/31.0"
162.213.251.208 - - [16/Nov/2024:00:21:42 -0500] "POST /wp-cron.php?doing_wp_cron=1731734501.4871881008148193359375 HTTP/1.1" 200 0 "-" "WordPress/6.7; https://jmorgstudios.com"
87.120.112.131 - - [16/Nov/2024:00:30:17 -0500] "GET /index/function.php HTTP/1.1" 404 14541 "-" "Mozlila/5.0 (Linux; Android 7.0; SM-G892A Bulid/NRD90M; wv) AppleWebKit/537.36 (KHTML, like Gecko) Version/4.0 Chrome/60.0.3112.107 Moblie Safari/537.36"
87.120.112.131 - - [16/Nov/2024:00:30:58 -0500] "GET /themes.php HTTP/1.1" 404 14536 "-" "Mozlila/5.0 (Linux; Android 7.0; SM-G892A Bulid/NRD90M; wv) AppleWebKit/537.36 (KHTML, like Gecko) Version/4.0 Chrome/60.0.3112.107 Moblie Safari/537.36"
87.120.112.131 - - [16/Nov/2024:00:31:17 -0500] "GET /about/function.php HTTP/1.1" 404 14541 "-" "Mozlila/5.0 (Linux; Android 7.0; SM-G892A Bulid/NRD90M; wv) AppleWebKit/537.36 (KHTML, like Gecko) Version/4.0 Chrome/60.0.3112.107 Moblie Safari/537.36"
87.120.112.131 - - [16/Nov/2024:00:31:41 -0500] "GET /wp-content/themes/newsfeed-theme/bbh.php HTTP/1.1" 404 14578 "-" "Mozlila/5.0 (Linux; Android 7.0; SM-G892A Bulid/NRD90M; wv) AppleWebKit/537.36 (KHTML, like Gecko) Version/4.0 Chrome/60.0.3112.107 Moblie Safari/537.36"
87.120.112.131 - - [16/Nov/2024:00:31:59 -0500] "GET /wp-content/plugins/dwssffw/simple.php HTTP/1.1" 404 14563 "-" "Mozlila/5.0 (Linux; Android 7.0; SM-G892A Bulid/NRD90M; wv) AppleWebKit/537.36 (KHTML, like Gecko) Version/4.0 Chrome/60.0.3112.107 Moblie Safari/537.36"
87.120.112.131 - - [16/Nov/2024:00:32:16 -0500] "GET /wp-content/plugins/helloapx/wp-apxupx.php?apx=upx HTTP/1.1" 404 14571 "-" "Mozlila/5.0 (Linux; Android 7.0; SM-G892A Bulid/NRD90M; wv) AppleWebKit/537.36 (KHTML, like Gecko) Version/4.0 Chrome/60.0.3112.107 Moblie Safari/537.36"
87.120.112.131 - - [16/Nov/2024:00:32:31 -0500] "GET /wp-content/themes/deeto/login.php HTTP/1.1" 404 14575 "-" "Mozlila/5.0 (Linux; Android 7.0; SM-G892A Bulid/NRD90M; wv) AppleWebKit/537.36 (KHTML, like Gecko) Version/4.0 Chrome/60.0.3112.107 Moblie Safari/537.36"
87.120.112.131 - - [16/Nov/2024:00:32:56 -0500] "GET /wp-content/index.php HTTP/1.1" 200 0 "-" "Mozlila/5.0 (Linux; Android 7.0; SM-G892A Bulid/NRD90M; wv) AppleWebKit/537.36 (KHTML, like Gecko) Version/4.0 Chrome/60.0.3112.107 Moblie Safari/537.36"
87.120.112.131 - - [16/Nov/2024:00:33:11 -0500] "GET /wp-admin/images/about.php HTTP/1.1" 404 14570 "-" "Mozlila/5.0 (Linux; Android 7.0; SM-G892A Bulid/NRD90M; wv) AppleWebKit/537.36 (KHTML, like Gecko) Version/4.0 Chrome/60.0.3112.107 Moblie Safari/537.36"
87.120.112.131 - - [16/Nov/2024:00:33:30 -0500] "GET /wp-admin/images/index.php HTTP/1.1" 301 0 "-" "Mozlila/5.0 (Linux; Android 7.0; SM-G892A Bulid/NRD90M; wv) AppleWebKit/537.36 (KHTML, like Gecko) Version/4.0 Chrome/60.0.3112.107 Moblie Safari/537.36"
87.120.112.131 - - [16/Nov/2024:00:33:31 -0500] "GET /wp-admin/images/ HTTP/1.1" 200 3342 "-" "Mozlila/5.0 (Linux; Android 7.0; SM-G892A Bulid/NRD90M; wv) AppleWebKit/537.36 (KHTML, like Gecko) Version/4.0 Chrome/60.0.3112.107 Moblie Safari/537.36"
87.120.112.131 - - [16/Nov/2024:00:33:51 -0500] "GET /chosen.php HTTP/1.1" 404 14540 "-" "Mozlila/5.0 (Linux; Android 7.0; SM-G892A Bulid/NRD90M; wv) AppleWebKit/537.36 (KHTML, like Gecko) Version/4.0 Chrome/60.0.3112.107 Moblie Safari/537.36"
87.120.112.131 - - [16/Nov/2024:00:34:07 -0500] "GET /mah/function.php HTTP/1.1" 404 14541 "-" "Mozlila/5.0 (Linux; Android 7.0; SM-G892A Bulid/NRD90M; wv) AppleWebKit/537.36 (KHTML, like Gecko) Version/4.0 Chrome/60.0.3112.107 Moblie Safari/537.36"
87.120.112.131 - - [16/Nov/2024:00:34:27 -0500] "GET /simple.php HTTP/1.1" 404 14535 "-" "Mozlila/5.0 (Linux; Android 7.0; SM-G892A Bulid/NRD90M; wv) AppleWebKit/537.36 (KHTML, like Gecko) Version/4.0 Chrome/60.0.3112.107 Moblie Safari/537.36"
87.120.112.131 - - [16/Nov/2024:00:34:46 -0500] "GET /wp-includes/ID3/index.php HTTP/1.1" 301 0 "-" "Mozlila/5.0 (Linux; Android 7.0; SM-G892A Bulid/NRD90M; wv) AppleWebKit/537.36 (KHTML, like Gecko) Version/4.0 Chrome/60.0.3112.107 Moblie Safari/537.36"
87.120.112.131 - - [16/Nov/2024:00:34:47 -0500] "GET /wp-includes/ID3/ HTTP/1.1" 200 1645 "-" "Mozlila/5.0 (Linux; Android 7.0; SM-G892A Bulid/NRD90M; wv) AppleWebKit/537.36 (KHTML, like Gecko) Version/4.0 Chrome/60.0.3112.107 Moblie Safari/537.36"
87.120.112.131 - - [16/Nov/2024:00:35:08 -0500] "GET /atomlib.php HTTP/1.1" 404 14538 "-" "Mozlila/5.0 (Linux; Android 7.0; SM-G892A Bulid/NRD90M; wv) AppleWebKit/537.36 (KHTML, like Gecko) Version/4.0 Chrome/60.0.3112.107 Moblie Safari/537.36"
87.120.112.131 - - [16/Nov/2024:00:35:30 -0500] "GET /about.php HTTP/1.1" 404 14537 "-" "Mozlila/5.0 (Linux; Android 7.0; SM-G892A Bulid/NRD90M; wv) AppleWebKit/537.36 (KHTML, like Gecko) Version/4.0 Chrome/60.0.3112.107 Moblie Safari/537.36"
87.120.112.131 - - [16/Nov/2024:00:35:48 -0500] "GET /ans.php HTTP/1.1" 404 14537 "-" "Mozlila/5.0 (Linux; Android 7.0; SM-G892A Bulid/NRD90M; wv) AppleWebKit/537.36 (KHTML, like Gecko) Version/4.0 Chrome/60.0.3112.107 Moblie Safari/537.36"
87.120.112.131 - - [16/Nov/2024:00:36:06 -0500] "GET /admin/function.php HTTP/1.1" 404 14541 "-" "Mozlila/5.0 (Linux; Android 7.0; SM-G892A Bulid/NRD90M; wv) AppleWebKit/537.36 (KHTML, like Gecko) Version/4.0 Chrome/60.0.3112.107 Moblie Safari/537.36"
87.120.112.131 - - [16/Nov/2024:00:36:23 -0500] "GET /admin.php HTTP/1.1" 404 14537 "-" "Mozlila/5.0 (Linux; Android 7.0; SM-G892A Bulid/NRD90M; wv) AppleWebKit/537.36 (KHTML, like Gecko) Version/4.0 Chrome/60.0.3112.107 Moblie Safari/537.36"
87.120.112.131 - - [16/Nov/2024:00:36:45 -0500] "GET /makeasmtp.php HTTP/1.1" 404 14542 "-" "Mozlila/5.0 (Linux; Android 7.0; SM-G892A Bulid/NRD90M; wv) AppleWebKit/537.36 (KHTML, like Gecko) Version/4.0 Chrome/60.0.3112.107 Moblie Safari/537.36"
87.120.112.131 - - [16/Nov/2024:00:37:02 -0500] "GET /wp-includes/fonts/about.php HTTP/1.1" 404 14575 "-" "Mozlila/5.0 (Linux; Android 7.0; SM-G892A Bulid/NRD90M; wv) AppleWebKit/537.36 (KHTML, like Gecko) Version/4.0 Chrome/60.0.3112.107 Moblie Safari/537.36"
156.228.99.221 - - [16/Nov/2024:00:41:50 -0500] "GET /contact/ HTTP/1.1" 200 13417 "-" "Mozilla/5.0 (Windows NT 10.0; Win64; x64; rv:114.0) Gecko/20100101 Firefox/114.0"
156.228.99.221 - - [16/Nov/2024:00:42:09 -0500] "GET /wp-content/plugins/contact-form-7/includes/js/index.js?ver=6.0 HTTP/1.1" 200 4008 "https://jmorgstudios.com/contact/" "Mozilla/5.0 (Windows NT 10.0; Win64; x64; rv:114.0) Gecko/20100101 Firefox/114.0"
156.228.99.221 - - [16/Nov/2024:00:42:10 -0500] "POST /wp-json/contact-form-7/v1/contact-forms/202/feedback HTTP/1.1" 200 205 "https://jmorgstudios.com/contact/" "Mozilla/5.0 (Windows NT 10.0; Win64; x64; rv:114.0) Gecko/20100101 Firefox/114.0"
68.66.216.13 - - [16/Nov/2024:01:17:33 -0500] "POST /wp-cron.php?doing_wp_cron=1731737852.6320130825042724609375 HTTP/1.1" 200 0 "https://jmorgstudios.com/wp-cron.php?doing_wp_cron=1731737852.6320130825042724609375" "WordPress/5.4.13; https://jmorgstudios.com"

Youez - 2016 - github.com/yon3zu
LinuXploit