5.133.47.232 - - [15/Nov/2024:10:53:59 -0500] "GET /wp-content/uploads/2023/04/services_04.webp HTTP/1.1" 200 17108 "https://reamcleaning.com/" "Mozilla/5.0 (Windows NT 10.0; Win64; x64) AppleWebKit/537.36 (KHTML, like Gecko) Chrome/130.0.0.0 Safari/537.36"
5.133.47.232 - - [15/Nov/2024:10:53:59 -0500] "GET /wp-content/uploads/2023/04/carpet-cleaning.jpg HTTP/1.1" 200 54263 "https://reamcleaning.com/" "Mozilla/5.0 (Windows NT 10.0; Win64; x64) AppleWebKit/537.36 (KHTML, like Gecko) Chrome/130.0.0.0 Safari/537.36"
5.133.47.232 - - [15/Nov/2024:10:53:59 -0500] "GET /wp-content/uploads/2023/04/oven-cleaning.jpg HTTP/1.1" 200 27038 "https://reamcleaning.com/" "Mozilla/5.0 (Windows NT 10.0; Win64; x64) AppleWebKit/537.36 (KHTML, like Gecko) Chrome/130.0.0.0 Safari/537.36"
5.133.47.232 - - [15/Nov/2024:10:53:59 -0500] "GET /wp-content/uploads/2023/04/domestic-cleaning.jpg HTTP/1.1" 200 21300 "https://reamcleaning.com/" "Mozilla/5.0 (Windows NT 10.0; Win64; x64) AppleWebKit/537.36 (KHTML, like Gecko) Chrome/130.0.0.0 Safari/537.36"
5.133.47.232 - - [15/Nov/2024:10:53:59 -0500] "GET /wp-content/plugins/widget-google-reviews/assets/img/powered_by_google_on_white.png HTTP/1.1" 200 4550 "https://reamcleaning.com/" "Mozilla/5.0 (Windows NT 10.0; Win64; x64) AppleWebKit/537.36 (KHTML, like Gecko) Chrome/130.0.0.0 Safari/537.36"
5.133.47.232 - - [15/Nov/2024:10:53:59 -0500] "GET /wp-content/uploads/2023/04/services_01.webp HTTP/1.1" 200 20464 "https://reamcleaning.com/" "Mozilla/5.0 (Windows NT 10.0; Win64; x64) AppleWebKit/537.36 (KHTML, like Gecko) Chrome/130.0.0.0 Safari/537.36"
5.133.47.232 - - [15/Nov/2024:10:54:00 -0500] "GET /wp-content/uploads/2023/09/ChIJRRyQcMfvfkgRSbIdNr-XR7Q_6702074a9f21d3b2ef6fe1fe11836732.jpg HTTP/1.1" 200 30543 "https://reamcleaning.com/" "Mozilla/5.0 (Windows NT 10.0; Win64; x64) AppleWebKit/537.36 (KHTML, like Gecko) Chrome/130.0.0.0 Safari/537.36"
5.133.47.232 - - [15/Nov/2024:10:54:00 -0500] "GET /wp-content/uploads/2023/09/ChIJRRyQcMfvfkgRSbIdNr-XR7Q_4aa32d52cbc05a2b85b74483b35650b5.jpg HTTP/1.1" 200 37172 "https://reamcleaning.com/" "Mozilla/5.0 (Windows NT 10.0; Win64; x64) AppleWebKit/537.36 (KHTML, like Gecko) Chrome/130.0.0.0 Safari/537.36"
5.133.47.232 - - [15/Nov/2024:10:54:00 -0500] "GET /wp-content/uploads/2023/09/ChIJRRyQcMfvfkgRSbIdNr-XR7Q_9f9c70e65637951602329630c4a29680.jpg HTTP/1.1" 200 3939 "https://reamcleaning.com/" "Mozilla/5.0 (Windows NT 10.0; Win64; x64) AppleWebKit/537.36 (KHTML, like Gecko) Chrome/130.0.0.0 Safari/537.36"
5.133.47.232 - - [15/Nov/2024:10:54:01 -0500] "GET /wp-content/uploads/2023/09/ChIJRRyQcMfvfkgRSbIdNr-XR7Q_a39cc39eaa74ab9aaad41c1efeb15b77.jpg HTTP/1.1" 200 3036 "https://reamcleaning.com/" "Mozilla/5.0 (Windows NT 10.0; Win64; x64) AppleWebKit/537.36 (KHTML, like Gecko) Chrome/130.0.0.0 Safari/537.36"
5.133.47.232 - - [15/Nov/2024:10:54:01 -0500] "GET /wp-content/uploads/2023/08/ChIJRRyQcMfvfkgRSbIdNr-XR7Q_7f280e245414fc730c33239df4ca8df8.jpg HTTP/1.1" 200 3640 "https://reamcleaning.com/" "Mozilla/5.0 (Windows NT 10.0; Win64; x64) AppleWebKit/537.36 (KHTML, like Gecko) Chrome/130.0.0.0 Safari/537.36"
5.133.47.232 - - [15/Nov/2024:10:54:01 -0500] "GET /wp-content/uploads/2023/09/ChIJRRyQcMfvfkgRSbIdNr-XR7Q_c5d16d8f92c6cf8f23dcd38c61d91a04.jpg HTTP/1.1" 200 25359 "https://reamcleaning.com/" "Mozilla/5.0 (Windows NT 10.0; Win64; x64) AppleWebKit/537.36 (KHTML, like Gecko) Chrome/130.0.0.0 Safari/537.36"
5.133.47.232 - - [15/Nov/2024:10:54:02 -0500] "GET /wp-content/uploads/2023/09/ChIJRRyQcMfvfkgRSbIdNr-XR7Q_a9764dc327450b58074426f226f0d8e3.jpg HTTP/1.1" 200 3933 "https://reamcleaning.com/" "Mozilla/5.0 (Windows NT 10.0; Win64; x64) AppleWebKit/537.36 (KHTML, like Gecko) Chrome/130.0.0.0 Safari/537.36"
5.133.47.232 - - [15/Nov/2024:10:54:02 -0500] "GET /wp-content/uploads/2023/08/ChIJRRyQcMfvfkgRSbIdNr-XR7Q_6299640f3efe19dcd83087926af71d33.jpg HTTP/1.1" 200 32314 "https://reamcleaning.com/" "Mozilla/5.0 (Windows NT 10.0; Win64; x64) AppleWebKit/537.36 (KHTML, like Gecko) Chrome/130.0.0.0 Safari/537.36"
5.133.47.232 - - [15/Nov/2024:10:54:02 -0500] "GET /wp-content/uploads/2023/09/ChIJRRyQcMfvfkgRSbIdNr-XR7Q_fb8e78b7c383a4fdf82cc2860130ebae.jpg HTTP/1.1" 200 34736 "https://reamcleaning.com/" "Mozilla/5.0 (Windows NT 10.0; Win64; x64) AppleWebKit/537.36 (KHTML, like Gecko) Chrome/130.0.0.0 Safari/537.36"
5.133.47.232 - - [15/Nov/2024:10:54:03 -0500] "GET /wp-content/plugins/akismet/_inc/akismet-frontend.js?ver=1704855122 HTTP/1.1" 200 3015 "https://reamcleaning.com/" "Mozilla/5.0 (Windows NT 10.0; Win64; x64) AppleWebKit/537.36 (KHTML, like Gecko) Chrome/130.0.0.0 Safari/537.36"
5.133.47.232 - - [15/Nov/2024:10:54:03 -0500] "GET /wp-content/plugins/mailchimp-for-wp/assets/js/forms.js?ver=4.9.19 HTTP/1.1" 200 2446 "https://reamcleaning.com/" "Mozilla/5.0 (Windows NT 10.0; Win64; x64) AppleWebKit/537.36 (KHTML, like Gecko) Chrome/130.0.0.0 Safari/537.36"
5.133.47.232 - - [15/Nov/2024:10:54:03 -0500] "GET /wp-content/uploads/2023/04/services_bg.webp HTTP/1.1" 200 12256 "https://reamcleaning.com/wp-content/uploads/elementor/css/post-1047.css?ver=1708968291" "Mozilla/5.0 (Windows NT 10.0; Win64; x64) AppleWebKit/537.36 (KHTML, like Gecko) Chrome/130.0.0.0 Safari/537.36"
5.133.47.232 - - [15/Nov/2024:10:54:03 -0500] "GET /wp-content/uploads/2023/04/testimonial_bg.webp HTTP/1.1" 200 4154 "https://reamcleaning.com/wp-content/uploads/elementor/css/post-1047.css?ver=1708968291" "Mozilla/5.0 (Windows NT 10.0; Win64; x64) AppleWebKit/537.36 (KHTML, like Gecko) Chrome/130.0.0.0 Safari/537.36"
5.133.47.232 - - [15/Nov/2024:10:54:04 -0500] "GET /wp-content/uploads/2023/04/contact_bg.webp HTTP/1.1" 200 73000 "https://reamcleaning.com/wp-content/uploads/elementor/css/post-1047.css?ver=1708968291" "Mozilla/5.0 (Windows NT 10.0; Win64; x64) AppleWebKit/537.36 (KHTML, like Gecko) Chrome/130.0.0.0 Safari/537.36"
5.133.47.232 - - [15/Nov/2024:10:54:05 -0500] "GET /wp-content/themes/clentac/assets/img/icon/select_down_arrow.png HTTP/1.1" 200 1159 "https://reamcleaning.com/wp-content/themes/clentac/assets/css/clentac-core.css?ver=6.7" "Mozilla/5.0 (Windows NT 10.0; Win64; x64) AppleWebKit/537.36 (KHTML, like Gecko) Chrome/130.0.0.0 Safari/537.36"
5.133.47.232 - - [15/Nov/2024:10:54:05 -0500] "GET /wp-content/uploads/2023/04/counter_bg.webp HTTP/1.1" 200 12256 "https://reamcleaning.com/wp-content/uploads/elementor/css/post-1047.css?ver=1708968291" "Mozilla/5.0 (Windows NT 10.0; Win64; x64) AppleWebKit/537.36 (KHTML, like Gecko) Chrome/130.0.0.0 Safari/537.36"
5.133.47.232 - - [15/Nov/2024:10:54:06 -0500] "GET /wp-content/uploads/2023/04/banner_bg.webp HTTP/1.1" 200 88690 "https://reamcleaning.com/" "Mozilla/5.0 (Windows NT 10.0; Win64; x64) AppleWebKit/537.36 (KHTML, like Gecko) Chrome/130.0.0.0 Safari/537.36"
5.133.47.232 - - [15/Nov/2024:10:54:07 -0500] "GET /wp-content/uploads/2023/08/footer_bg.jpg HTTP/1.1" 200 12060 "https://reamcleaning.com/" "Mozilla/5.0 (Windows NT 10.0; Win64; x64) AppleWebKit/537.36 (KHTML, like Gecko) Chrome/130.0.0.0 Safari/537.36"
5.133.47.232 - - [15/Nov/2024:10:54:07 -0500] "GET /wp-includes/js/wp-emoji-release.min.js?ver=6.7 HTTP/1.1" 200 4676 "https://reamcleaning.com/" "Mozilla/5.0 (Windows NT 10.0; Win64; x64) AppleWebKit/537.36 (KHTML, like Gecko) Chrome/130.0.0.0 Safari/537.36"
162.213.251.208 - - [15/Nov/2024:10:54:07 -0500] "POST /wp-cron.php?doing_wp_cron=1731686046.2403120994567871093750 HTTP/1.1" 200 0 "-" "WordPress/6.7; https://reamcleaning.com"
5.133.47.232 - - [15/Nov/2024:10:54:05 -0500] "GET /wp-json/contact-form-7/v1/contact-forms/1066/feedback/schema HTTP/1.1" 200 1224 "https://reamcleaning.com/" "Mozilla/5.0 (Windows NT 10.0; Win64; x64) AppleWebKit/537.36 (KHTML, like Gecko) Chrome/130.0.0.0 Safari/537.36"
5.133.47.232 - - [15/Nov/2024:10:54:09 -0500] "GET /wp-content/uploads/2023/08/favicon-ream-cleaning-150x150.png HTTP/1.1" 200 8157 "https://reamcleaning.com/" "Mozilla/5.0 (Windows NT 10.0; Win64; x64) AppleWebKit/537.36 (KHTML, like Gecko) Chrome/130.0.0.0 Safari/537.36"
5.133.47.232 - - [15/Nov/2024:10:54:09 -0500] "GET /wp-json/contact-form-7/v1/contact-forms/1066/refill HTTP/1.1" 200 2 "https://reamcleaning.com/" "Mozilla/5.0 (Windows NT 10.0; Win64; x64) AppleWebKit/537.36 (KHTML, like Gecko) Chrome/130.0.0.0 Safari/537.36"
5.133.47.232 - - [15/Nov/2024:10:54:33 -0500] "GET /faqs/ HTTP/1.1" 200 24465 "https://reamcleaning.com/" "Mozilla/5.0 (Windows NT 10.0; Win64; x64) AppleWebKit/537.36 (KHTML, like Gecko) Chrome/130.0.0.0 Safari/537.36"
5.133.47.232 - - [15/Nov/2024:10:54:35 -0500] "GET /wp-content/uploads/elementor/css/post-1267.css?ver=1709051998 HTTP/1.1" 200 372 "https://reamcleaning.com/faqs/" "Mozilla/5.0 (Windows NT 10.0; Win64; x64) AppleWebKit/537.36 (KHTML, like Gecko) Chrome/130.0.0.0 Safari/537.36"
5.133.47.232 - - [15/Nov/2024:10:54:36 -0500] "GET /wp-content/themes/clentac/assets/fonts/fa-regular-400.woff2 HTTP/1.1" 200 13224 "https://reamcleaning.com/wp-content/themes/clentac/assets/css/fontawesome-all.min.css?ver=6.7" "Mozilla/5.0 (Windows NT 10.0; Win64; x64) AppleWebKit/537.36 (KHTML, like Gecko) Chrome/130.0.0.0 Safari/537.36"
5.133.47.232 - - [15/Nov/2024:10:54:36 -0500] "GET /wp-content/uploads/2023/08/breadcrumb_bg.jpg HTTP/1.1" 200 52499 "https://reamcleaning.com/faqs/" "Mozilla/5.0 (Windows NT 10.0; Win64; x64) AppleWebKit/537.36 (KHTML, like Gecko) Chrome/130.0.0.0 Safari/537.36"
162.213.251.208 - - [15/Nov/2024:10:55:31 -0500] "POST /wp-cron.php?doing_wp_cron=1731686130.2319619655609130859375 HTTP/1.1" 200 0 "-" "WordPress/6.7; https://reamcleaning.com"
57.141.3.13 - - [15/Nov/2024:10:55:29 -0500] "GET /about-us/ HTTP/1.1" 200 134248 "-" "meta-externalagent/1.1 (+https://developers.facebook.com/docs/sharing/webmasters/crawler)"
162.213.251.208 - - [15/Nov/2024:10:58:46 -0500] "POST /wp-cron.php?doing_wp_cron=1731686325.3274700641632080078125 HTTP/1.1" 200 0 "-" "WordPress/6.7; https://reamcleaning.com"
57.141.3.9 - - [15/Nov/2024:10:58:38 -0500] "GET /tag/booking/ HTTP/1.1" 200 64630 "-" "meta-externalagent/1.1 (+https://developers.facebook.com/docs/sharing/webmasters/crawler)"
57.141.3.17 - - [15/Nov/2024:10:59:00 -0500] "GET /services-cat/toilet/ HTTP/1.1" 200 59367 "-" "meta-externalagent/1.1 (+https://developers.facebook.com/docs/sharing/webmasters/crawler)"
162.213.251.208 - - [15/Nov/2024:11:20:14 -0500] "POST /wp-cron.php?doing_wp_cron=1731687613.1533949375152587890625 HTTP/1.1" 200 0 "-" "WordPress/6.7; https://reamcleaning.com"
157.55.39.196 - - [15/Nov/2024:11:19:59 -0500] "GET /about-us HTTP/1.1" 301 0 "-" "Mozilla/5.0 AppleWebKit/537.36 (KHTML, like Gecko; compatible; bingbot/2.0; +http://www.bing.com/bingbot.htm) Chrome/116.0.1938.76 Safari/537.36"
157.55.39.196 - - [15/Nov/2024:11:20:19 -0500] "GET /about-us/ HTTP/1.1" 200 30934 "-" "Mozilla/5.0 AppleWebKit/537.36 (KHTML, like Gecko; compatible; bingbot/2.0; +http://www.bing.com/bingbot.htm) Chrome/116.0.1938.76 Safari/537.36"
162.213.251.208 - - [15/Nov/2024:11:25:13 -0500] "POST /wp-cron.php?doing_wp_cron=1731687913.2238659858703613281250 HTTP/1.1" 200 0 "-" "WordPress/6.7; https://reamcleaning.com"
57.141.3.9 - - [15/Nov/2024:11:25:00 -0500] "GET /use-soap-and-water-to-clean-your-kitchen-shelves-too/ HTTP/1.1" 200 71105 "-" "meta-externalagent/1.1 (+https://developers.facebook.com/docs/sharing/webmasters/crawler)"
162.213.251.208 - - [15/Nov/2024:11:41:46 -0500] "POST /wp-cron.php?doing_wp_cron=1731688905.8972589969635009765625 HTTP/1.1" 200 0 "-" "WordPress/6.7; https://reamcleaning.com"
51.222.253.19 - - [15/Nov/2024:11:41:32 -0500] "GET /services-cat/office/feed/ HTTP/1.1" 200 2376 "-" "Mozilla/5.0 (compatible; AhrefsBot/7.0; +http://ahrefs.com/robot/)"
162.213.251.208 - - [15/Nov/2024:11:53:03 -0500] "POST /wp-cron.php?doing_wp_cron=1731689581.3535249233245849609375 HTTP/1.1" 200 0 "-" "WordPress/6.7; https://reamcleaning.com"
40.77.167.54 - - [15/Nov/2024:11:52:49 -0500] "GET /wp-sitemap-taxonomies-post_tag-1.xml HTTP/1.1" 200 201 "-" "Mozilla/5.0 AppleWebKit/537.36 (KHTML, like Gecko; compatible; bingbot/2.0; +http://www.bing.com/bingbot.htm) Chrome/116.0.1938.76 Safari/537.36"
162.213.251.208 - - [15/Nov/2024:12:12:17 -0500] "POST /wp-cron.php?doing_wp_cron=1731690736.8800029754638671875000 HTTP/1.1" 200 0 "-" "WordPress/6.7; https://reamcleaning.com"
203.161.62.74 - - [15/Nov/2024:12:12:05 -0500] "POST /xmlrpc.php HTTP/1.1" 200 403 "-" "Mozilla/5.0 (Windows NT 10.0; Win64; x64) AppleWebKit/537.36 (KHTML, like Gecko) Chrome/74.0.3729.169 Safari/537.36"
52.167.144.194 - - [15/Nov/2024:12:20:45 -0500] "GET /wp-sitemap-users-1.xml HTTP/1.1" 200 159 "-" "Mozilla/5.0 AppleWebKit/537.36 (KHTML, like Gecko; compatible; bingbot/2.0; +http://www.bing.com/bingbot.htm) Chrome/116.0.1938.76 Safari/537.36"
162.213.251.208 - - [15/Nov/2024:12:34:41 -0500] "POST /wp-cron.php?doing_wp_cron=1731692081.0574440956115722656250 HTTP/1.1" 200 0 "-" "WordPress/6.7; https://reamcleaning.com"
51.222.253.18 - - [15/Nov/2024:12:34:34 -0500] "GET /robots.txt HTTP/1.1" 200 98 "-" "Mozilla/5.0 (compatible; AhrefsBot/7.0; +http://ahrefs.com/robot/)"
51.222.253.15 - - [15/Nov/2024:12:34:42 -0500] "GET /2023/ HTTP/1.1" 200 13081 "-" "Mozilla/5.0 (compatible; AhrefsBot/7.0; +http://ahrefs.com/robot/)"
162.213.251.208 - - [15/Nov/2024:12:46:48 -0500] "POST /wp-cron.php?doing_wp_cron=1731692808.8987159729003906250000 HTTP/1.1" 200 0 "-" "WordPress/6.7; https://reamcleaning.com"
205.210.31.28 - - [15/Nov/2024:12:46:41 -0500] "GET / HTTP/1.1" 200 183682 "http://162.213.251.208:80/" "-"
162.213.251.208 - - [15/Nov/2024:13:08:01 -0500] "POST /wp-cron.php?doing_wp_cron=1731694081.3572490215301513671875 HTTP/1.1" 200 0 "-" "WordPress/6.7; https://reamcleaning.com"
52.167.144.140 - - [15/Nov/2024:13:07:56 -0500] "GET /wp-sitemap-taxonomies-category-1.xml HTTP/1.1" 200 194 "-" "Mozilla/5.0 AppleWebKit/537.36 (KHTML, like Gecko; compatible; bingbot/2.0; +http://www.bing.com/bingbot.htm) Chrome/116.0.1938.76 Safari/537.36"
138.199.48.4 - - [15/Nov/2024:13:08:42 -0500] "GET /archivarix.cms.php HTTP/1.1" 404 10658 "https://reamcleaning.com/archivarix.cms.php" "Mozilla/5.0 (platform; rv:geckoversion) Gecko/geckotrail Firefox/firefoxversion"
162.213.251.208 - - [15/Nov/2024:13:11:20 -0500] "POST /wp-cron.php?doing_wp_cron=1731694280.2771649360656738281250 HTTP/1.1" 200 0 "-" "WordPress/6.7; https://reamcleaning.com"
52.167.144.140 - - [15/Nov/2024:13:11:16 -0500] "GET /wp-sitemap-taxonomies-project-cat-1.xml HTTP/1.1" 200 200 "-" "Mozilla/5.0 AppleWebKit/537.36 (KHTML, like Gecko; compatible; bingbot/2.0; +http://www.bing.com/bingbot.htm) Chrome/116.0.1938.76 Safari/537.36"
216.244.66.242 - - [15/Nov/2024:13:11:32 -0500] "GET /robots.txt HTTP/1.1" 200 117 "-" "Mozilla/5.0 (compatible; DotBot/1.2; +https://opensiteexplorer.org/dotbot; help@moz.com)"
162.213.251.208 - - [15/Nov/2024:13:14:28 -0500] "POST /wp-cron.php?doing_wp_cron=1731694468.3769099712371826171875 HTTP/1.1" 200 0 "-" "WordPress/6.7; https://reamcleaning.com"
216.244.66.242 - - [15/Nov/2024:13:14:25 -0500] "GET /category/business/ HTTP/1.1" 200 62668 "-" "Mozilla/5.0 (compatible; DotBot/1.2; +https://opensiteexplorer.org/dotbot; help@moz.com)"
162.213.251.208 - - [15/Nov/2024:13:23:26 -0500] "POST /wp-cron.php?doing_wp_cron=1731695006.7422239780426025390625 HTTP/1.1" 200 0 "-" "WordPress/6.7; https://reamcleaning.com"
207.46.13.150 - - [15/Nov/2024:13:23:21 -0500] "GET /wp-sitemap-posts-page-1.xml HTTP/1.1" 200 288 "-" "Mozilla/5.0 AppleWebKit/537.36 (KHTML, like Gecko; compatible; bingbot/2.0; +http://www.bing.com/bingbot.htm) Chrome/116.0.1938.76 Safari/537.36"
162.213.251.208 - - [15/Nov/2024:13:28:01 -0500] "POST /wp-cron.php?doing_wp_cron=1731695281.4266800880432128906250 HTTP/1.1" 200 0 "-" "WordPress/6.7; https://reamcleaning.com"
51.222.253.15 - - [15/Nov/2024:13:27:57 -0500] "GET /faqs/ HTTP/1.1" 200 24439 "-" "Mozilla/5.0 (compatible; AhrefsBot/7.0; +http://ahrefs.com/robot/)"
51.222.253.20 - - [15/Nov/2024:13:28:04 -0500] "GET /wp-content/uploads/elementor/css/post-1267.css?ver=1709051998 HTTP/1.1" 200 372 "-" "Mozilla/5.0 (compatible; AhrefsBot/7.0; +http://ahrefs.com/robot/)"
162.213.251.208 - - [15/Nov/2024:13:29:59 -0500] "POST /wp-cron.php?doing_wp_cron=1731695399.7388730049133300781250 HTTP/1.1" 200 0 "-" "WordPress/6.7; https://reamcleaning.com"
178.171.89.246 - - [15/Nov/2024:13:29:57 -0500] "GET / HTTP/1.1" 301 0 "-" "Mozilla/5.0 (Windows NT 10.0; Win64; x64) AppleWebKit/537.36 (KHTML, like Gecko) Chrome/69.0.3497.100 Safari/537.36"
178.171.89.67 - - [15/Nov/2024:13:30:00 -0500] "GET / HTTP/1.1" 200 31066 "https://www.reamcleaning.com/" "Mozilla/5.0 (Windows NT 10.0; Win64; x64) AppleWebKit/537.36 (KHTML, like Gecko) Chrome/69.0.3497.100 Safari/537.36"
45.133.170.139 - - [15/Nov/2024:13:30:02 -0500] "GET / HTTP/1.1" 301 0 "-" "Mozilla/5.0 (Windows NT 10.0; Win64; x64) AppleWebKit/537.36 (KHTML, like Gecko) Chrome/69.0.3497.100 Safari/537.36"
45.89.241.139 - - [15/Nov/2024:13:30:02 -0500] "GET /our-services/ HTTP/1.1" 200 27299 "-" "Mozilla/5.0 (Windows NT 10.0; Win64; x64) AppleWebKit/537.36 (KHTML, like Gecko) Chrome/69.0.3497.100 Safari/537.36"
102.165.0.139 - - [15/Nov/2024:13:30:02 -0500] "GET /about-us/ HTTP/1.1" 200 30955 "-" "Mozilla/5.0 (Windows NT 10.0; Win64; x64) AppleWebKit/537.36 (KHTML, like Gecko) Chrome/69.0.3497.100 Safari/537.36"
185.213.246.139 - - [15/Nov/2024:13:30:02 -0500] "GET /contact/ HTTP/1.1" 200 15708 "-" "Mozilla/5.0 (Windows NT 10.0; Win64; x64) AppleWebKit/537.36 (KHTML, like Gecko) Chrome/69.0.3497.100 Safari/537.36"
86.105.185.128 - - [15/Nov/2024:13:30:04 -0500] "GET / HTTP/1.1" 200 31099 "https://www.reamcleaning.com/" "Mozilla/5.0 (Windows NT 10.0; Win64; x64) AppleWebKit/537.36 (KHTML, like Gecko) Chrome/69.0.3497.100 Safari/537.36"
162.213.251.208 - - [15/Nov/2024:13:34:05 -0500] "POST /wp-cron.php?doing_wp_cron=1731695645.0776529312133789062500 HTTP/1.1" 200 0 "-" "WordPress/6.7; https://reamcleaning.com"
207.46.13.54 - - [15/Nov/2024:13:34:01 -0500] "GET /wp-sitemap-posts-post-1.xml HTTP/1.1" 200 363 "-" "Mozilla/5.0 AppleWebKit/537.36 (KHTML, like Gecko; compatible; bingbot/2.0; +http://www.bing.com/bingbot.htm) Chrome/116.0.1938.76 Safari/537.36"
162.213.251.208 - - [15/Nov/2024:13:45:10 -0500] "POST /wp-cron.php?doing_wp_cron=1731696310.6403720378875732421875 HTTP/1.1" 200 0 "-" "WordPress/6.7; https://reamcleaning.com"
162.0.232.28 - - [15/Nov/2024:13:45:01 -0500] "POST /xmlrpc.php HTTP/1.1" 200 403 "-" "Mozilla/5.0 (Windows NT 10.0; Win64; x64) AppleWebKit/537.36 (KHTML, like Gecko) Chrome/60.0.3112.113 Safari/537.36"
162.213.251.208 - - [15/Nov/2024:13:46:04 -0500] "POST /wp-cron.php?doing_wp_cron=1731696364.9600470066070556640625 HTTP/1.1" 200 0 "-" "WordPress/6.7; https://reamcleaning.com"
45.156.184.38 - - [15/Nov/2024:13:46:04 -0500] "POST /xmlrpc.php HTTP/1.1" 200 403 "-" "Mozilla/5.0 (Windows NT 6.1; Win64; x64) AppleWebKit/537.36 (KHTML, like Gecko) Chrome/63.0.3239.132 Safari/537.36"
162.213.251.208 - - [15/Nov/2024:14:35:41 -0500] "POST /wp-cron.php?doing_wp_cron=1731699340.3244071006774902343750 HTTP/1.1" 200 0 "-" "WordPress/6.7; https://reamcleaning.com"
88.210.10.79 - - [15/Nov/2024:14:35:29 -0500] "GET / HTTP/1.1" 200 37686 "-" "Mozilla/5.0 (Windows NT 10.0; Win64; x64) AppleWebKit/537.36 (KHTML, like Gecko) Chrome/120.0.0.0 Safari/537.36"
106.51.77.183 - - [15/Nov/2024:14:35:49 -0500] "POST / HTTP/1.1" 200 37891 "-" "Mozilla/5.0 (Windows NT 10.0; Win64; x64) AppleWebKit/537.36 (KHTML, like Gecko) Chrome/120.0.0.0 Safari/537.36"
162.213.251.208 - - [15/Nov/2024:14:35:56 -0500] "POST /wp-cron.php?doing_wp_cron=1731699355.9442329406738281250000 HTTP/1.1" 200 0 "-" "WordPress/6.7; https://reamcleaning.com"
106.51.77.183 - - [15/Nov/2024:14:35:55 -0500] "POST / HTTP/1.1" 200 37684 "-" "Mozilla/5.0 (Windows NT 10.0; Win64; x64) AppleWebKit/537.36 (KHTML, like Gecko) Chrome/120.0.0.0 Safari/537.36"
106.51.77.183 - - [15/Nov/2024:14:36:00 -0500] "POST / HTTP/1.1" 200 37869 "-" "Mozilla/5.0 (Windows NT 10.0; Win64; x64) AppleWebKit/537.36 (KHTML, like Gecko) Chrome/120.0.0.0 Safari/537.36"
106.51.77.183 - - [15/Nov/2024:14:36:04 -0500] "POST / HTTP/1.1" 200 37796 "-" "Mozilla/5.0 (Windows NT 10.0; Win64; x64) AppleWebKit/537.36 (KHTML, like Gecko) Chrome/120.0.0.0 Safari/537.36"
88.210.10.79 - - [15/Nov/2024:14:36:08 -0500] "GET /comments/feed/ HTTP/1.1" 200 1098 "-" "Mozilla/5.0 (Windows NT 10.0; Win64; x64) AppleWebKit/537.36 (KHTML, like Gecko) Chrome/120.0.0.0 Safari/537.36"
88.210.10.79 - - [15/Nov/2024:14:36:10 -0500] "GET /contact/ HTTP/1.1" 200 18195 "-" "Mozilla/5.0 (Windows NT 10.0; Win64; x64) AppleWebKit/537.36 (KHTML, like Gecko) Chrome/120.0.0.0 Safari/537.36"
106.51.77.183 - - [15/Nov/2024:14:36:13 -0500] "POST /contact/ HTTP/1.1" 200 18322 "-" "Mozilla/5.0 (Windows NT 10.0; Win64; x64) AppleWebKit/537.36 (KHTML, like Gecko) Chrome/120.0.0.0 Safari/537.36"
106.51.77.183 - - [15/Nov/2024:14:36:18 -0500] "POST /contact/ HTTP/1.1" 200 18198 "-" "Mozilla/5.0 (Windows NT 10.0; Win64; x64) AppleWebKit/537.36 (KHTML, like Gecko) Chrome/120.0.0.0 Safari/537.36"
106.51.77.183 - - [15/Nov/2024:14:36:21 -0500] "POST /contact/ HTTP/1.1" 200 18364 "-" "Mozilla/5.0 (Windows NT 10.0; Win64; x64) AppleWebKit/537.36 (KHTML, like Gecko) Chrome/120.0.0.0 Safari/537.36"
106.51.77.183 - - [15/Nov/2024:14:36:24 -0500] "POST /contact/ HTTP/1.1" 200 18165 "-" "Mozilla/5.0 (Windows NT 10.0; Win64; x64) AppleWebKit/537.36 (KHTML, like Gecko) Chrome/120.0.0.0 Safari/537.36"
162.213.251.208 - - [15/Nov/2024:15:03:43 -0500] "POST /wp-cron.php?doing_wp_cron=1731701021.3667759895324707031250 HTTP/1.1" 200 0 "-" "WordPress/6.7; https://reamcleaning.com"
40.77.167.0 - - [15/Nov/2024:15:03:31 -0500] "GET /?s=2025 HTTP/1.1" 200 12379 "-" "Mozilla/5.0 AppleWebKit/537.36 (KHTML, like Gecko; compatible; bingbot/2.0; +http://www.bing.com/bingbot.htm) Chrome/116.0.1938.76 Safari/537.36"
162.213.251.208 - - [15/Nov/2024:15:55:41 -0500] "POST /wp-cron.php?doing_wp_cron=1731704141.0386469364166259765625 HTTP/1.1" 200 0 "-" "WordPress/6.7; https://reamcleaning.com"
40.77.167.70 - - [15/Nov/2024:15:55:32 -0500] "GET /wp-sitemap-posts-project-1.xml HTTP/1.1" 200 264 "-" "Mozilla/5.0 AppleWebKit/537.36 (KHTML, like Gecko; compatible; bingbot/2.0; +http://www.bing.com/bingbot.htm) Chrome/116.0.1938.76 Safari/537.36"
162.213.251.208 - - [15/Nov/2024:16:05:50 -0500] "POST /wp-cron.php?doing_wp_cron=1731704750.5057799816131591796875 HTTP/1.1" 200 0 "-" "WordPress/6.7; https://reamcleaning.com"
205.210.31.232 - - [15/Nov/2024:16:05:43 -0500] "GET / HTTP/1.1" 301 0 "-" "Expanse, a Palo Alto Networks company, searches across the global IPv4 space multiple times per day to identify customers' presences on the Internet. If you would like to be excluded from our scans, please send IP addresses/domains to: scaninfo@paloaltonetworks.com"
162.213.251.208 - - [15/Nov/2024:17:10:33 -0500] "POST /wp-cron.php?doing_wp_cron=1731708633.0064160823822021484375 HTTP/1.1" 200 0 "-" "WordPress/6.7; https://reamcleaning.com"
51.222.253.6 - - [15/Nov/2024:17:10:26 -0500] "GET /estimate/ HTTP/1.1" 200 15407 "-" "Mozilla/5.0 (compatible; AhrefsBot/7.0; +http://ahrefs.com/robot/)"
162.213.251.208 - - [15/Nov/2024:17:12:55 -0500] "POST /wp-cron.php?doing_wp_cron=1731708774.9347589015960693359375 HTTP/1.1" 200 0 "-" "WordPress/6.7; https://reamcleaning.com"
85.208.96.199 - - [15/Nov/2024:17:12:48 -0500] "GET /robots.txt HTTP/1.1" 200 112 "-" "Mozilla/5.0 (compatible; SemrushBot/7~bl; +http://www.semrush.com/bot.html)"
185.191.171.12 - - [15/Nov/2024:17:12:57 -0500] "GET /about-us/ HTTP/1.1" 200 36827 "-" "Mozilla/5.0 (compatible; SemrushBot/7~bl; +http://www.semrush.com/bot.html)"
162.213.251.208 - - [15/Nov/2024:17:44:52 -0500] "POST /wp-cron.php?doing_wp_cron=1731710692.2970321178436279296875 HTTP/1.1" 200 0 "-" "WordPress/6.7; https://reamcleaning.com"
51.8.102.200 - - [15/Nov/2024:17:44:45 -0500] "GET /robots.txt HTTP/1.1" 200 98 "-" "Mozilla/5.0 AppleWebKit/537.36 (KHTML, like Gecko); compatible; OAI-SearchBot/1.0; +https://openai.com/searchbot"
162.213.251.208 - - [15/Nov/2024:17:51:43 -0500] "POST /wp-cron.php?doing_wp_cron=1731711103.1570150852203369140625 HTTP/1.1" 200 0 "-" "WordPress/6.7; https://reamcleaning.com"
207.46.13.155 - - [15/Nov/2024:17:51:37 -0500] "GET /services-cat/office HTTP/1.1" 301 0 "-" "Mozilla/5.0 AppleWebKit/537.36 (KHTML, like Gecko; compatible; bingbot/2.0; +http://www.bing.com/bingbot.htm) Chrome/116.0.1938.76 Safari/537.36"
207.46.13.155 - - [15/Nov/2024:17:51:46 -0500] "GET /services-cat/office/ HTTP/1.1" 200 12146 "-" "Mozilla/5.0 AppleWebKit/537.36 (KHTML, like Gecko; compatible; bingbot/2.0; +http://www.bing.com/bingbot.htm) Chrome/116.0.1938.76 Safari/537.36"
162.213.251.208 - - [15/Nov/2024:17:54:10 -0500] "POST /wp-cron.php?doing_wp_cron=1731711250.2706930637359619140625 HTTP/1.1" 200 0 "-" "WordPress/6.7; https://reamcleaning.com"
146.103.25.4 - - [15/Nov/2024:17:54:01 -0500] "GET /my-account/ HTTP/1.1" 404 50703 "-" "Mozilla/5.0 (Windows NT 10.0; Win64; x64; rv:129.0) Gecko/20100101 Firefox/129.0"
162.213.251.208 - - [15/Nov/2024:17:56:34 -0500] "POST /wp-cron.php?doing_wp_cron=1731711394.2692360877990722656250 HTTP/1.1" 200 0 "-" "WordPress/6.7; https://reamcleaning.com"
51.222.253.18 - - [15/Nov/2024:17:56:27 -0500] "GET /the-flip-and-fluff-routine-is-the-best-thing-idea/feed/ HTTP/1.1" 200 473 "-" "Mozilla/5.0 (compatible; AhrefsBot/7.0; +http://ahrefs.com/robot/)"
162.213.251.208 - - [15/Nov/2024:18:06:39 -0500] "POST /wp-cron.php?doing_wp_cron=1731711999.3345708847045898437500 HTTP/1.1" 200 0 "-" "WordPress/6.7; https://reamcleaning.com"
40.77.167.33 - - [15/Nov/2024:18:06:24 -0500] "GET /wp-sitemap-posts-services-1.xml HTTP/1.1" 200 279 "-" "Mozilla/5.0 AppleWebKit/537.36 (KHTML, like Gecko; compatible; bingbot/2.0; +http://www.bing.com/bingbot.htm) Chrome/116.0.1938.76 Safari/537.36"
162.213.251.208 - - [15/Nov/2024:18:46:29 -0500] "POST /wp-cron.php?doing_wp_cron=1731714388.9138939380645751953125 HTTP/1.1" 200 0 "-" "WordPress/6.7; https://reamcleaning.com"
51.222.253.3 - - [15/Nov/2024:18:46:23 -0500] "GET /use-soap-and-water-to-clean-your-kitchen-shelves-too/feed/ HTTP/1.1" 200 464 "-" "Mozilla/5.0 (compatible; AhrefsBot/7.0; +http://ahrefs.com/robot/)"
162.213.251.208 - - [15/Nov/2024:19:14:04 -0500] "POST /wp-cron.php?doing_wp_cron=1731716043.3816928863525390625000 HTTP/1.1" 200 0 "-" "WordPress/6.7; https://reamcleaning.com"
43.135.183.82 - - [15/Nov/2024:19:13:52 -0500] "GET / HTTP/1.1" 301 0 "http://www.reamcleaning.com" "Mozilla/5.0 (iPhone; CPU iPhone OS 13_2_3 like Mac OS X) AppleWebKit/605.1.15 (KHTML, like Gecko) Version/13.0.3 Mobile/15E148 Safari/604.1"
43.135.183.82 - - [15/Nov/2024:19:14:06 -0500] "GET / HTTP/1.1" 200 37683 "https://www.reamcleaning.com/" "Mozilla/5.0 (iPhone; CPU iPhone OS 13_2_3 like Mac OS X) AppleWebKit/605.1.15 (KHTML, like Gecko) Version/13.0.3 Mobile/15E148 Safari/604.1"
162.213.251.208 - - [15/Nov/2024:20:38:02 -0500] "POST /wp-cron.php?doing_wp_cron=1731721082.0290870666503906250000 HTTP/1.1" 200 0 "-" "WordPress/6.7; https://reamcleaning.com"
51.222.253.7 - - [15/Nov/2024:20:37:52 -0500] "GET /we-are-providing-the-best-was-cleaning-services-in-town/feed/ HTTP/1.1" 200 465 "-" "Mozilla/5.0 (compatible; AhrefsBot/7.0; +http://ahrefs.com/robot/)"
87.120.116.15 - - [15/Nov/2024:21:08:29 -0500] "GET / HTTP/1.1" 200 0 "-" "-"
162.213.251.208 - - [15/Nov/2024:21:08:36 -0500] "POST /wp-cron.php?doing_wp_cron=1731722916.3509418964385986328125 HTTP/1.1" 200 0 "-" "WordPress/6.7; https://reamcleaning.com"
87.120.116.15 - - [15/Nov/2024:21:08:34 -0500] "GET / HTTP/1.1" 200 183682 "-" "-"
87.120.116.15 - - [15/Nov/2024:21:08:39 -0500] "GET /wordpress HTTP/1.1" 404 50703 "-" "-"
87.120.116.15 - - [15/Nov/2024:21:08:40 -0500] "GET /wp-admin/setup-config.php HTTP/1.1" 409 2665 "-" "-"
87.120.116.15 - - [15/Nov/2024:21:08:42 -0500] "GET /wp-admin/install.php HTTP/1.1" 200 1281 "-" "-"
87.120.116.15 - - [15/Nov/2024:21:08:43 -0500] "GET /wp HTTP/1.1" 404 50703 "-" "-"
87.120.116.15 - - [15/Nov/2024:21:08:45 -0500] "GET /blog HTTP/1.1" 301 0 "-" "-"
87.120.116.15 - - [15/Nov/2024:21:08:46 -0500] "GET /blog/ HTTP/1.1" 200 71259 "-" "-"
87.120.116.15 - - [15/Nov/2024:21:08:50 -0500] "GET /new HTTP/1.1" 301 0 "-" "-"
162.213.251.208 - - [15/Nov/2024:21:08:52 -0500] "POST /wp-cron.php?doing_wp_cron=1731722932.6504640579223632812500 HTTP/1.1" 200 0 "-" "WordPress/6.7; https://reamcleaning.com"
87.120.116.15 - - [15/Nov/2024:21:08:51 -0500] "GET /new-cleaning-with-hydrogen-at-many-peroxide-tips/ HTTP/1.1" 200 69916 "-" "-"
87.120.116.15 - - [15/Nov/2024:21:08:57 -0500] "GET /old HTTP/1.1" 404 50703 "-" "-"
87.120.116.15 - - [15/Nov/2024:21:09:01 -0500] "GET /newsite HTTP/1.1" 404 50703 "-" "-"
87.120.116.15 - - [15/Nov/2024:21:09:04 -0500] "GET /test HTTP/1.1" 404 50703 "-" "-"
87.120.116.15 - - [15/Nov/2024:21:09:06 -0500] "GET /main HTTP/1.1" 404 50703 "-" "-"
87.120.116.15 - - [15/Nov/2024:21:09:07 -0500] "GET /testing HTTP/1.1" 404 50703 "-" "-"
87.120.116.15 - - [15/Nov/2024:21:09:09 -0500] "GET /site HTTP/1.1" 404 50703 "-" "-"
87.120.116.15 - - [15/Nov/2024:21:09:11 -0500] "GET /backup HTTP/1.1" 404 50703 "-" "-"
87.120.116.15 - - [15/Nov/2024:21:09:14 -0500] "GET /demo HTTP/1.1" 404 50703 "-" "-"
87.120.116.15 - - [15/Nov/2024:21:09:16 -0500] "GET /home HTTP/1.1" 301 0 "-" "-"
87.120.116.15 - - [15/Nov/2024:21:09:17 -0500] "GET / HTTP/1.1" 200 183682 "-" "-"
87.120.116.15 - - [15/Nov/2024:21:09:20 -0500] "GET /tmp HTTP/1.1" 404 50703 "-" "-"
87.120.116.15 - - [15/Nov/2024:21:09:22 -0500] "GET /dev HTTP/1.1" 404 50703 "-" "-"
87.120.116.15 - - [15/Nov/2024:21:09:23 -0500] "GET /cms HTTP/1.1" 404 50703 "-" "-"
87.120.116.15 - - [15/Nov/2024:21:09:25 -0500] "GET /portal HTTP/1.1" 404 50703 "-" "-"
87.120.116.15 - - [15/Nov/2024:21:09:26 -0500] "GET /web HTTP/1.1" 404 50703 "-" "-"
162.213.251.208 - - [16/Nov/2024:00:52:41 -0500] "POST /wp-cron.php?doing_wp_cron=1731736361.7612810134887695312500 HTTP/1.1" 200 0 "-" "WordPress/6.7; https://reamcleaning.com"
54.36.149.24 - - [16/Nov/2024:00:52:31 -0500] "GET /robots.txt HTTP/1.1" 200 98 "-" "Mozilla/5.0 (compatible; AhrefsBot/7.0; +http://ahrefs.com/robot/)"
173.236.242.181 - - [16/Nov/2024:01:21:22 -0500] "POST /xmlrpc.php HTTP/1.1" 200 403 "-" "Mozilla/5.0 (Windows NT 10.0; Win64; x64) AppleWebKit/537.36 (KHTML, like Gecko) Chrome/84.0.4147.135 Safari/537.36"