403Webshell
Server IP : 162.213.251.208  /  Your IP : 3.148.115.173
Web Server : LiteSpeed
System : Linux business55.web-hosting.com 4.18.0-553.lve.el8.x86_64 #1 SMP Mon May 27 15:27:34 UTC 2024 x86_64
User : jmoroovq ( 1890)
PHP Version : 7.4.33
Disable Function : NONE
MySQL : OFF  |  cURL : ON  |  WGET : ON  |  Perl : ON  |  Python : ON  |  Sudo : OFF  |  Pkexec : OFF
Directory :  /home/jmoroovq/access-logs/

Upload File :
current_dir [ Writeable ] document_root [ Writeable ]

 

Command :


[ Back ]     

Current File : /home/jmoroovq//access-logs/shapegain.jmorgstudios.com-ssl_log
35.212.241.96 - - [15/Nov/2024:07:12:44 -0500] "POST /wp-login.php HTTP/1.1" 200 0 "-" "Mozilla/5.0 (Windows NT 10.0; WOW64) AppleWebKit/537.36 (KHTML, like Gecko) Chrome/53.0.2785.143 Safari/537.36"
162.213.251.208 - - [15/Nov/2024:07:12:55 -0500] "POST /wp-cron.php?doing_wp_cron=1731672774.9097208976745605468750 HTTP/1.1" 200 0 "-" "WordPress/6.7; https://shapegain.com"
162.213.251.208 - - [15/Nov/2024:07:13:35 -0500] "POST /wp-cron.php?doing_wp_cron=1731672815.9065589904785156250000 HTTP/1.1" 200 0 "-" "WordPress/6.7; https://shapegain.com"
51.222.253.7 - - [15/Nov/2024:07:13:35 -0500] "GET /product-tag/phone/?add-to-cart=821 HTTP/1.1" 200 24730 "-" "Mozilla/5.0 (compatible; AhrefsBot/7.0; +http://ahrefs.com/robot/)"
162.213.251.208 - - [15/Nov/2024:07:56:31 -0500] "POST /wp-cron.php?doing_wp_cron=1731675391.3864600658416748046875 HTTP/1.1" 200 0 "-" "WordPress/6.7; https://shapegain.com"
40.77.167.21 - - [15/Nov/2024:07:56:24 -0500] "GET /?s=5 HTTP/1.1" 200 25007 "-" "Mozilla/5.0 AppleWebKit/537.36 (KHTML, like Gecko; compatible; bingbot/2.0; +http://www.bing.com/bingbot.htm) Chrome/116.0.1938.76 Safari/537.36"
154.213.185.247 - - [15/Nov/2024:07:56:40 -0500] "GET /.git/config HTTP/1.1" 403 1242 "-" "Mozilla/5.0 (Macintosh; Intel Mac OS X 10_12_3) AppleWebKit/537.36 (KHTML, like Gecko) Chrome/56.0.2924.87 Safari/537.36"
162.213.251.208 - - [15/Nov/2024:08:18:43 -0500] "POST /wp-cron.php?doing_wp_cron=1731676723.1701629161834716796875 HTTP/1.1" 200 0 "-" "WordPress/6.7; https://shapegain.com"
54.236.1.11 - - [15/Nov/2024:08:18:37 -0500] "GET /robots.txt HTTP/1.1" 200 158 "-" "Mozilla/5.0 (compatible; Pinterestbot/1.0; +http://www.pinterest.com/bot.html)"
54.236.1.13 - - [15/Nov/2024:08:18:43 -0500] "GET / HTTP/1.1" 200 46091 "-" "Mozilla/5.0 (compatible; Pinterestbot/1.0; +http://www.pinterest.com/bot.html)"
54.236.1.11 - - [15/Nov/2024:08:19:01 -0500] "GET /robots.txt HTTP/1.1" 200 158 "-" "Mozilla/5.0 (compatible; Pinterestbot/1.0; +http://www.pinterest.com/bot.html)"
54.236.1.13 - - [15/Nov/2024:08:19:01 -0500] "GET / HTTP/1.1" 200 46177 "-" "Mozilla/5.0 (compatible; Pinterestbot/1.0; +http://www.pinterest.com/bot.html)"
162.213.251.208 - - [15/Nov/2024:08:20:36 -0500] "POST /wp-cron.php?doing_wp_cron=1731676836.0365629196166992187500 HTTP/1.1" 200 0 "-" "WordPress/6.7; https://shapegain.com"
51.222.253.7 - - [15/Nov/2024:08:20:33 -0500] "GET /product-category/straps/feed/ HTTP/1.1" 200 2354 "-" "Mozilla/5.0 (compatible; AhrefsBot/7.0; +http://ahrefs.com/robot/)"
162.213.251.208 - - [15/Nov/2024:08:31:32 -0500] "POST /wp-cron.php?doing_wp_cron=1731677492.0817770957946777343750 HTTP/1.1" 200 0 "-" "WordPress/6.7; https://shapegain.com"
207.135.200.185 - - [15/Nov/2024:08:31:26 -0500] "GET / HTTP/1.1" 301 0 "-" "Mozilla/5.0 (Windows NT 10.0; Win64; x64) AppleWebKit/537.36 (KHTML, like Gecko) Chrome/119.0.0.0 Safari/537.36"
207.135.200.185 - - [15/Nov/2024:08:31:32 -0500] "GET / HTTP/1.1" 200 46046 "-" "Mozilla/5.0 (Windows NT 10.0; Win64; x64) AppleWebKit/537.36 (KHTML, like Gecko) Chrome/119.0.0.0 Safari/537.36"
162.213.251.208 - - [15/Nov/2024:08:34:19 -0500] "POST /wp-cron.php?doing_wp_cron=1731677659.7868599891662597656250 HTTP/1.1" 200 0 "-" "WordPress/6.7; https://shapegain.com"
182.44.2.148 - - [15/Nov/2024:08:34:14 -0500] "GET /terms-of-use/ HTTP/1.1" 200 34128 "-" "Mozilla/5.0 (iPhone; CPU iPhone OS 13_2_3 like Mac OS X) AppleWebKit/605.1.15 (KHTML, like Gecko) Version/13.0.3 Mobile/15E148 Safari/604.1"
123.187.240.242 - - [15/Nov/2024:08:34:54 -0500] "GET /terms-of-use/ HTTP/1.1" 200 34128 "-" "Mozilla/5.0 (iPhone; CPU iPhone OS 13_2_3 like Mac OS X) AppleWebKit/605.1.15 (KHTML, like Gecko) Version/13.0.3 Mobile/15E148 Safari/604.1"
117.33.163.216 - - [15/Nov/2024:08:34:56 -0500] "GET /wishlist/ HTTP/1.1" 200 26832 "-" "Mozilla/5.0 (iPhone; CPU iPhone OS 13_2_3 like Mac OS X) AppleWebKit/605.1.15 (KHTML, like Gecko) Version/13.0.3 Mobile/15E148 Safari/604.1"
162.213.251.208 - - [15/Nov/2024:08:35:17 -0500] "POST /wp-cron.php?doing_wp_cron=1731677717.4823019504547119140625 HTTP/1.1" 200 0 "-" "WordPress/6.7; https://shapegain.com"
58.49.233.126 - - [15/Nov/2024:08:35:17 -0500] "GET /terms-of-use/ HTTP/1.1" 200 34063 "-" "Mozilla/5.0 (iPhone; CPU iPhone OS 13_2_3 like Mac OS X) AppleWebKit/605.1.15 (KHTML, like Gecko) Version/13.0.3 Mobile/15E148 Safari/604.1"
162.213.251.208 - - [15/Nov/2024:08:49:46 -0500] "POST /wp-cron.php?doing_wp_cron=1731678586.8792319297790527343750 HTTP/1.1" 200 0 "-" "WordPress/6.7; https://shapegain.com"
34.220.180.153 - - [15/Nov/2024:08:49:41 -0500] "GET / HTTP/1.1" 200 35954 "-" "Mozilla/5.0 (Macintosh; Intel Mac OS X 10_15_7) AppleWebKit/537.36 (KHTML, like Gecko) Chrome/113.0.0.0 Safari/537.36"
34.220.180.153 - - [15/Nov/2024:08:49:48 -0500] "GET /wp-includes/css/dist/block-library/style.min.css?ver=6.7 HTTP/1.1" 200 14225 "https://shapegain.com/" "Mozilla/5.0 (Macintosh; Intel Mac OS X 10_15_7) AppleWebKit/537.36 (KHTML, like Gecko) Chrome/113.0.0.0 Safari/537.36"
34.220.180.153 - - [15/Nov/2024:08:49:48 -0500] "GET /wp-content/plugins/contact-form-7/includes/css/styles.css?ver=6.0 HTTP/1.1" 200 890 "https://shapegain.com/" "Mozilla/5.0 (Macintosh; Intel Mac OS X 10_15_7) AppleWebKit/537.36 (KHTML, like Gecko) Chrome/113.0.0.0 Safari/537.36"
34.220.180.153 - - [15/Nov/2024:08:49:48 -0500] "GET /wp-content/plugins/woocommerce/assets/css/woocommerce.css?ver=9.4.1 HTTP/1.1" 200 9953 "https://shapegain.com/" "Mozilla/5.0 (Macintosh; Intel Mac OS X 10_15_7) AppleWebKit/537.36 (KHTML, like Gecko) Chrome/113.0.0.0 Safari/537.36"
34.220.180.153 - - [15/Nov/2024:08:49:48 -0500] "GET /wp-content/themes/betheme/css/be.css?ver=26.8.4 HTTP/1.1" 200 70155 "https://shapegain.com/" "Mozilla/5.0 (Macintosh; Intel Mac OS X 10_15_7) AppleWebKit/537.36 (KHTML, like Gecko) Chrome/113.0.0.0 Safari/537.36"
34.220.180.153 - - [15/Nov/2024:08:49:48 -0500] "GET /wp-content/plugins/woocommerce/assets/css/woocommerce-layout.css?ver=9.4.1 HTTP/1.1" 200 2342 "https://shapegain.com/" "Mozilla/5.0 (Macintosh; Intel Mac OS X 10_15_7) AppleWebKit/537.36 (KHTML, like Gecko) Chrome/113.0.0.0 Safari/537.36"
34.220.180.153 - - [15/Nov/2024:08:49:48 -0500] "GET /wp-content/themes/betheme/fonts/fontawesome/fontawesome.css?ver=26.8.4 HTTP/1.1" 200 12408 "https://shapegain.com/" "Mozilla/5.0 (Macintosh; Intel Mac OS X 10_15_7) AppleWebKit/537.36 (KHTML, like Gecko) Chrome/113.0.0.0 Safari/537.36"
34.220.180.153 - - [15/Nov/2024:08:49:48 -0500] "GET /wp-content/themes/betheme/assets/animations/animations.min.css?ver=26.8.4 HTTP/1.1" 200 4610 "https://shapegain.com/" "Mozilla/5.0 (Macintosh; Intel Mac OS X 10_15_7) AppleWebKit/537.36 (KHTML, like Gecko) Chrome/113.0.0.0 Safari/537.36"
34.220.180.153 - - [15/Nov/2024:08:49:48 -0500] "GET /wp-content/themes/betheme/assets/jplayer/css/jplayer.blue.monday.min.css?ver=26.8.4 HTTP/1.1" 200 1878 "https://shapegain.com/" "Mozilla/5.0 (Macintosh; Intel Mac OS X 10_15_7) AppleWebKit/537.36 (KHTML, like Gecko) Chrome/113.0.0.0 Safari/537.36"
34.220.180.153 - - [15/Nov/2024:08:49:48 -0500] "GET /wp-content/themes/betheme/css/skins/orange/style.css?ver=26.8.4 HTTP/1.1" 200 3479 "https://shapegain.com/" "Mozilla/5.0 (Macintosh; Intel Mac OS X 10_15_7) AppleWebKit/537.36 (KHTML, like Gecko) Chrome/113.0.0.0 Safari/537.36"
34.220.180.153 - - [15/Nov/2024:08:49:48 -0500] "GET /wp-content/themes/betheme/css/responsive.css?ver=26.8.4 HTTP/1.1" 200 10800 "https://shapegain.com/" "Mozilla/5.0 (Macintosh; Intel Mac OS X 10_15_7) AppleWebKit/537.36 (KHTML, like Gecko) Chrome/113.0.0.0 Safari/537.36"
34.220.180.153 - - [15/Nov/2024:08:49:48 -0500] "GET /wp-content/themes/betheme/css/woocommerce.css?ver=26.8.4 HTTP/1.1" 200 19063 "https://shapegain.com/" "Mozilla/5.0 (Macintosh; Intel Mac OS X 10_15_7) AppleWebKit/537.36 (KHTML, like Gecko) Chrome/113.0.0.0 Safari/537.36"
34.220.180.153 - - [15/Nov/2024:08:49:48 -0500] "GET /wp-includes/js/jquery/jquery.min.js?ver=3.7.1 HTTP/1.1" 200 29744 "https://shapegain.com/" "Mozilla/5.0 (Macintosh; Intel Mac OS X 10_15_7) AppleWebKit/537.36 (KHTML, like Gecko) Chrome/113.0.0.0 Safari/537.36"
34.220.180.153 - - [15/Nov/2024:08:49:48 -0500] "GET /wp-includes/js/jquery/jquery-migrate.min.js?ver=3.4.1 HTTP/1.1" 200 4678 "https://shapegain.com/" "Mozilla/5.0 (Macintosh; Intel Mac OS X 10_15_7) AppleWebKit/537.36 (KHTML, like Gecko) Chrome/113.0.0.0 Safari/537.36"
34.220.180.153 - - [15/Nov/2024:08:49:48 -0500] "GET /wp-includes/js/underscore.min.js?ver=1.13.7 HTTP/1.1" 200 7197 "https://shapegain.com/" "Mozilla/5.0 (Macintosh; Intel Mac OS X 10_15_7) AppleWebKit/537.36 (KHTML, like Gecko) Chrome/113.0.0.0 Safari/537.36"
34.220.180.153 - - [15/Nov/2024:08:49:48 -0500] "GET /wp-includes/js/wp-util.min.js?ver=6.7 HTTP/1.1" 200 690 "https://shapegain.com/" "Mozilla/5.0 (Macintosh; Intel Mac OS X 10_15_7) AppleWebKit/537.36 (KHTML, like Gecko) Chrome/113.0.0.0 Safari/537.36"
34.220.180.153 - - [15/Nov/2024:08:49:48 -0500] "GET /wp-content/plugins/revslider/public/assets/assets/dummy.png HTTP/1.1" 200 68 "https://shapegain.com/" "Mozilla/5.0 (Macintosh; Intel Mac OS X 10_15_7) AppleWebKit/537.36 (KHTML, like Gecko) Chrome/113.0.0.0 Safari/537.36"
34.220.180.153 - - [15/Nov/2024:08:49:48 -0500] "GET /wp-content/plugins/woocommerce/assets/client/blocks/wc-blocks.css?ver=wc-9.4.1 HTTP/1.1" 200 2342 "https://shapegain.com/" "Mozilla/5.0 (Macintosh; Intel Mac OS X 10_15_7) AppleWebKit/537.36 (KHTML, like Gecko) Chrome/113.0.0.0 Safari/537.36"
34.220.180.153 - - [15/Nov/2024:08:49:48 -0500] "GET /wp-content/uploads/betheme/css/post-771.css?ver=1731678587 HTTP/1.1" 200 123 "https://shapegain.com/" "Mozilla/5.0 (Macintosh; Intel Mac OS X 10_15_7) AppleWebKit/537.36 (KHTML, like Gecko) Chrome/113.0.0.0 Safari/537.36"
34.220.180.153 - - [15/Nov/2024:08:49:48 -0500] "GET /wp-content/plugins/revslider/public/assets/css/rs6.css?ver=6.6.12 HTTP/1.1" 200 12037 "https://shapegain.com/" "Mozilla/5.0 (Macintosh; Intel Mac OS X 10_15_7) AppleWebKit/537.36 (KHTML, like Gecko) Chrome/113.0.0.0 Safari/537.36"
34.220.180.153 - - [15/Nov/2024:08:49:48 -0500] "GET /wp-includes/js/dist/hooks.min.js?ver=4d63a3d491d11ffd8ac6 HTTP/1.1" 200 1571 "https://shapegain.com/" "Mozilla/5.0 (Macintosh; Intel Mac OS X 10_15_7) AppleWebKit/537.36 (KHTML, like Gecko) Chrome/113.0.0.0 Safari/537.36"
34.220.180.153 - - [15/Nov/2024:08:49:48 -0500] "GET /wp-includes/js/dist/i18n.min.js?ver=5e580eb46a90c2b997e6 HTTP/1.1" 200 3542 "https://shapegain.com/" "Mozilla/5.0 (Macintosh; Intel Mac OS X 10_15_7) AppleWebKit/537.36 (KHTML, like Gecko) Chrome/113.0.0.0 Safari/537.36"
34.220.180.153 - - [15/Nov/2024:08:49:48 -0500] "GET /wp-content/plugins/contact-form-7/includes/swv/js/index.js?ver=6.0 HTTP/1.1" 200 3369 "https://shapegain.com/" "Mozilla/5.0 (Macintosh; Intel Mac OS X 10_15_7) AppleWebKit/537.36 (KHTML, like Gecko) Chrome/113.0.0.0 Safari/537.36"
34.220.180.153 - - [15/Nov/2024:08:49:48 -0500] "GET /wp-content/themes/betheme/js/menu.js?ver=26.8.4 HTTP/1.1" 200 897 "https://shapegain.com/" "Mozilla/5.0 (Macintosh; Intel Mac OS X 10_15_7) AppleWebKit/537.36 (KHTML, like Gecko) Chrome/113.0.0.0 Safari/537.36"
34.220.180.153 - - [15/Nov/2024:08:49:48 -0500] "GET /wp-content/plugins/contact-form-7/includes/js/index.js?ver=6.0 HTTP/1.1" 200 4008 "https://shapegain.com/" "Mozilla/5.0 (Macintosh; Intel Mac OS X 10_15_7) AppleWebKit/537.36 (KHTML, like Gecko) Chrome/113.0.0.0 Safari/537.36"
34.220.180.153 - - [15/Nov/2024:08:49:48 -0500] "GET /wp-content/themes/betheme/js/plugins/debouncedresize.min.js?ver=26.8.4 HTTP/1.1" 200 258 "https://shapegain.com/" "Mozilla/5.0 (Macintosh; Intel Mac OS X 10_15_7) AppleWebKit/537.36 (KHTML, like Gecko) Chrome/113.0.0.0 Safari/537.36"
34.220.180.153 - - [15/Nov/2024:08:49:48 -0500] "GET /wp-includes/js/jquery/ui/core.min.js?ver=1.13.3 HTTP/1.1" 200 6811 "https://shapegain.com/" "Mozilla/5.0 (Macintosh; Intel Mac OS X 10_15_7) AppleWebKit/537.36 (KHTML, like Gecko) Chrome/113.0.0.0 Safari/537.36"
34.220.180.153 - - [15/Nov/2024:08:49:48 -0500] "GET /wp-includes/js/jquery/ui/tabs.min.js?ver=1.13.3 HTTP/1.1" 200 3794 "https://shapegain.com/" "Mozilla/5.0 (Macintosh; Intel Mac OS X 10_15_7) AppleWebKit/537.36 (KHTML, like Gecko) Chrome/113.0.0.0 Safari/537.36"
34.220.180.153 - - [15/Nov/2024:08:49:48 -0500] "GET /wp-content/themes/betheme/js/plugins/visible.min.js?ver=26.8.4 HTTP/1.1" 200 334 "https://shapegain.com/" "Mozilla/5.0 (Macintosh; Intel Mac OS X 10_15_7) AppleWebKit/537.36 (KHTML, like Gecko) Chrome/113.0.0.0 Safari/537.36"
34.220.180.153 - - [15/Nov/2024:08:49:48 -0500] "GET /wp-content/themes/betheme/js/plugins/magnificpopup.min.js?ver=26.8.4 HTTP/1.1" 200 7034 "https://shapegain.com/" "Mozilla/5.0 (Macintosh; Intel Mac OS X 10_15_7) AppleWebKit/537.36 (KHTML, like Gecko) Chrome/113.0.0.0 Safari/537.36"
34.220.180.153 - - [15/Nov/2024:08:49:48 -0500] "GET /wp-content/plugins/woocommerce/assets/js/frontend/woocommerce.min.js?ver=9.4.1 HTTP/1.1" 200 1061 "https://shapegain.com/" "Mozilla/5.0 (Macintosh; Intel Mac OS X 10_15_7) AppleWebKit/537.36 (KHTML, like Gecko) Chrome/113.0.0.0 Safari/537.36"
34.220.180.153 - - [15/Nov/2024:08:49:48 -0500] "GET /wp-content/plugins/woocommerce/assets/js/frontend/add-to-cart-variation.min.js?ver=9.4.1 HTTP/1.1" 200 3521 "https://shapegain.com/" "Mozilla/5.0 (Macintosh; Intel Mac OS X 10_15_7) AppleWebKit/537.36 (KHTML, like Gecko) Chrome/113.0.0.0 Safari/537.36"
34.220.180.153 - - [15/Nov/2024:08:49:48 -0500] "GET /wp-content/themes/betheme/assets/jplayer/jplayer.min.js?ver=26.8.4 HTTP/1.1" 200 12378 "https://shapegain.com/" "Mozilla/5.0 (Macintosh; Intel Mac OS X 10_15_7) AppleWebKit/537.36 (KHTML, like Gecko) Chrome/113.0.0.0 Safari/537.36"
34.220.180.153 - - [15/Nov/2024:08:49:48 -0500] "GET /wp-content/themes/betheme/assets/animations/animations.min.js?ver=26.8.4 HTTP/1.1" 200 551 "https://shapegain.com/" "Mozilla/5.0 (Macintosh; Intel Mac OS X 10_15_7) AppleWebKit/537.36 (KHTML, like Gecko) Chrome/113.0.0.0 Safari/537.36"
34.220.180.153 - - [15/Nov/2024:08:49:48 -0500] "GET /wp-content/themes/betheme/js/scripts.js?ver=26.8.4 HTTP/1.1" 200 26028 "https://shapegain.com/" "Mozilla/5.0 (Macintosh; Intel Mac OS X 10_15_7) AppleWebKit/537.36 (KHTML, like Gecko) Chrome/113.0.0.0 Safari/537.36"
34.220.180.153 - - [15/Nov/2024:08:49:48 -0500] "GET /wp-content/themes/betheme/js/woocommerce.js?ver=26.8.4 HTTP/1.1" 200 7537 "https://shapegain.com/" "Mozilla/5.0 (Macintosh; Intel Mac OS X 10_15_7) AppleWebKit/537.36 (KHTML, like Gecko) Chrome/113.0.0.0 Safari/537.36"
34.220.180.153 - - [15/Nov/2024:08:49:48 -0500] "GET /wp-content/themes/betheme/js/live-search.js?ver=26.8.4 HTTP/1.1" 200 3837 "https://shapegain.com/" "Mozilla/5.0 (Macintosh; Intel Mac OS X 10_15_7) AppleWebKit/537.36 (KHTML, like Gecko) Chrome/113.0.0.0 Safari/537.36"
34.220.180.153 - - [15/Nov/2024:08:49:48 -0500] "GET /wp-content/themes/betheme/js/plugins/enllax.min.js?ver=26.8.4 HTTP/1.1" 200 476 "https://shapegain.com/" "Mozilla/5.0 (Macintosh; Intel Mac OS X 10_15_7) AppleWebKit/537.36 (KHTML, like Gecko) Chrome/113.0.0.0 Safari/537.36"
34.220.180.153 - - [15/Nov/2024:08:49:48 -0500] "GET /wp-content/themes/betheme/js/plugins/slick.min.js?ver=26.8.4 HTTP/1.1" 200 10228 "https://shapegain.com/" "Mozilla/5.0 (Macintosh; Intel Mac OS X 10_15_7) AppleWebKit/537.36 (KHTML, like Gecko) Chrome/113.0.0.0 Safari/537.36"
34.220.180.153 - - [15/Nov/2024:08:49:48 -0500] "GET /wp-content/themes/betheme/js/parallax/translate3d.js?ver=26.8.4 HTTP/1.1" 200 1223 "https://shapegain.com/" "Mozilla/5.0 (Macintosh; Intel Mac OS X 10_15_7) AppleWebKit/537.36 (KHTML, like Gecko) Chrome/113.0.0.0 Safari/537.36"
34.220.180.153 - - [15/Nov/2024:08:49:48 -0500] "GET /wp-content/plugins/woocommerce/assets/js/frontend/order-attribution.min.js?ver=9.4.1 HTTP/1.1" 200 1006 "https://shapegain.com/" "Mozilla/5.0 (Macintosh; Intel Mac OS X 10_15_7) AppleWebKit/537.36 (KHTML, like Gecko) Chrome/113.0.0.0 Safari/537.36"
34.220.180.153 - - [15/Nov/2024:08:49:48 -0500] "GET /wp-content/plugins/woocommerce/assets/js/sourcebuster/sourcebuster.min.js?ver=9.4.1 HTTP/1.1" 200 4609 "https://shapegain.com/" "Mozilla/5.0 (Macintosh; Intel Mac OS X 10_15_7) AppleWebKit/537.36 (KHTML, like Gecko) Chrome/113.0.0.0 Safari/537.36"
34.220.180.153 - - [15/Nov/2024:08:49:48 -0500] "GET /wp-content/themes/betheme/js/plugins/waypoints.min.js?ver=26.8.4 HTTP/1.1" 200 2598 "https://shapegain.com/" "Mozilla/5.0 (Macintosh; Intel Mac OS X 10_15_7) AppleWebKit/537.36 (KHTML, like Gecko) Chrome/113.0.0.0 Safari/537.36"
34.220.180.153 - - [15/Nov/2024:08:49:48 -0500] "GET /wp-content/themes/betheme/js/plugins/countdown.min.js?ver=26.8.4 HTTP/1.1" 200 541 "https://shapegain.com/" "Mozilla/5.0 (Macintosh; Intel Mac OS X 10_15_7) AppleWebKit/537.36 (KHTML, like Gecko) Chrome/113.0.0.0 Safari/537.36"
34.220.180.153 - - [15/Nov/2024:08:49:48 -0500] "GET /wp-content/plugins/woocommerce/assets/js/frontend/add-to-cart.min.js?ver=9.4.1 HTTP/1.1" 200 1209 "https://shapegain.com/" "Mozilla/5.0 (Macintosh; Intel Mac OS X 10_15_7) AppleWebKit/537.36 (KHTML, like Gecko) Chrome/113.0.0.0 Safari/537.36"
34.220.180.153 - - [15/Nov/2024:08:49:48 -0500] "GET /wp-content/themes/betheme/js/plugins/imagesloaded.min.js?ver=26.8.4 HTTP/1.1" 200 1688 "https://shapegain.com/" "Mozilla/5.0 (Macintosh; Intel Mac OS X 10_15_7) AppleWebKit/537.36 (KHTML, like Gecko) Chrome/113.0.0.0 Safari/537.36"
34.220.180.153 - - [15/Nov/2024:08:49:48 -0500] "GET /wp-content/plugins/woocommerce/assets/js/js-cookie/js.cookie.min.js?ver=2.1.4-wc.9.4.1 HTTP/1.1" 200 760 "https://shapegain.com/" "Mozilla/5.0 (Macintosh; Intel Mac OS X 10_15_7) AppleWebKit/537.36 (KHTML, like Gecko) Chrome/113.0.0.0 Safari/537.36"
34.220.180.153 - - [15/Nov/2024:08:49:48 -0500] "GET /wp-content/plugins/woocommerce/assets/js/jquery-blockui/jquery.blockUI.min.js?ver=2.7.0-wc.9.4.1 HTTP/1.1" 200 3277 "https://shapegain.com/" "Mozilla/5.0 (Macintosh; Intel Mac OS X 10_15_7) AppleWebKit/537.36 (KHTML, like Gecko) Chrome/113.0.0.0 Safari/537.36"
34.220.180.153 - - [15/Nov/2024:08:49:48 -0500] "GET /wp-content/uploads/2021/09/bethemestore-home-icon8.webp HTTP/1.1" 200 268 "https://shapegain.com/" "Mozilla/5.0 (Macintosh; Intel Mac OS X 10_15_7) AppleWebKit/537.36 (KHTML, like Gecko) Chrome/113.0.0.0 Safari/537.36"
34.220.180.153 - - [15/Nov/2024:08:49:48 -0500] "GET /wp-content/uploads/2023/07/belt.png HTTP/1.1" 200 4114 "https://shapegain.com/" "Mozilla/5.0 (Macintosh; Intel Mac OS X 10_15_7) AppleWebKit/537.36 (KHTML, like Gecko) Chrome/113.0.0.0 Safari/537.36"
34.220.180.153 - - [15/Nov/2024:08:49:48 -0500] "GET /wp-content/uploads/2023/07/logo-website-shape-gain.png HTTP/1.1" 200 25369 "https://shapegain.com/" "Mozilla/5.0 (Macintosh; Intel Mac OS X 10_15_7) AppleWebKit/537.36 (KHTML, like Gecko) Chrome/113.0.0.0 Safari/537.36"
34.220.180.153 - - [15/Nov/2024:08:49:48 -0500] "GET /wp-content/uploads/2023/07/gym-bag.png HTTP/1.1" 200 6733 "https://shapegain.com/" "Mozilla/5.0 (Macintosh; Intel Mac OS X 10_15_7) AppleWebKit/537.36 (KHTML, like Gecko) Chrome/113.0.0.0 Safari/537.36"
34.220.180.153 - - [15/Nov/2024:08:49:48 -0500] "GET /wp-content/uploads/2023/07/wrist-wrap.png HTTP/1.1" 200 43017 "https://shapegain.com/" "Mozilla/5.0 (Macintosh; Intel Mac OS X 10_15_7) AppleWebKit/537.36 (KHTML, like Gecko) Chrome/113.0.0.0 Safari/537.36"
34.220.180.153 - - [15/Nov/2024:08:49:48 -0500] "GET /wp-content/uploads/2023/07/sport-wear-female.png HTTP/1.1" 200 10110 "https://shapegain.com/" "Mozilla/5.0 (Macintosh; Intel Mac OS X 10_15_7) AppleWebKit/537.36 (KHTML, like Gecko) Chrome/113.0.0.0 Safari/537.36"
34.220.180.153 - - [15/Nov/2024:08:49:48 -0500] "GET /wp-content/uploads/2023/07/gloves.png HTTP/1.1" 200 15961 "https://shapegain.com/" "Mozilla/5.0 (Macintosh; Intel Mac OS X 10_15_7) AppleWebKit/537.36 (KHTML, like Gecko) Chrome/113.0.0.0 Safari/537.36"
34.220.180.153 - - [15/Nov/2024:08:49:48 -0500] "GET /wp-content/uploads/2021/09/WhatsApp-Image-2024-01-13-at-5.56-PhotoRoom-4-800x800.jpg HTTP/1.1" 200 43755 "https://shapegain.com/" "Mozilla/5.0 (Macintosh; Intel Mac OS X 10_15_7) AppleWebKit/537.36 (KHTML, like Gecko) Chrome/113.0.0.0 Safari/537.36"
34.220.180.153 - - [15/Nov/2024:08:49:48 -0500] "GET /wp-content/plugins/revslider/public/assets/js/rbtools.min.js?ver=6.6.12 HTTP/1.1" 200 59951 "https://shapegain.com/" "Mozilla/5.0 (Macintosh; Intel Mac OS X 10_15_7) AppleWebKit/537.36 (KHTML, like Gecko) Chrome/113.0.0.0 Safari/537.36"
34.220.180.153 - - [15/Nov/2024:08:49:48 -0500] "GET /wp-includes/js/comment-reply.min.js?ver=6.7 HTTP/1.1" 200 1247 "https://shapegain.com/" "Mozilla/5.0 (Macintosh; Intel Mac OS X 10_15_7) AppleWebKit/537.36 (KHTML, like Gecko) Chrome/113.0.0.0 Safari/537.36"
34.220.180.153 - - [15/Nov/2024:08:49:48 -0500] "GET /wp-content/plugins/woocommerce/assets/css/woocommerce-smallscreen.css?ver=9.4.1 HTTP/1.1" 200 1129 "https://shapegain.com/" "Mozilla/5.0 (Macintosh; Intel Mac OS X 10_15_7) AppleWebKit/537.36 (KHTML, like Gecko) Chrome/113.0.0.0 Safari/537.36"
34.220.180.153 - - [15/Nov/2024:08:49:48 -0500] "GET /wp-content/plugins/revslider/public/assets/js/rs6.min.js?ver=6.6.12 HTTP/1.1" 200 103596 "https://shapegain.com/" "Mozilla/5.0 (Macintosh; Intel Mac OS X 10_15_7) AppleWebKit/537.36 (KHTML, like Gecko) Chrome/113.0.0.0 Safari/537.36"
34.220.180.153 - - [15/Nov/2024:08:49:48 -0500] "GET /wp-content/themes/betheme/images/cookies.png HTTP/1.1" 200 3228 "https://shapegain.com/" "Mozilla/5.0 (Macintosh; Intel Mac OS X 10_15_7) AppleWebKit/537.36 (KHTML, like Gecko) Chrome/113.0.0.0 Safari/537.36"
34.220.180.153 - - [15/Nov/2024:08:49:48 -0500] "GET /wp-content/uploads/2021/09/bethemestore-section-bg1.webp HTTP/1.1" 200 20316 "https://shapegain.com/" "Mozilla/5.0 (Macintosh; Intel Mac OS X 10_15_7) AppleWebKit/537.36 (KHTML, like Gecko) Chrome/113.0.0.0 Safari/537.36"
34.220.180.153 - - [15/Nov/2024:08:49:49 -0500] "GET /wp-content/themes/betheme/fonts/mfn/icons.woff?31690507 HTTP/1.1" 200 81448 "https://shapegain.com/wp-content/themes/betheme/css/be.css?ver=26.8.4" "Mozilla/5.0 (Macintosh; Intel Mac OS X 10_15_7) AppleWebKit/537.36 (KHTML, like Gecko) Chrome/113.0.0.0 Safari/537.36"
34.220.180.153 - - [15/Nov/2024:08:49:49 -0500] "GET /wp-content/uploads/2023/07/weight-lifting-belt-banner_2.jpg HTTP/1.1" 200 112936 "https://shapegain.com/" "Mozilla/5.0 (Macintosh; Intel Mac OS X 10_15_7) AppleWebKit/537.36 (KHTML, like Gecko) Chrome/113.0.0.0 Safari/537.36"
34.220.180.153 - - [15/Nov/2024:08:49:49 -0500] "GET /wp-content/uploads/2023/07/Essential_Support_banner.jpg HTTP/1.1" 200 58223 "https://shapegain.com/" "Mozilla/5.0 (Macintosh; Intel Mac OS X 10_15_7) AppleWebKit/537.36 (KHTML, like Gecko) Chrome/113.0.0.0 Safari/537.36"
34.220.180.153 - - [15/Nov/2024:08:49:49 -0500] "GET /wp-content/uploads/2023/07/Strap-Weight-Support_2.jpg HTTP/1.1" 200 141712 "https://shapegain.com/" "Mozilla/5.0 (Macintosh; Intel Mac OS X 10_15_7) AppleWebKit/537.36 (KHTML, like Gecko) Chrome/113.0.0.0 Safari/537.36"
34.220.180.153 - - [15/Nov/2024:08:49:49 -0500] "GET /wp-content/themes/betheme/images/stripes/stripes_3_b.png HTTP/1.1" 200 974 "https://shapegain.com/wp-content/themes/betheme/css/be.css?ver=26.8.4" "Mozilla/5.0 (Macintosh; Intel Mac OS X 10_15_7) AppleWebKit/537.36 (KHTML, like Gecko) Chrome/113.0.0.0 Safari/537.36"
34.220.180.153 - - [15/Nov/2024:08:49:49 -0500] "GET /wp-content/uploads/2021/09/WhatsApp-Image-2024-01-13-at-5.56-PhotoRoom-9-800x800.jpg HTTP/1.1" 200 52764 "https://shapegain.com/" "Mozilla/5.0 (Macintosh; Intel Mac OS X 10_15_7) AppleWebKit/537.36 (KHTML, like Gecko) Chrome/113.0.0.0 Safari/537.36"
34.220.180.153 - - [15/Nov/2024:08:49:49 -0500] "GET /wp-content/uploads/2021/09/WhatsApp-Image-2024-01-13-at-5.56-PhotoRoom-800x800.jpg HTTP/1.1" 200 41900 "https://shapegain.com/" "Mozilla/5.0 (Macintosh; Intel Mac OS X 10_15_7) AppleWebKit/537.36 (KHTML, like Gecko) Chrome/113.0.0.0 Safari/537.36"
34.220.180.153 - - [15/Nov/2024:08:49:49 -0500] "GET /wp-content/uploads/2021/09/WhatsApp-Image-2024-01-13-at-5.56-PhotoRoom-5-1-800x800.jpg HTTP/1.1" 200 60441 "https://shapegain.com/" "Mozilla/5.0 (Macintosh; Intel Mac OS X 10_15_7) AppleWebKit/537.36 (KHTML, like Gecko) Chrome/113.0.0.0 Safari/537.36"
34.220.180.153 - - [15/Nov/2024:08:49:49 -0500] "GET /wp-content/uploads/2021/09/WhatsApp-Image-2024-01-13-at-5.56-PhotoRoom-11-800x800.jpg HTTP/1.1" 200 57755 "https://shapegain.com/" "Mozilla/5.0 (Macintosh; Intel Mac OS X 10_15_7) AppleWebKit/537.36 (KHTML, like Gecko) Chrome/113.0.0.0 Safari/537.36"
34.220.180.153 - - [15/Nov/2024:08:49:49 -0500] "GET /wp-content/uploads/2021/09/WhatsApp-Image-2024-01-13-at-5.56-PhotoRoom-3.jpg HTTP/1.1" 200 172622 "https://shapegain.com/" "Mozilla/5.0 (Macintosh; Intel Mac OS X 10_15_7) AppleWebKit/537.36 (KHTML, like Gecko) Chrome/113.0.0.0 Safari/537.36"
34.220.180.153 - - [15/Nov/2024:08:49:49 -0500] "GET /wp-content/uploads/2021/09/WhatsApp-Image-2024-01-13-at-5.56-PhotoRoom-2.jpg HTTP/1.1" 200 276339 "https://shapegain.com/" "Mozilla/5.0 (Macintosh; Intel Mac OS X 10_15_7) AppleWebKit/537.36 (KHTML, like Gecko) Chrome/113.0.0.0 Safari/537.36"
34.220.180.153 - - [15/Nov/2024:08:49:49 -0500] "GET /wp-content/uploads/2021/09/WhatsApp-Image-2024-01-13-at-5.56-PhotoRoom-8.jpg HTTP/1.1" 200 275112 "https://shapegain.com/" "Mozilla/5.0 (Macintosh; Intel Mac OS X 10_15_7) AppleWebKit/537.36 (KHTML, like Gecko) Chrome/113.0.0.0 Safari/537.36"
34.220.180.153 - - [15/Nov/2024:08:49:49 -0500] "GET /wp-content/plugins/woocommerce/assets/fonts/WooCommerce.woff2 HTTP/1.1" 200 6488 "https://shapegain.com/wp-content/plugins/woocommerce/assets/css/woocommerce.css?ver=9.4.1" "Mozilla/5.0 (Macintosh; Intel Mac OS X 10_15_7) AppleWebKit/537.36 (KHTML, like Gecko) Chrome/113.0.0.0 Safari/537.36"
34.220.180.153 - - [15/Nov/2024:08:49:49 -0500] "GET /wp-content/uploads/2023/07/free_delivery.png HTTP/1.1" 200 30910 "https://shapegain.com/" "Mozilla/5.0 (Macintosh; Intel Mac OS X 10_15_7) AppleWebKit/537.36 (KHTML, like Gecko) Chrome/113.0.0.0 Safari/537.36"
34.220.180.153 - - [15/Nov/2024:08:49:49 -0500] "GET /wp-content/uploads/2023/07/easy_return.png HTTP/1.1" 200 27498 "https://shapegain.com/" "Mozilla/5.0 (Macintosh; Intel Mac OS X 10_15_7) AppleWebKit/537.36 (KHTML, like Gecko) Chrome/113.0.0.0 Safari/537.36"
34.220.180.153 - - [15/Nov/2024:08:49:49 -0500] "GET /wp-content/uploads/2023/07/24-7-support.png HTTP/1.1" 200 21677 "https://shapegain.com/" "Mozilla/5.0 (Macintosh; Intel Mac OS X 10_15_7) AppleWebKit/537.36 (KHTML, like Gecko) Chrome/113.0.0.0 Safari/537.36"
34.220.180.153 - - [15/Nov/2024:08:49:49 -0500] "GET /wp-content/uploads/2023/07/guarantee.png HTTP/1.1" 200 26607 "https://shapegain.com/" "Mozilla/5.0 (Macintosh; Intel Mac OS X 10_15_7) AppleWebKit/537.36 (KHTML, like Gecko) Chrome/113.0.0.0 Safari/537.36"
34.220.180.153 - - [15/Nov/2024:08:49:49 -0500] "GET /wp-content/uploads/2021/09/WhatsApp-Image-2024-01-13-at-5.56-PhotoRoom-10.jpg HTTP/1.1" 200 220257 "https://shapegain.com/" "Mozilla/5.0 (Macintosh; Intel Mac OS X 10_15_7) AppleWebKit/537.36 (KHTML, like Gecko) Chrome/113.0.0.0 Safari/537.36"
34.220.180.153 - - [15/Nov/2024:08:49:49 -0500] "GET /wp-content/uploads/2021/09/WhatsApp-Image-2024-01-13-at-5.56-PhotoRoom.png HTTP/1.1" 200 1372819 "https://shapegain.com/" "Mozilla/5.0 (Macintosh; Intel Mac OS X 10_15_7) AppleWebKit/537.36 (KHTML, like Gecko) Chrome/113.0.0.0 Safari/537.36"
34.220.180.153 - - [15/Nov/2024:08:49:49 -0500] "GET /wp-includes/js/wp-emoji-release.min.js?ver=6.7 HTTP/1.1" 200 4676 "https://shapegain.com/" "Mozilla/5.0 (Macintosh; Intel Mac OS X 10_15_7) AppleWebKit/537.36 (KHTML, like Gecko) Chrome/113.0.0.0 Safari/537.36"
34.220.180.153 - - [15/Nov/2024:08:49:50 -0500] "GET /wp-content/uploads/2023/07/Slider-2.jpg HTTP/1.1" 200 123544 "https://shapegain.com/" "Mozilla/5.0 (Macintosh; Intel Mac OS X 10_15_7) AppleWebKit/537.36 (KHTML, like Gecko) Chrome/113.0.0.0 Safari/537.36"
34.220.180.153 - - [15/Nov/2024:08:49:50 -0500] "GET /wp-content/uploads/2023/07/Slider-3.jpg HTTP/1.1" 200 171325 "https://shapegain.com/" "Mozilla/5.0 (Macintosh; Intel Mac OS X 10_15_7) AppleWebKit/537.36 (KHTML, like Gecko) Chrome/113.0.0.0 Safari/537.36"
34.220.180.153 - - [15/Nov/2024:08:49:49 -0500] "GET /wp-json/contact-form-7/v1/contact-forms/288/refill HTTP/1.1" 200 2 "https://shapegain.com/" "Mozilla/5.0 (Macintosh; Intel Mac OS X 10_15_7) AppleWebKit/537.36 (KHTML, like Gecko) Chrome/113.0.0.0 Safari/537.36"
34.220.180.153 - - [15/Nov/2024:08:49:49 -0500] "GET /wp-json/contact-form-7/v1/contact-forms/288/feedback/schema HTTP/1.1" 200 489 "https://shapegain.com/" "Mozilla/5.0 (Macintosh; Intel Mac OS X 10_15_7) AppleWebKit/537.36 (KHTML, like Gecko) Chrome/113.0.0.0 Safari/537.36"
162.213.251.208 - - [15/Nov/2024:08:55:37 -0500] "POST /wp-cron.php?doing_wp_cron=1731678937.4568340778350830078125 HTTP/1.1" 200 0 "-" "WordPress/6.7; https://shapegain.com"
207.46.13.31 - - [15/Nov/2024:08:55:33 -0500] "GET /product-category/tv-audio/tv-accessories/ HTTP/1.1" 200 24678 "-" "Mozilla/5.0 AppleWebKit/537.36 (KHTML, like Gecko; compatible; bingbot/2.0; +http://www.bing.com/bingbot.htm) Chrome/116.0.1938.76 Safari/537.36"
47.106.243.226 - - [15/Nov/2024:09:15:54 -0500] "POST /wp-login.php HTTP/1.1" 200 0 "-" "Mozilla/5.0 (Windows NT 10.0; Win64; x64) AppleWebKit/537.36 (KHTML, like Gecko) Chrome/73.0.3683.86 Safari/537.36"
162.213.251.208 - - [15/Nov/2024:09:16:01 -0500] "POST /wp-cron.php?doing_wp_cron=1731680161.4668679237365722656250 HTTP/1.1" 200 0 "-" "WordPress/6.7; https://shapegain.com"
5.161.204.57 - - [15/Nov/2024:09:30:56 -0500] "GET /product/beflashdrive4/ HTTP/1.1" 200 0 "-" "Mozilla/5.0 (Macintosh; Intel Mac OS X 10_15_7) AppleWebKit/537.36 (KHTML, like Gecko) Chrome/124.0.0.0 Safari/537.36"
162.213.251.208 - - [15/Nov/2024:09:31:07 -0500] "POST /wp-cron.php?doing_wp_cron=1731681066.9304969310760498046875 HTTP/1.1" 200 0 "-" "WordPress/6.7; https://shapegain.com"
162.213.251.208 - - [15/Nov/2024:09:52:52 -0500] "POST /wp-cron.php?doing_wp_cron=1731682372.7803370952606201171875 HTTP/1.1" 200 0 "-" "WordPress/6.7; https://shapegain.com"
51.222.253.20 - - [15/Nov/2024:09:52:42 -0500] "GET /product-category/smartphones/water-resistant-phones/?add-to-cart=821 HTTP/1.1" 200 24705 "-" "Mozilla/5.0 (compatible; AhrefsBot/7.0; +http://ahrefs.com/robot/)"
162.213.251.208 - - [15/Nov/2024:10:11:06 -0500] "POST /wp-cron.php?doing_wp_cron=1731683466.0988628864288330078125 HTTP/1.1" 200 0 "-" "WordPress/6.7; https://shapegain.com"
52.167.144.215 - - [15/Nov/2024:10:10:59 -0500] "GET /wp-sitemap-taxonomies-product_tag-1.xml HTTP/1.1" 200 240 "-" "Mozilla/5.0 AppleWebKit/537.36 (KHTML, like Gecko; compatible; bingbot/2.0; +http://www.bing.com/bingbot.htm) Chrome/116.0.1938.76 Safari/537.36"
162.213.251.208 - - [15/Nov/2024:10:12:12 -0500] "POST /wp-cron.php?doing_wp_cron=1731683532.4474740028381347656250 HTTP/1.1" 200 0 "-" "WordPress/6.7; https://shapegain.com"
43.135.145.117 - - [15/Nov/2024:10:12:12 -0500] "GET / HTTP/1.1" 200 46060 "http://shapegain.com" "Mozilla/5.0 (iPhone; CPU iPhone OS 13_2_3 like Mac OS X) AppleWebKit/605.1.15 (KHTML, like Gecko) Version/13.0.3 Mobile/15E148 Safari/604.1"
162.213.251.208 - - [15/Nov/2024:10:12:15 -0500] "POST /wp-cron.php?doing_wp_cron=1731683535.2207798957824707031250 HTTP/1.1" 200 0 "-" "WordPress/6.7; https://shapegain.com"
43.128.100.220 - - [15/Nov/2024:10:12:14 -0500] "GET /terms-of-use/ HTTP/1.1" 200 34093 "-" "Mozilla/5.0 (iPhone; CPU iPhone OS 13_2_3 like Mac OS X) AppleWebKit/605.1.15 (KHTML, like Gecko) Version/13.0.3 Mobile/15E148 Safari/604.1"
162.213.251.208 - - [15/Nov/2024:10:15:59 -0500] "POST /wp-cron.php?doing_wp_cron=1731683759.1409358978271484375000 HTTP/1.1" 200 0 "-" "WordPress/6.7; https://shapegain.com"
212.118.43.65 - - [15/Nov/2024:10:15:51 -0500] "GET / HTTP/1.1" 200 46148 "-" "Mozilla/5.0 (Windows NT 10.0; Win64; x64) AppleWebKit/537.36 (KHTML, like Gecko) Chrome/120.0.0.0 Safari/537.36"
162.213.251.208 - - [15/Nov/2024:10:16:04 -0500] "POST /wp-cron.php?doing_wp_cron=1731683764.8916389942169189453125 HTTP/1.1" 200 0 "-" "WordPress/6.7; https://shapegain.com"
31.187.106.202 - - [15/Nov/2024:10:16:04 -0500] "POST / HTTP/1.1" 200 46115 "-" "Mozilla/5.0 (Windows NT 10.0; Win64; x64) AppleWebKit/537.36 (KHTML, like Gecko) Chrome/120.0.0.0 Safari/537.36"
31.187.106.202 - - [15/Nov/2024:10:16:07 -0500] "POST / HTTP/1.1" 200 46138 "-" "Mozilla/5.0 (Windows NT 10.0; Win64; x64) AppleWebKit/537.36 (KHTML, like Gecko) Chrome/120.0.0.0 Safari/537.36"
31.187.106.202 - - [15/Nov/2024:10:16:10 -0500] "POST / HTTP/1.1" 200 46012 "-" "Mozilla/5.0 (Windows NT 10.0; Win64; x64) AppleWebKit/537.36 (KHTML, like Gecko) Chrome/120.0.0.0 Safari/537.36"
31.187.106.202 - - [15/Nov/2024:10:16:12 -0500] "POST / HTTP/1.1" 200 46182 "-" "Mozilla/5.0 (Windows NT 10.0; Win64; x64) AppleWebKit/537.36 (KHTML, like Gecko) Chrome/120.0.0.0 Safari/537.36"
212.118.43.65 - - [15/Nov/2024:10:16:14 -0500] "GET /comments/feed/ HTTP/1.1" 200 442 "-" "Mozilla/5.0 (Windows NT 10.0; Win64; x64) AppleWebKit/537.36 (KHTML, like Gecko) Chrome/120.0.0.0 Safari/537.36"
162.213.251.208 - - [15/Nov/2024:10:16:15 -0500] "POST /wp-cron.php?doing_wp_cron=1731683775.6982688903808593750000 HTTP/1.1" 200 0 "-" "WordPress/6.7; https://shapegain.com"
212.118.43.65 - - [15/Nov/2024:10:16:15 -0500] "GET /my-account/ HTTP/1.1" 200 27094 "-" "Mozilla/5.0 (Windows NT 10.0; Win64; x64) AppleWebKit/537.36 (KHTML, like Gecko) Chrome/120.0.0.0 Safari/537.36"
31.187.106.202 - - [15/Nov/2024:10:16:17 -0500] "POST /my-account/ HTTP/1.1" 200 27068 "-" "Mozilla/5.0 (Windows NT 10.0; Win64; x64) AppleWebKit/537.36 (KHTML, like Gecko) Chrome/120.0.0.0 Safari/537.36"
31.187.106.202 - - [15/Nov/2024:10:16:19 -0500] "POST /my-account/ HTTP/1.1" 200 27060 "-" "Mozilla/5.0 (Windows NT 10.0; Win64; x64) AppleWebKit/537.36 (KHTML, like Gecko) Chrome/120.0.0.0 Safari/537.36"
31.187.106.202 - - [15/Nov/2024:10:16:21 -0500] "POST /my-account/ HTTP/1.1" 200 27068 "-" "Mozilla/5.0 (Windows NT 10.0; Win64; x64) AppleWebKit/537.36 (KHTML, like Gecko) Chrome/120.0.0.0 Safari/537.36"
31.187.106.202 - - [15/Nov/2024:10:16:23 -0500] "POST /my-account/ HTTP/1.1" 200 27097 "-" "Mozilla/5.0 (Windows NT 10.0; Win64; x64) AppleWebKit/537.36 (KHTML, like Gecko) Chrome/120.0.0.0 Safari/537.36"
43.155.166.202 - - [15/Nov/2024:10:16:41 -0500] "GET /terms-of-use/ HTTP/1.1" 200 34128 "-" "Mozilla/5.0 (iPhone; CPU iPhone OS 13_2_3 like Mac OS X) AppleWebKit/605.1.15 (KHTML, like Gecko) Version/13.0.3 Mobile/15E148 Safari/604.1"
162.213.251.208 - - [15/Nov/2024:10:17:39 -0500] "POST /wp-cron.php?doing_wp_cron=1731683859.7181160449981689453125 HTTP/1.1" 200 0 "-" "WordPress/6.7; https://shapegain.com"
212.118.43.65 - - [15/Nov/2024:10:17:39 -0500] "GET /contact-with-us/ HTTP/1.1" 200 32503 "-" "Mozilla/5.0 (Windows NT 10.0; Win64; x64) AppleWebKit/537.36 (KHTML, like Gecko) Chrome/120.0.0.0 Safari/537.36"
31.187.106.202 - - [15/Nov/2024:10:17:41 -0500] "POST /contact-with-us/ HTTP/1.1" 200 32656 "-" "Mozilla/5.0 (Windows NT 10.0; Win64; x64) AppleWebKit/537.36 (KHTML, like Gecko) Chrome/120.0.0.0 Safari/537.36"
31.187.106.202 - - [15/Nov/2024:10:17:43 -0500] "POST /contact-with-us/ HTTP/1.1" 200 32619 "-" "Mozilla/5.0 (Windows NT 10.0; Win64; x64) AppleWebKit/537.36 (KHTML, like Gecko) Chrome/120.0.0.0 Safari/537.36"
31.187.106.202 - - [15/Nov/2024:10:17:45 -0500] "POST /contact-with-us/ HTTP/1.1" 200 32619 "-" "Mozilla/5.0 (Windows NT 10.0; Win64; x64) AppleWebKit/537.36 (KHTML, like Gecko) Chrome/120.0.0.0 Safari/537.36"
31.187.106.202 - - [15/Nov/2024:10:17:47 -0500] "POST /contact-with-us/ HTTP/1.1" 200 32613 "-" "Mozilla/5.0 (Windows NT 10.0; Win64; x64) AppleWebKit/537.36 (KHTML, like Gecko) Chrome/120.0.0.0 Safari/537.36"
212.118.43.65 - - [15/Nov/2024:10:17:48 -0500] "GET /contact-with-us/feed/ HTTP/1.1" 200 446 "-" "Mozilla/5.0 (Windows NT 10.0; Win64; x64) AppleWebKit/537.36 (KHTML, like Gecko) Chrome/120.0.0.0 Safari/537.36"
212.118.43.65 - - [15/Nov/2024:10:17:50 -0500] "GET /my-account/lost-password/ HTTP/1.1" 200 27430 "-" "Mozilla/5.0 (Windows NT 10.0; Win64; x64) AppleWebKit/537.36 (KHTML, like Gecko) Chrome/120.0.0.0 Safari/537.36"
31.187.106.202 - - [15/Nov/2024:10:17:52 -0500] "POST /my-account/lost-password/ HTTP/1.1" 200 27744 "-" "Mozilla/5.0 (Windows NT 10.0; Win64; x64) AppleWebKit/537.36 (KHTML, like Gecko) Chrome/120.0.0.0 Safari/537.36"
31.187.106.202 - - [15/Nov/2024:10:17:54 -0500] "POST /my-account/lost-password/ HTTP/1.1" 200 27504 "-" "Mozilla/5.0 (Windows NT 10.0; Win64; x64) AppleWebKit/537.36 (KHTML, like Gecko) Chrome/120.0.0.0 Safari/537.36"
31.187.106.202 - - [15/Nov/2024:10:17:57 -0500] "POST /my-account/lost-password/ HTTP/1.1" 200 27498 "-" "Mozilla/5.0 (Windows NT 10.0; Win64; x64) AppleWebKit/537.36 (KHTML, like Gecko) Chrome/120.0.0.0 Safari/537.36"
31.187.106.202 - - [15/Nov/2024:10:17:59 -0500] "POST /my-account/lost-password/ HTTP/1.1" 200 27498 "-" "Mozilla/5.0 (Windows NT 10.0; Win64; x64) AppleWebKit/537.36 (KHTML, like Gecko) Chrome/120.0.0.0 Safari/537.36"
212.118.43.65 - - [15/Nov/2024:10:18:01 -0500] "GET /checkout/ HTTP/1.1" 302 0 "-" "Mozilla/5.0 (Windows NT 10.0; Win64; x64) AppleWebKit/537.36 (KHTML, like Gecko) Chrome/120.0.0.0 Safari/537.36"
43.133.72.69 - - [15/Nov/2024:10:18:01 -0500] "GET /terms-of-use/ HTTP/1.1" 200 34128 "-" "Mozilla/5.0 (iPhone; CPU iPhone OS 13_2_3 like Mac OS X) AppleWebKit/605.1.15 (KHTML, like Gecko) Version/13.0.3 Mobile/15E148 Safari/604.1"
212.118.43.65 - - [15/Nov/2024:10:18:02 -0500] "GET /cart/ HTTP/1.1" 200 50460 "https://shapegain.com/checkout/" "Mozilla/5.0 (Windows NT 10.0; Win64; x64) AppleWebKit/537.36 (KHTML, like Gecko) Chrome/120.0.0.0 Safari/537.36"
31.187.106.202 - - [15/Nov/2024:10:18:04 -0500] "POST /cart/ HTTP/1.1" 200 50493 "-" "Mozilla/5.0 (Windows NT 10.0; Win64; x64) AppleWebKit/537.36 (KHTML, like Gecko) Chrome/120.0.0.0 Safari/537.36"
43.130.47.136 - - [15/Nov/2024:10:18:06 -0500] "GET /wp-content/plugins/woocommerce/assets/js/jquery-blockui/jquery.blockUI.min.js?ver=2.7.0-wc.9.4.1 HTTP/1.1" 200 3810 "-" "Mozilla/5.0 (iPhone; CPU iPhone OS 13_2_3 like Mac OS X) AppleWebKit/605.1.15 (KHTML, like Gecko) Version/13.0.3 Mobile/15E148 Safari/604.1"
31.187.106.202 - - [15/Nov/2024:10:18:07 -0500] "POST /cart/ HTTP/1.1" 200 50500 "-" "Mozilla/5.0 (Windows NT 10.0; Win64; x64) AppleWebKit/537.36 (KHTML, like Gecko) Chrome/120.0.0.0 Safari/537.36"
43.130.32.224 - - [15/Nov/2024:10:19:45 -0500] "GET /wp-content/plugins/woocommerce/assets/js/frontend/woocommerce.min.js?ver=9.4.1 HTTP/1.1" 200 1320 "-" "Mozilla/5.0 (iPhone; CPU iPhone OS 13_2_3 like Mac OS X) AppleWebKit/605.1.15 (KHTML, like Gecko) Version/13.0.3 Mobile/15E148 Safari/604.1"
162.213.251.208 - - [15/Nov/2024:10:27:24 -0500] "POST /wp-cron.php?doing_wp_cron=1731684443.9840691089630126953125 HTTP/1.1" 200 0 "-" "WordPress/6.7; https://shapegain.com"
46.4.96.177 - - [15/Nov/2024:10:27:18 -0500] "POST /xmlrpc.php HTTP/1.1" 200 212 "-" "Mozilla/5.0 (Windows NT 10.0; Win64; x64; rv:77.0) Gecko/20100101 Firefox/77.0"
162.213.251.208 - - [15/Nov/2024:10:30:16 -0500] "POST /wp-cron.php?doing_wp_cron=1731684615.9160780906677246093750 HTTP/1.1" 200 0 "-" "WordPress/6.7; https://shapegain.com"
52.167.144.207 - - [15/Nov/2024:10:30:01 -0500] "GET /wp-sitemap-taxonomies-category-1.xml HTTP/1.1" 200 157 "-" "Mozilla/5.0 AppleWebKit/537.36 (KHTML, like Gecko; compatible; bingbot/2.0; +http://www.bing.com/bingbot.htm) Chrome/116.0.1938.76 Safari/537.36"
51.222.253.19 - - [15/Nov/2024:10:36:54 -0500] "GET /home/feed/ HTTP/1.1" 200 395 "-" "Mozilla/5.0 (compatible; AhrefsBot/7.0; +http://ahrefs.com/robot/)"
162.213.251.208 - - [15/Nov/2024:10:37:19 -0500] "POST /wp-cron.php?doing_wp_cron=1731685035.2860810756683349609375 HTTP/1.1" 200 0 "-" "WordPress/6.7; https://shapegain.com"
162.213.251.208 - - [15/Nov/2024:11:01:58 -0500] "POST /wp-cron.php?doing_wp_cron=1731686516.5522360801696777343750 HTTP/1.1" 200 0 "-" "WordPress/6.7; https://shapegain.com"
212.102.60.138 - - [15/Nov/2024:11:01:40 -0500] "GET /contact-with-us/ HTTP/1.1" 200 26589 "-" "Mozilla/5.0 (Windows NT 10.0; Win64; x64) AppleWebKit/537.36 (KHTML, like Gecko) Chrome/114.0.0.0 Safari/537.36 OPR/89.0.4447.51"
212.102.60.138 - - [15/Nov/2024:11:02:03 -0500] "GET /wp-content/plugins/contact-form-7/includes/js/index.js?ver=6.0 HTTP/1.1" 200 4008 "https://shapegain.com/contact-with-us/" "Mozilla/5.0 (Windows NT 10.0; Win64; x64) AppleWebKit/537.36 (KHTML, like Gecko) Chrome/114.0.0.0 Safari/537.36 OPR/89.0.4447.51"
212.102.60.138 - - [15/Nov/2024:11:02:09 -0500] "POST /wp-json/contact-form-7/v1/contact-forms/316/feedback HTTP/1.1" 200 233 "https://shapegain.com/contact-with-us/" "Mozilla/5.0 (Windows NT 10.0; Win64; x64) AppleWebKit/537.36 (KHTML, like Gecko) Chrome/114.0.0.0 Safari/537.36 OPR/89.0.4447.51"
162.213.251.208 - - [15/Nov/2024:11:15:33 -0500] "POST /wp-cron.php?doing_wp_cron=1731687332.4560179710388183593750 HTTP/1.1" 200 0 "-" "WordPress/6.7; https://shapegain.com"
52.167.144.20 - - [15/Nov/2024:11:15:17 -0500] "GET /wp-sitemap.xml HTTP/1.1" 200 216 "-" "Mozilla/5.0 AppleWebKit/537.36 (KHTML, like Gecko; compatible; bingbot/2.0; +http://www.bing.com/bingbot.htm) Chrome/116.0.1938.76 Safari/537.36"
157.55.39.204 - - [15/Nov/2024:11:15:56 -0500] "GET /sitemap.xml HTTP/1.1" 301 0 "-" "Mozilla/5.0 AppleWebKit/537.36 (KHTML, like Gecko; compatible; bingbot/2.0; +http://www.bing.com/bingbot.htm) Chrome/116.0.1938.76 Safari/537.36"
162.213.251.208 - - [15/Nov/2024:11:16:06 -0500] "POST /wp-cron.php?doing_wp_cron=1731687366.1917901039123535156250 HTTP/1.1" 200 0 "-" "WordPress/6.7; https://shapegain.com"
157.55.39.204 - - [15/Nov/2024:11:16:05 -0500] "GET /wp-sitemap.xml HTTP/1.1" 200 216 "-" "Mozilla/5.0 AppleWebKit/537.36 (KHTML, like Gecko; compatible; bingbot/2.0; +http://www.bing.com/bingbot.htm) Chrome/116.0.1938.76 Safari/537.36"
162.213.251.208 - - [15/Nov/2024:11:23:56 -0500] "POST /wp-cron.php?doing_wp_cron=1731687836.8654661178588867187500 HTTP/1.1" 200 0 "-" "WordPress/6.7; https://shapegain.com"
51.222.253.8 - - [15/Nov/2024:11:23:44 -0500] "GET /product-tag/phone/feed/ HTTP/1.1" 200 1468 "-" "Mozilla/5.0 (compatible; AhrefsBot/7.0; +http://ahrefs.com/robot/)"
162.213.251.208 - - [15/Nov/2024:11:38:58 -0500] "POST /wp-cron.php?doing_wp_cron=1731688738.7327070236206054687500 HTTP/1.1" 200 0 "-" "WordPress/6.7; https://shapegain.com"
40.77.167.48 - - [15/Nov/2024:11:38:39 -0500] "GET /wp-sitemap-taxonomies-post_tag-1.xml HTTP/1.1" 200 175 "-" "Mozilla/5.0 AppleWebKit/537.36 (KHTML, like Gecko; compatible; bingbot/2.0; +http://www.bing.com/bingbot.htm) Chrome/116.0.1938.76 Safari/537.36"
198.54.114.36 - - [15/Nov/2024:11:57:39 -0500] "POST /xmlrpc.php HTTP/1.1" 200 0 "-" "Mozilla/5.0 (Windows NT 10.0; Win64; x64) AppleWebKit/537.36 (KHTML, like Gecko) Chrome/61.0.3163.100 Safari/537.36"
162.213.251.208 - - [15/Nov/2024:11:58:02 -0500] "POST /wp-cron.php?doing_wp_cron=1731689880.9366230964660644531250 HTTP/1.1" 200 0 "-" "WordPress/6.7; https://shapegain.com"
194.38.20.13 - - [15/Nov/2024:12:13:01 -0500] "GET /plugins/jquery-file-upload/server/php/index.php?file=tf2rghf.jpg HTTP/1.1" 301 0 "-" "ALittle Client"
3.222.85.38 - - [15/Nov/2024:12:13:51 -0500] "GET /robots.txt HTTP/1.1" 200 158 "-" "Mozilla/5.0 (Macintosh; Intel Mac OS X 10_10_1) AppleWebKit/600.2.5 (KHTML, like Gecko) Version/8.0.2 Safari/600.2.5 (Amazonbot/0.1; +https://developer.amazon.com/support/amazonbot)"
44.205.180.155 - - [15/Nov/2024:12:13:56 -0500] "GET /product-category/wrist-wraps/ HTTP/1.1" 404 19521 "-" "Mozilla/5.0 (Macintosh; Intel Mac OS X 10_10_1) AppleWebKit/600.2.5 (KHTML, like Gecko) Version/8.0.2 Safari/600.2.5 (Amazonbot/0.1; +https://developer.amazon.com/support/amazonbot)"
194.38.20.13 - - [15/Nov/2024:12:14:09 -0500] "GET /plugins/jquery-file-upload/server/php/?file=tf2rghf.jpg HTTP/1.1" 404 84442 "-" "ALittle Client"
108.165.243.70 - - [15/Nov/2024:12:16:52 -0500] "GET /wp-mail.php HTTP/1.1" 200 0 "http://shapegain.com/wp-mail.php" "Go-http-client/2.0"
108.165.243.70 - - [15/Nov/2024:12:16:56 -0500] "GET /m.php HTTP/1.1" 200 0 "http://shapegain.com/m.php" "Go-http-client/2.0"
108.165.243.70 - - [15/Nov/2024:12:17:04 -0500] "GET /a.php HTTP/1.1" 200 0 "http://shapegain.com/a.php" "Go-http-client/2.0"
162.213.251.208 - - [15/Nov/2024:12:17:06 -0500] "POST /wp-cron.php?doing_wp_cron=1731691025.3924589157104492187500 HTTP/1.1" 200 0 "-" "WordPress/6.7; https://shapegain.com"
162.213.251.208 - - [15/Nov/2024:12:17:06 -0500] "POST /wp-cron.php?doing_wp_cron=1731691025.1792440414428710937500 HTTP/1.1" 200 0 "-" "WordPress/6.7; https://shapegain.com"
108.165.243.70 - - [15/Nov/2024:12:17:07 -0500] "GET /wp-content/languages/index.php HTTP/1.1" 200 0 "http://shapegain.com/wp-content/languages/index.php" "Go-http-client/2.0"
108.165.243.70 - - [15/Nov/2024:12:17:15 -0500] "GET /.well-known/pki-validation/index.php HTTP/1.1" 404 1251 "http://shapegain.com/.well-known/pki-validation/index.php" "Go-http-client/2.0"
108.165.243.70 - - [15/Nov/2024:12:17:18 -0500] "GET /cong.php HTTP/1.1" 200 0 "http://shapegain.com/cong.php" "Go-http-client/2.0"
108.165.243.70 - - [15/Nov/2024:12:17:25 -0500] "GET /home.php HTTP/1.1" 200 0 "http://shapegain.com/home.php" "Go-http-client/2.0"
108.165.243.70 - - [15/Nov/2024:12:17:28 -0500] "GET /content.php HTTP/1.1" 200 0 "http://shapegain.com/content.php" "Go-http-client/2.0"
108.165.243.70 - - [15/Nov/2024:12:17:33 -0500] "GET /wp-content/about.php HTTP/1.1" 200 0 "http://shapegain.com/wp-content/about.php" "Go-http-client/2.0"
108.165.243.70 - - [15/Nov/2024:12:17:38 -0500] "GET /Njima.php HTTP/1.1" 200 0 "http://shapegain.com/Njima.php" "Go-http-client/2.0"
108.165.243.70 - - [15/Nov/2024:12:17:43 -0500] "GET /plugin.php HTTP/1.1" 200 0 "http://shapegain.com/plugin.php" "Go-http-client/2.0"
108.165.243.70 - - [15/Nov/2024:12:17:48 -0500] "GET /wp-includes/Text/wp-login.php HTTP/1.1" 200 0 "http://shapegain.com/wp-includes/Text/wp-login.php" "Go-http-client/2.0"
108.165.243.70 - - [15/Nov/2024:12:17:54 -0500] "GET /wp-admin.php HTTP/1.1" 200 0 "http://shapegain.com/wp-admin.php" "Go-http-client/2.0"
108.165.243.70 - - [15/Nov/2024:12:17:58 -0500] "GET /wp-content/themes/seotheme/mar.php HTTP/1.1" 200 0 "http://shapegain.com/wp-content/themes/seotheme/mar.php" "Go-http-client/2.0"
108.165.243.70 - - [15/Nov/2024:12:18:04 -0500] "GET /wp-includes/customize/index.php HTTP/1.1" 200 0 "http://shapegain.com/wp-includes/customize/index.php" "Go-http-client/2.0"
108.165.243.70 - - [15/Nov/2024:12:18:10 -0500] "GET /x.php HTTP/1.1" 200 0 "http://shapegain.com/x.php" "Go-http-client/2.0"
108.165.243.70 - - [15/Nov/2024:12:18:13 -0500] "GET /wp-add.php HTTP/1.1" 200 0 "http://shapegain.com/wp-add.php" "Go-http-client/2.0"
108.165.243.70 - - [15/Nov/2024:12:18:19 -0500] "GET /baxa1.phP8 HTTP/1.1" 200 0 "http://shapegain.com/baxa1.phP8" "Go-http-client/2.0"
108.165.243.70 - - [15/Nov/2024:12:18:25 -0500] "GET /wp-config-sample.php HTTP/1.1" 500 1083 "http://shapegain.com/wp-config-sample.php" "Go-http-client/2.0"
108.165.243.70 - - [15/Nov/2024:12:18:29 -0500] "GET /.well-known/acme-challenge/index.php HTTP/1.1" 200 0 "http://shapegain.com/.well-known/acme-challenge/index.php" "Go-http-client/2.0"
108.165.243.70 - - [15/Nov/2024:12:18:34 -0500] "GET /log.php HTTP/1.1" 200 0 "http://shapegain.com/log.php" "Go-http-client/2.0"
108.165.243.70 - - [15/Nov/2024:12:18:39 -0500] "GET /wp-admin/css/colors/index.php HTTP/1.1" 200 0 "http://shapegain.com/wp-admin/css/colors/index.php" "Go-http-client/2.0"
108.165.243.70 - - [15/Nov/2024:12:18:44 -0500] "GET /wp-content/admin.php HTTP/1.1" 200 0 "http://shapegain.com/wp-content/admin.php" "Go-http-client/2.0"
108.165.243.70 - - [15/Nov/2024:12:18:48 -0500] "GET /wp-content/plugins/WordPressCore/index.php HTTP/1.1" 200 0 "http://shapegain.com/wp-content/plugins/WordPressCore/index.php" "Go-http-client/2.0"
108.165.243.70 - - [15/Nov/2024:12:18:52 -0500] "GET /version.php HTTP/1.1" 200 0 "http://shapegain.com/version.php" "Go-http-client/2.0"
108.165.243.70 - - [15/Nov/2024:12:18:59 -0500] "GET /doc.php HTTP/1.1" 200 0 "http://shapegain.com/doc.php" "Go-http-client/2.0"
108.165.243.85 - - [15/Nov/2024:12:21:56 -0500] "GET /wp-login.php HTTP/1.1" 200 0 "http://shapegain.com/wp-login.php" "Go-http-client/2.0"
108.165.243.85 - - [15/Nov/2024:12:22:01 -0500] "GET /wp-includes/fonts/about.php HTTP/1.1" 200 0 "http://shapegain.com/wp-includes/fonts/about.php" "Go-http-client/2.0"
52.54.15.103 - - [15/Nov/2024:12:50:17 -0500] "GET /product-tags/athlete-essentials/ HTTP/1.1" 404 19521 "-" "Mozilla/5.0 (Macintosh; Intel Mac OS X 10_10_1) AppleWebKit/600.2.5 (KHTML, like Gecko) Version/8.0.2 Safari/600.2.5 (Amazonbot/0.1; +https://developer.amazon.com/support/amazonbot)"
162.213.251.208 - - [15/Nov/2024:12:59:27 -0500] "POST /wp-cron.php?doing_wp_cron=1731693567.0764551162719726562500 HTTP/1.1" 200 0 "-" "WordPress/6.7; https://shapegain.com"
51.222.253.20 - - [15/Nov/2024:12:59:16 -0500] "GET /?add-to-cart=821 HTTP/1.1" 200 35384 "-" "Mozilla/5.0 (compatible; AhrefsBot/7.0; +http://ahrefs.com/robot/)"
162.213.251.208 - - [15/Nov/2024:13:03:54 -0500] "POST /wp-cron.php?doing_wp_cron=1731693834.5358250141143798828125 HTTP/1.1" 200 0 "-" "WordPress/6.7; https://shapegain.com"
