403Webshell
Server IP : 162.213.251.208  /  Your IP : 18.216.124.49
Web Server : LiteSpeed
System : Linux business55.web-hosting.com 4.18.0-553.lve.el8.x86_64 #1 SMP Mon May 27 15:27:34 UTC 2024 x86_64
User : jmoroovq ( 1890)
PHP Version : 7.4.33
Disable Function : NONE
MySQL : OFF  |  cURL : ON  |  WGET : ON  |  Perl : ON  |  Python : ON  |  Sudo : OFF  |  Pkexec : OFF
Directory :  /home/jmoroovq/access-logs/

Upload File :
current_dir [ Writeable ] document_root [ Writeable ]

 

Command :


[ Back ]     

Current File : /home/jmoroovq/access-logs/everyprofession.com.jmorgstudios.com-ssl_log
162.213.251.208 - - [14/Nov/2024:08:24:40 -0500] "POST /wp-cron.php?doing_wp_cron=1731590679.9500501155853271484375 HTTP/1.1" 200 0 "-" "WordPress/6.7; https://everyprofession.com"
140.249.16.94 - - [14/Nov/2024:08:24:35 -0500] "GET / HTTP/1.1" 301 0 "-" "Mozilla/5.0 (Windows NT 10.0; Win64; x64) AppleWebKit/537.36 (KHTML, like Gecko) Chrome/79.0.3945.130 Safari/537.36"
162.213.251.208 - - [14/Nov/2024:08:24:40 -0500] "POST /wp-admin/admin-ajax.php?action=async_litespeed&nonce=F1of11HW5ImaBg0848O4GmIXmHNeGehC&litespeed_type=imgoptm HTTP/1.1" 200 0 "-" "WordPress/6.7; https://everyprofession.com"
140.249.16.94 - - [14/Nov/2024:08:24:42 -0500] "GET / HTTP/1.1" 200 23138 "-" "Mozilla/5.0 (Windows NT 10.0; Win64; x64) AppleWebKit/537.36 (KHTML, like Gecko) Chrome/79.0.3945.130 Safari/537.36"
80.85.247.231 - - [14/Nov/2024:08:34:33 -0500] "GET / HTTP/1.1" 200 23138 "-" "Mozilla/5.0 (Windows NT 10.0; Win64; x64) AppleWebKit/537.36 (KHTML, like Gecko) Chrome/120.0.0.0 Safari/537.36"
162.213.251.208 - - [14/Nov/2024:08:34:39 -0500] "POST /wp-cron.php?doing_wp_cron=1731591278.9995789527893066406250 HTTP/1.1" 200 0 "-" "WordPress/6.7; https://everyprofession.com"
80.85.247.231 - - [14/Nov/2024:08:34:34 -0500] "GET /comments/feed/ HTTP/1.1" 200 752 "-" "Mozilla/5.0 (Windows NT 10.0; Win64; x64) AppleWebKit/537.36 (KHTML, like Gecko) Chrome/120.0.0.0 Safari/537.36"
80.85.247.231 - - [14/Nov/2024:08:34:40 -0500] "GET /contact/ HTTP/1.1" 200 18898 "-" "Mozilla/5.0 (Windows NT 10.0; Win64; x64) AppleWebKit/537.36 (KHTML, like Gecko) Chrome/120.0.0.0 Safari/537.36"
162.213.251.208 - - [14/Nov/2024:08:34:40 -0500] "POST /wp-admin/admin-ajax.php?action=async_litespeed&nonce=U1vSZjMPUdZ3APMPdn59jaLVTEL9mFFh&litespeed_type=imgoptm HTTP/1.1" 200 21 "-" "WordPress/6.7; https://everyprofession.com"
80.85.247.231 - - [14/Nov/2024:08:34:41 -0500] "GET /contact HTTP/1.1" 301 0 "-" "Mozilla/5.0 (Windows NT 10.0; Win64; x64) AppleWebKit/537.36 (KHTML, like Gecko) Chrome/120.0.0.0 Safari/537.36"
80.85.247.231 - - [14/Nov/2024:08:34:42 -0500] "GET /contact/ HTTP/1.1" 200 18898 "https://everyprofession.com/contact" "Mozilla/5.0 (Windows NT 10.0; Win64; x64) AppleWebKit/537.36 (KHTML, like Gecko) Chrome/120.0.0.0 Safari/537.36"
162.213.251.208 - - [14/Nov/2024:09:30:21 -0500] "POST /wp-cron.php?doing_wp_cron=1731594620.9500041007995605468750 HTTP/1.1" 200 0 "-" "WordPress/6.7; https://everyprofession.com"
170.106.192.3 - - [14/Nov/2024:09:30:16 -0500] "GET / HTTP/1.1" 301 0 "http://www.everyprofession.com" "Mozilla/5.0 (iPhone; CPU iPhone OS 13_2_3 like Mac OS X) AppleWebKit/605.1.15 (KHTML, like Gecko) Version/13.0.3 Mobile/15E148 Safari/604.1"
170.106.192.3 - - [14/Nov/2024:09:30:21 -0500] "GET / HTTP/1.1" 200 23138 "https://www.everyprofession.com/" "Mozilla/5.0 (iPhone; CPU iPhone OS 13_2_3 like Mac OS X) AppleWebKit/605.1.15 (KHTML, like Gecko) Version/13.0.3 Mobile/15E148 Safari/604.1"
162.213.251.208 - - [14/Nov/2024:09:30:22 -0500] "POST /wp-admin/admin-ajax.php?action=async_litespeed&nonce=bCVXddXi41hR7AlkiJWjbqrpdpjulRnI&litespeed_type=imgoptm HTTP/1.1" 200 0 "-" "WordPress/6.7; https://everyprofession.com"
109.248.15.240 - - [14/Nov/2024:09:51:35 -0500] "GET / HTTP/1.1" 200 23138 "-" "Python/3.11 aiohttp/3.9.3"
138.201.139.159 - - [14/Nov/2024:13:01:21 -0500] "GET / HTTP/1.1" 200 115165 "-" "Mozilla/5.0 (Windows NT 10.0; Win64; x64) AppleWebKit/537.36 (KHTML, like Gecko) Chrome/79.0.3945.130 Safari/537.36"
162.213.251.208 - - [14/Nov/2024:13:01:28 -0500] "POST /wp-cron.php?doing_wp_cron=1731607288.3136808872222900390625 HTTP/1.1" 200 0 "-" "WordPress/6.7; https://everyprofession.com"
138.201.139.159 - - [14/Nov/2024:13:01:22 -0500] "POST /xmlrpc.php HTTP/1.1" 200 4272 "-" "Mozilla/5.0 (Windows NT 10.0; Win64; x64) AppleWebKit/537.36 (KHTML, like Gecko) Chrome/79.0.3945.130 Safari/537.36"
138.201.139.159 - - [14/Nov/2024:13:01:29 -0500] "GET / HTTP/1.1" 200 115165 "-" "Mozilla/5.0 (Windows NT 10.0; Win64; x64) AppleWebKit/537.36 (KHTML, like Gecko) Chrome/65.0.3325.181 Safari/537.36"
162.213.251.208 - - [14/Nov/2024:13:01:29 -0500] "POST /wp-admin/admin-ajax.php?action=async_litespeed&nonce=K2US0DU6dHF8Y5OHtC57nCaQXL05POGy&litespeed_type=imgoptm HTTP/1.1" 200 0 "-" "WordPress/6.7; https://everyprofession.com"
138.201.139.159 - - [14/Nov/2024:13:01:30 -0500] "GET /wp-login.php HTTP/1.1" 200 4982 "-" "Mozilla/5.0 (Windows NT 10.0; Win64; x64) AppleWebKit/537.36 (KHTML, like Gecko) Chrome/65.0.3325.181 Safari/537.36"
162.213.251.208 - - [14/Nov/2024:13:58:43 -0500] "POST /wp-cron.php?doing_wp_cron=1731610723.8296039104461669921875 HTTP/1.1" 200 0 "-" "WordPress/6.7; https://everyprofession.com"
40.77.167.78 - - [14/Nov/2024:13:58:40 -0500] "GET /sitemap_index.xml HTTP/1.1" 302 0 "-" "Mozilla/5.0 AppleWebKit/537.36 (KHTML, like Gecko; compatible; bingbot/2.0; +http://www.bing.com/bingbot.htm) Chrome/116.0.1938.76 Safari/537.36"
162.213.251.208 - - [14/Nov/2024:13:58:44 -0500] "POST /wp-admin/admin-ajax.php?action=async_litespeed&nonce=TRO61GDScyAHyTZ6lh1Y2PS2HgieXQH0&litespeed_type=imgoptm HTTP/1.1" 200 0 "-" "WordPress/6.7; https://everyprofession.com"
162.213.251.208 - - [14/Nov/2024:13:58:44 -0500] "POST /wp-admin/admin-ajax.php?action=as_async_request_queue_runner&nonce=79ed34fde8 HTTP/1.1" 200 0 "-" "WordPress/6.7; https://everyprofession.com"
40.77.167.78 - - [14/Nov/2024:13:58:49 -0500] "GET /sitemap.xml HTTP/1.1" 200 338 "-" "Mozilla/5.0 AppleWebKit/537.36 (KHTML, like Gecko; compatible; bingbot/2.0; +http://www.bing.com/bingbot.htm) Chrome/116.0.1938.76 Safari/537.36"
143.110.210.217 - - [14/Nov/2024:14:04:53 -0500] "GET / HTTP/1.1" 200 23138 "-" "Mozilla/5.0 (X11; Linux x86_64) AppleWebKit/537.36 (KHTML, like Gecko) Chrome/129.0.0.0 Safari/537.36"
143.110.210.217 - - [14/Nov/2024:14:04:55 -0500] "GET /wp-content/uploads/2024/09/favicon.png HTTP/1.1" 200 17728 "https://everyprofession.com/" "Mozilla/5.0 (X11; Linux x86_64) AppleWebKit/537.36 (KHTML, like Gecko) Chrome/129.0.0.0 Safari/537.36"
157.55.39.225 - - [14/Nov/2024:15:29:22 -0500] "GET /robots.txt HTTP/1.1" 301 0 "-" "Mozilla/5.0 AppleWebKit/537.36 (KHTML, like Gecko; compatible; bingbot/2.0; +http://www.bing.com/bingbot.htm) Chrome/116.0.1938.76 Safari/537.36"
157.55.39.225 - - [14/Nov/2024:15:29:23 -0500] "GET /robots.txt HTTP/1.1" 200 108 "-" "Mozilla/5.0 AppleWebKit/537.36 (KHTML, like Gecko; compatible; bingbot/2.0; +http://www.bing.com/bingbot.htm) Chrome/116.0.1938.76 Safari/537.36"
162.213.251.208 - - [14/Nov/2024:15:29:35 -0500] "POST /wp-cron.php?doing_wp_cron=1731616175.3163990974426269531250 HTTP/1.1" 200 0 "-" "WordPress/6.7; https://everyprofession.com"
52.167.144.171 - - [14/Nov/2024:15:29:32 -0500] "GET /sitemap_index.xml HTTP/1.1" 302 0 "-" "Mozilla/5.0 AppleWebKit/537.36 (KHTML, like Gecko; compatible; bingbot/2.0; +http://www.bing.com/bingbot.htm) Chrome/116.0.1938.76 Safari/537.36"
162.213.251.208 - - [14/Nov/2024:15:29:35 -0500] "POST /wp-admin/admin-ajax.php?action=async_litespeed&nonce=0LtRkVyIr2lsXK1pDeBWIHpUNc9X68vW&litespeed_type=imgoptm HTTP/1.1" 200 0 "-" "WordPress/6.7; https://everyprofession.com"
162.213.251.208 - - [14/Nov/2024:15:29:36 -0500] "POST /wp-admin/admin-ajax.php?action=as_async_request_queue_runner&nonce=79ed34fde8 HTTP/1.1" 200 0 "-" "WordPress/6.7; https://everyprofession.com"
162.213.251.208 - - [14/Nov/2024:15:30:04 -0500] "POST /wp-cron.php?doing_wp_cron=1731616204.5858941078186035156250 HTTP/1.1" 200 0 "-" "WordPress/6.7; https://everyprofession.com"
52.167.144.176 - - [14/Nov/2024:15:30:03 -0500] "GET /sitemap.xml HTTP/1.1" 200 338 "-" "Mozilla/5.0 AppleWebKit/537.36 (KHTML, like Gecko; compatible; bingbot/2.0; +http://www.bing.com/bingbot.htm) Chrome/116.0.1938.76 Safari/537.36"
162.213.251.208 - - [14/Nov/2024:15:30:05 -0500] "POST /wp-admin/admin-ajax.php?action=async_litespeed&nonce=260ZOYiC1PgqKK7Naj6edF9tqt59RRik&litespeed_type=imgoptm HTTP/1.1" 200 21 "-" "WordPress/6.7; https://everyprofession.com"
162.213.251.208 - - [14/Nov/2024:15:37:22 -0500] "POST /wp-cron.php?doing_wp_cron=1731616642.0350100994110107421875 HTTP/1.1" 200 0 "-" "WordPress/6.7; https://everyprofession.com"
207.46.13.54 - - [14/Nov/2024:15:37:18 -0500] "GET /sitemap.xml HTTP/1.1" 200 338 "-" "Mozilla/5.0 AppleWebKit/537.36 (KHTML, like Gecko; compatible; bingbot/2.0; +http://www.bing.com/bingbot.htm) Chrome/116.0.1938.76 Safari/537.36"
162.213.251.208 - - [14/Nov/2024:15:37:22 -0500] "POST /wp-admin/admin-ajax.php?action=async_litespeed&nonce=Y7PLgBzURhUeCVpriaKzCqU8CwDPMV3n&litespeed_type=imgoptm HTTP/1.1" 200 21 "-" "WordPress/6.7; https://everyprofession.com"
42.236.101.213 - - [14/Nov/2024:16:22:02 -0500] "GET / HTTP/1.1" 200 23138 "https://everyprofession.com/" "Mozilla/5.0 (Windows NT 6.1; WOW64) AppleWebKit/537.36 (KHTML, like Gecko) Chrome/50.0.2661.102 Safari/537.36; 360Spider"
162.213.251.208 - - [14/Nov/2024:16:38:25 -0500] "POST /wp-cron.php?doing_wp_cron=1731620305.7310149669647216796875 HTTP/1.1" 200 0 "-" "WordPress/6.7; https://everyprofession.com"
34.71.108.150 - - [14/Nov/2024:16:38:22 -0500] "GET //wp-includes/wlwmanifest.xml HTTP/1.1" 301 0 "-" "Mozilla/5.0 (Windows NT 10.0; Win64; x64) AppleWebKit/537.36 (KHTML, like Gecko) Chrome/78.0.3904.108 Safari/537.36"
34.71.108.150 - - [14/Nov/2024:16:38:26 -0500] "GET //xmlrpc.php?rsd HTTP/1.1" 200 828 "-" "Mozilla/5.0 (Windows NT 10.0; Win64; x64) AppleWebKit/537.36 (KHTML, like Gecko) Chrome/78.0.3904.108 Safari/537.36"
34.71.108.150 - - [14/Nov/2024:16:38:26 -0500] "GET //?author=1 HTTP/1.1" 301 0 "-" "Mozilla/5.0 (Windows NT 10.0; Win64; x64) AppleWebKit/537.36 (KHTML, like Gecko) Chrome/78.0.3904.108 Safari/537.36"
34.71.108.150 - - [14/Nov/2024:16:38:27 -0500] "GET //?author=2 HTTP/1.1" 301 0 "-" "Mozilla/5.0 (Windows NT 10.0; Win64; x64) AppleWebKit/537.36 (KHTML, like Gecko) Chrome/78.0.3904.108 Safari/537.36"
162.213.251.208 - - [14/Nov/2024:16:38:26 -0500] "POST /wp-admin/admin-ajax.php?action=async_litespeed&nonce=QLHz0BfRzVQp3K8NGLcpagDmIFO4biqx&litespeed_type=imgoptm HTTP/1.1" 200 0 "-" "WordPress/6.7; https://everyprofession.com"
34.71.108.150 - - [14/Nov/2024:16:38:27 -0500] "GET //wp-json/wp/v2/users/ HTTP/1.1" 200 686 "-" "Mozilla/5.0 (Windows NT 10.0; Win64; x64) AppleWebKit/537.36 (KHTML, like Gecko) Chrome/78.0.3904.108 Safari/537.36"
34.71.108.150 - - [14/Nov/2024:16:38:27 -0500] "POST //xmlrpc.php HTTP/1.1" 200 401 "-" "Mozilla/5.0 (Windows NT 10.0; Win64; x64) AppleWebKit/537.36 (KHTML, like Gecko) Chrome/78.0.3904.108 Safari/537.36"
34.71.108.150 - - [14/Nov/2024:16:38:28 -0500] "POST //xmlrpc.php HTTP/1.1" 200 401 "-" "Mozilla/5.0 (Windows NT 10.0; Win64; x64) AppleWebKit/537.36 (KHTML, like Gecko) Chrome/78.0.3904.108 Safari/537.36"
34.71.108.150 - - [14/Nov/2024:16:38:28 -0500] "POST //xmlrpc.php HTTP/1.1" 200 401 "-" "Mozilla/5.0 (Windows NT 10.0; Win64; x64) AppleWebKit/537.36 (KHTML, like Gecko) Chrome/78.0.3904.108 Safari/537.36"
34.71.108.150 - - [14/Nov/2024:16:38:29 -0500] "POST //xmlrpc.php HTTP/1.1" 200 401 "-" "Mozilla/5.0 (Windows NT 10.0; Win64; x64) AppleWebKit/537.36 (KHTML, like Gecko) Chrome/78.0.3904.108 Safari/537.36"
34.71.108.150 - - [14/Nov/2024:16:38:29 -0500] "POST //xmlrpc.php HTTP/1.1" 200 401 "-" "Mozilla/5.0 (Windows NT 10.0; Win64; x64) AppleWebKit/537.36 (KHTML, like Gecko) Chrome/78.0.3904.108 Safari/537.36"
34.71.108.150 - - [14/Nov/2024:16:38:30 -0500] "POST //xmlrpc.php HTTP/1.1" 200 401 "-" "Mozilla/5.0 (Windows NT 10.0; Win64; x64) AppleWebKit/537.36 (KHTML, like Gecko) Chrome/78.0.3904.108 Safari/537.36"
162.213.251.208 - - [14/Nov/2024:16:54:57 -0500] "POST /wp-cron.php?doing_wp_cron=1731621297.2500429153442382812500 HTTP/1.1" 200 0 "-" "WordPress/6.7; https://everyprofession.com"
51.178.1.52 - - [14/Nov/2024:16:54:53 -0500] "GET /wp-json/wp/v2/users HTTP/1.1" 200 686 "-" "Mozilla/5.0 (Windows NT 10.0; Win64; x64) AppleWebKit/537.36 (KHTML, like Gecko) Chrome/81.0.4044.138 Safari/537.36"
162.213.251.208 - - [14/Nov/2024:16:54:58 -0500] "POST /wp-admin/admin-ajax.php?action=async_litespeed&nonce=n3kx4762e2CMqoub9XRcntdLqlwqoZyc&litespeed_type=imgoptm HTTP/1.1" 200 0 "-" "WordPress/6.7; https://everyprofession.com"
162.213.251.208 - - [14/Nov/2024:16:54:58 -0500] "POST /wp-admin/admin-ajax.php?action=as_async_request_queue_runner&nonce=79ed34fde8 HTTP/1.1" 200 0 "-" "WordPress/6.7; https://everyprofession.com"
162.213.251.208 - - [14/Nov/2024:19:46:37 -0500] "POST /wp-cron.php?doing_wp_cron=1731631596.9709720611572265625000 HTTP/1.1" 200 0 "-" "WordPress/6.7; https://everyprofession.com"
207.46.13.124 - - [14/Nov/2024:19:46:34 -0500] "GET /sitemaps.xml HTTP/1.1" 302 0 "-" "Mozilla/5.0 AppleWebKit/537.36 (KHTML, like Gecko; compatible; bingbot/2.0; +http://www.bing.com/bingbot.htm) Chrome/116.0.1938.76 Safari/537.36"
162.213.251.208 - - [14/Nov/2024:19:46:37 -0500] "POST /wp-admin/admin-ajax.php?action=async_litespeed&nonce=wV6mtb0FoLuMvrAQDFB0zQ6S6lAKaNfQ&litespeed_type=imgoptm HTTP/1.1" 200 21 "-" "WordPress/6.7; https://everyprofession.com"
162.213.251.208 - - [14/Nov/2024:19:46:54 -0500] "POST /wp-cron.php?doing_wp_cron=1731631614.8637509346008300781250 HTTP/1.1" 200 0 "-" "WordPress/6.7; https://everyprofession.com"
157.55.39.201 - - [14/Nov/2024:19:46:54 -0500] "GET /sitemap.xml HTTP/1.1" 200 339 "-" "Mozilla/5.0 AppleWebKit/537.36 (KHTML, like Gecko; compatible; bingbot/2.0; +http://www.bing.com/bingbot.htm) Chrome/116.0.1938.76 Safari/537.36"
162.213.251.208 - - [14/Nov/2024:19:46:55 -0500] "POST /wp-admin/admin-ajax.php?action=async_litespeed&nonce=pd30Zgn6hLKApb9UZ9SyIWEwrJwrrY1E&litespeed_type=imgoptm HTTP/1.1" 200 21 "-" "WordPress/6.7; https://everyprofession.com"
162.213.251.208 - - [14/Nov/2024:20:58:33 -0500] "POST /wp-cron.php?doing_wp_cron=1731635913.5744540691375732421875 HTTP/1.1" 200 0 "-" "WordPress/6.7; https://everyprofession.com"
157.55.39.13 - - [14/Nov/2024:20:58:30 -0500] "GET /sitemap.txt HTTP/1.1" 302 0 "-" "Mozilla/5.0 AppleWebKit/537.36 (KHTML, like Gecko; compatible; bingbot/2.0; +http://www.bing.com/bingbot.htm) Chrome/116.0.1938.76 Safari/537.36"
162.213.251.208 - - [14/Nov/2024:20:58:34 -0500] "POST /wp-admin/admin-ajax.php?action=async_litespeed&nonce=erMZgkPQh3AXDWQ4VvcyUFJCT9lpuvLk&litespeed_type=imgoptm HTTP/1.1" 200 21 "-" "WordPress/6.7; https://everyprofession.com"
157.55.39.204 - - [14/Nov/2024:20:58:41 -0500] "GET /sitemap.xml HTTP/1.1" 200 338 "-" "Mozilla/5.0 AppleWebKit/537.36 (KHTML, like Gecko; compatible; bingbot/2.0; +http://www.bing.com/bingbot.htm) Chrome/116.0.1938.76 Safari/537.36"

Youez - 2016 - github.com/yon3zu
LinuXploit