162.213.251.208 - - [14/Nov/2024:11:11:28 -0500] "POST /wp-cron.php?doing_wp_cron=1731600688.6238389015197753906250 HTTP/1.1" 200 0 "-" "WordPress/6.7; https://shapegain.com"
45.158.14.229 - - [14/Nov/2024:11:11:14 -0500] "POST /xmlrpc.php HTTP/1.1" 200 236 "-" "Mozilla/5.0 (X11; Fedora; Linux x86_64; rv:94.0) Gecko/20100101 Firefox/95.0"
162.213.251.208 - - [14/Nov/2024:11:26:14 -0500] "POST /wp-cron.php?doing_wp_cron=1731601574.4808990955352783203125 HTTP/1.1" 200 0 "-" "WordPress/6.7; https://shapegain.com"
192.250.235.16 - - [14/Nov/2024:11:26:03 -0500] "POST /xmlrpc.php HTTP/1.1" 200 236 "-" "Mozilla/5.0 (X11; Fedora; Linux x86_64; rv:94.0) Gecko/20100101 Firefox/95.0"
162.213.251.208 - - [14/Nov/2024:11:41:36 -0500] "POST /wp-cron.php?doing_wp_cron=1731602496.7726209163665771484375 HTTP/1.1" 200 0 "-" "WordPress/6.7; https://shapegain.com"
185.66.90.243 - - [14/Nov/2024:11:41:21 -0500] "POST /xmlrpc.php HTTP/1.1" 200 236 "-" "Mozilla/5.0 (X11; Fedora; Linux x86_64; rv:94.0) Gecko/20100101 Firefox/95.0"
162.213.251.208 - - [14/Nov/2024:11:45:35 -0500] "POST /wp-cron.php?doing_wp_cron=1731602735.4319989681243896484375 HTTP/1.1" 200 0 "-" "WordPress/6.7; https://shapegain.com"
85.208.96.202 - - [14/Nov/2024:11:45:22 -0500] "GET /robots.txt HTTP/1.1" 200 158 "-" "Mozilla/5.0 (compatible; SemrushBot/7~bl; +http://www.semrush.com/bot.html)"
85.208.96.202 - - [14/Nov/2024:11:45:37 -0500] "GET /category/blog/ HTTP/1.1" 200 27909 "-" "Mozilla/5.0 (compatible; SemrushBot/7~bl; +http://www.semrush.com/bot.html)"
54.89.90.224 - - [14/Nov/2024:11:52:47 -0500] "GET /?page_id=8 HTTP/1.1" 200 0 "-" "Mozilla/5.0 (Macintosh; Intel Mac OS X 10_10_1) AppleWebKit/600.2.5 (KHTML, like Gecko) Version/8.0.2 Safari/600.2.5 (Amazonbot/0.1; +https://developer.amazon.com/support/amazonbot)"
162.213.251.208 - - [14/Nov/2024:11:53:02 -0500] "POST /wp-cron.php?doing_wp_cron=1731603182.2364299297332763671875 HTTP/1.1" 200 0 "-" "WordPress/6.7; https://shapegain.com"
162.213.251.208 - - [14/Nov/2024:12:00:11 -0500] "POST /wp-cron.php?doing_wp_cron=1731603609.4662220478057861328125 HTTP/1.1" 200 0 "-" "WordPress/6.7; https://shapegain.com"
51.222.253.9 - - [14/Nov/2024:11:59:53 -0500] "GET /my-account/lost-password/ HTTP/1.1" 200 22862 "-" "Mozilla/5.0 (compatible; AhrefsBot/7.0; +http://ahrefs.com/robot/)"
162.213.251.208 - - [14/Nov/2024:12:02:42 -0500] "POST /wp-cron.php?doing_wp_cron=1731603762.1260108947753906250000 HTTP/1.1" 200 0 "-" "WordPress/6.7; https://shapegain.com"
23.23.103.31 - - [14/Nov/2024:12:02:35 -0500] "GET /product-category/wrist-wraps/ HTTP/1.1" 404 19462 "-" "Mozilla/5.0 (Macintosh; Intel Mac OS X 10_10_1) AppleWebKit/600.2.5 (KHTML, like Gecko) Version/8.0.2 Safari/600.2.5 (Amazonbot/0.1; +https://developer.amazon.com/support/amazonbot)"
162.213.251.208 - - [14/Nov/2024:12:10:56 -0500] "POST /wp-cron.php?doing_wp_cron=1731604256.9130170345306396484375 HTTP/1.1" 200 0 "-" "WordPress/6.7; https://shapegain.com"
132.148.75.149 - - [14/Nov/2024:12:10:49 -0500] "POST /xmlrpc.php HTTP/1.1" 200 236 "-" "Mozilla/5.0 (X11; Fedora; Linux x86_64; rv:94.0) Gecko/20100101 Firefox/95.0"
162.213.251.208 - - [14/Nov/2024:12:25:55 -0500] "POST /wp-cron.php?doing_wp_cron=1731605155.6437330245971679687500 HTTP/1.1" 200 0 "-" "WordPress/6.7; https://shapegain.com"
194.233.90.0 - - [14/Nov/2024:12:25:40 -0500] "POST /xmlrpc.php HTTP/1.1" 200 236 "-" "Mozilla/5.0 (X11; Fedora; Linux x86_64; rv:94.0) Gecko/20100101 Firefox/95.0"
162.213.251.208 - - [14/Nov/2024:13:02:04 -0500] "POST /wp-cron.php?doing_wp_cron=1731607324.7703258991241455078125 HTTP/1.1" 200 0 "-" "WordPress/6.7; https://shapegain.com"
169.150.205.139 - - [14/Nov/2024:13:01:56 -0500] "GET /contact-with-us/ HTTP/1.1" 200 26754 "-" "Mozilla/5.0 (Windows NT 10.0; Win64; x64) AppleWebKit/537.36 (KHTML, like Gecko) Chrome/114.0.0.0 Safari/537.36 Edg/114.0.1264.71"
162.213.251.208 - - [14/Nov/2024:13:08:56 -0500] "POST /wp-cron.php?doing_wp_cron=1731607735.9771308898925781250000 HTTP/1.1" 200 0 "-" "WordPress/6.7; https://shapegain.com"
45.10.151.10 - - [14/Nov/2024:13:08:50 -0500] "POST /xmlrpc.php HTTP/1.1" 200 236 "-" "Mozilla/5.0 (X11; Fedora; Linux x86_64; rv:94.0) Gecko/20100101 Firefox/95.0"
162.213.251.208 - - [14/Nov/2024:13:11:58 -0500] "POST /wp-cron.php?doing_wp_cron=1731607918.7168979644775390625000 HTTP/1.1" 200 0 "-" "WordPress/6.7; https://shapegain.com"
44.205.74.196 - - [14/Nov/2024:13:11:54 -0500] "GET /product-tags/athlete-essentials/ HTTP/1.1" 404 19520 "-" "Mozilla/5.0 (Macintosh; Intel Mac OS X 10_10_1) AppleWebKit/600.2.5 (KHTML, like Gecko) Version/8.0.2 Safari/600.2.5 (Amazonbot/0.1; +https://developer.amazon.com/support/amazonbot)"
162.213.251.208 - - [14/Nov/2024:13:21:36 -0500] "POST /wp-cron.php?doing_wp_cron=1731608496.7074050903320312500000 HTTP/1.1" 200 0 "-" "WordPress/6.7; https://shapegain.com"
41.193.5.59 - - [14/Nov/2024:13:21:26 -0500] "POST /xmlrpc.php HTTP/1.1" 200 236 "-" "Mozilla/5.0 (X11; Fedora; Linux x86_64; rv:94.0) Gecko/20100101 Firefox/95.0"
162.213.251.208 - - [14/Nov/2024:13:22:20 -0500] "POST /wp-cron.php?doing_wp_cron=1731608539.7969050407409667968750 HTTP/1.1" 200 0 "-" "WordPress/6.7; https://shapegain.com"
54.36.148.38 - - [14/Nov/2024:13:22:18 -0500] "GET /robots.txt HTTP/1.1" 200 141 "-" "Mozilla/5.0 (compatible; AhrefsBot/7.0; +http://ahrefs.com/robot/)"
51.222.253.12 - - [14/Nov/2024:13:22:24 -0500] "GET /about/ HTTP/1.1" 200 27707 "-" "Mozilla/5.0 (compatible; AhrefsBot/7.0; +http://ahrefs.com/robot/)"
162.213.251.208 - - [14/Nov/2024:13:24:34 -0500] "POST /wp-cron.php?doing_wp_cron=1731608674.3108739852905273437500 HTTP/1.1" 200 0 "-" "WordPress/6.7; https://shapegain.com"
157.90.209.77 - - [14/Nov/2024:13:24:26 -0500] "GET /robots.txt HTTP/1.1" 200 158 "-" "Mozilla/5.0 (compatible; BLEXBot/1.0; +http://webmeup-crawler.com/)"
157.90.209.77 - - [14/Nov/2024:13:24:35 -0500] "GET /wp-sitemap.xml HTTP/1.1" 200 253 "-" "Mozilla/5.0 (compatible; BLEXBot/1.0; +http://webmeup-crawler.com/)"
157.90.209.77 - - [14/Nov/2024:13:24:45 -0500] "GET / HTTP/1.1" 200 46066 "-" "Mozilla/5.0 (compatible; BLEXBot/1.0; +http://webmeup-crawler.com/)"
157.90.209.77 - - [14/Nov/2024:13:24:57 -0500] "GET /?page_id=8 HTTP/1.1" 404 19448 "-" "Mozilla/5.0 (compatible; BLEXBot/1.0; +http://webmeup-crawler.com/)"
157.90.209.77 - - [14/Nov/2024:13:25:06 -0500] "GET /?product-page=2 HTTP/1.1" 200 43004 "-" "Mozilla/5.0 (compatible; BLEXBot/1.0; +http://webmeup-crawler.com/)"
162.213.251.208 - - [14/Nov/2024:13:25:30 -0500] "POST /wp-cron.php?doing_wp_cron=1731608730.7492139339447021484375 HTTP/1.1" 200 0 "-" "WordPress/6.7; https://shapegain.com"
157.90.209.77 - - [14/Nov/2024:13:25:30 -0500] "GET /about/ HTTP/1.1" 200 33810 "-" "Mozilla/5.0 (compatible; BLEXBot/1.0; +http://webmeup-crawler.com/)"
157.90.209.77 - - [14/Nov/2024:13:25:42 -0500] "GET /cart/ HTTP/1.1" 200 50384 "-" "Mozilla/5.0 (compatible; BLEXBot/1.0; +http://webmeup-crawler.com/)"
157.90.209.77 - - [14/Nov/2024:13:25:51 -0500] "GET /checkout/ HTTP/1.1" 302 0 "-" "Mozilla/5.0 (compatible; BLEXBot/1.0; +http://webmeup-crawler.com/)"
157.90.209.77 - - [14/Nov/2024:13:25:53 -0500] "GET /cart/ HTTP/1.1" 200 50384 "-" "Mozilla/5.0 (compatible; BLEXBot/1.0; +http://webmeup-crawler.com/)"
162.213.251.208 - - [14/Nov/2024:13:26:00 -0500] "POST /wp-cron.php?doing_wp_cron=1731608760.8629720211029052734375 HTTP/1.1" 200 0 "-" "WordPress/6.7; https://shapegain.com"
157.90.209.77 - - [14/Nov/2024:13:26:00 -0500] "GET /contact-with-us/ HTTP/1.1" 200 32443 "-" "Mozilla/5.0 (compatible; BLEXBot/1.0; +http://webmeup-crawler.com/)"
157.90.209.77 - - [14/Nov/2024:13:26:11 -0500] "GET /home/ HTTP/1.1" 200 48140 "-" "Mozilla/5.0 (compatible; BLEXBot/1.0; +http://webmeup-crawler.com/)"
162.213.251.208 - - [14/Nov/2024:13:26:16 -0500] "POST /wp-cron.php?doing_wp_cron=1731608776.1720259189605712890625 HTTP/1.1" 200 0 "-" "WordPress/6.7; https://shapegain.com"
157.90.209.77 - - [14/Nov/2024:13:26:15 -0500] "GET /my-account/ HTTP/1.1" 200 27015 "-" "Mozilla/5.0 (compatible; BLEXBot/1.0; +http://webmeup-crawler.com/)"
157.90.209.77 - - [14/Nov/2024:13:26:29 -0500] "GET /my-account/lost-password/ HTTP/1.1" 200 27442 "-" "Mozilla/5.0 (compatible; BLEXBot/1.0; +http://webmeup-crawler.com/)"
157.90.209.77 - - [14/Nov/2024:13:26:40 -0500] "GET /product-category/Belts/ HTTP/1.1" 404 19516 "-" "Mozilla/5.0 (compatible; BLEXBot/1.0; +http://webmeup-crawler.com/)"
157.90.209.77 - - [14/Nov/2024:13:26:54 -0500] "GET /product-category/bags/ HTTP/1.1" 404 19515 "-" "Mozilla/5.0 (compatible; BLEXBot/1.0; +http://webmeup-crawler.com/)"
157.90.209.77 - - [14/Nov/2024:13:27:07 -0500] "GET /product-category/gaming/ HTTP/1.1" 200 29713 "-" "Mozilla/5.0 (compatible; BLEXBot/1.0; +http://webmeup-crawler.com/)"
162.213.251.208 - - [14/Nov/2024:13:27:24 -0500] "POST /wp-cron.php?doing_wp_cron=1731608843.9766631126403808593750 HTTP/1.1" 200 0 "-" "WordPress/6.7; https://shapegain.com"
157.90.209.77 - - [14/Nov/2024:13:27:23 -0500] "GET /product-category/gloves/ HTTP/1.1" 404 19458 "-" "Mozilla/5.0 (compatible; BLEXBot/1.0; +http://webmeup-crawler.com/)"
157.90.209.77 - - [14/Nov/2024:13:27:39 -0500] "GET /product-category/wrist-wraps/ HTTP/1.1" 404 19462 "-" "Mozilla/5.0 (compatible; BLEXBot/1.0; +http://webmeup-crawler.com/)"
157.90.209.77 - - [14/Nov/2024:13:27:58 -0500] "GET /product-tags/athlete-essentials/ HTTP/1.1" 404 19462 "-" "Mozilla/5.0 (compatible; BLEXBot/1.0; +http://webmeup-crawler.com/)"
162.213.251.208 - - [14/Nov/2024:13:28:16 -0500] "POST /wp-cron.php?doing_wp_cron=1731608895.6942749023437500000000 HTTP/1.1" 200 0 "-" "WordPress/6.7; https://shapegain.com"
157.90.209.77 - - [14/Nov/2024:13:28:14 -0500] "GET /product/beflashdrive4/ HTTP/1.1" 200 41460 "-" "Mozilla/5.0 (compatible; BLEXBot/1.0; +http://webmeup-crawler.com/)"
157.90.209.77 - - [14/Nov/2024:13:28:33 -0500] "GET /product/besmartphone4/ HTTP/1.1" 200 34976 "-" "Mozilla/5.0 (compatible; BLEXBot/1.0; +http://webmeup-crawler.com/)"
157.90.209.77 - - [14/Nov/2024:13:28:46 -0500] "GET /product/versa-gripps-2/ HTTP/1.1" 200 43247 "-" "Mozilla/5.0 (compatible; BLEXBot/1.0; +http://webmeup-crawler.com/)"
157.90.209.77 - - [14/Nov/2024:13:29:01 -0500] "GET /product/versa-gripps-3/ HTTP/1.1" 200 44236 "-" "Mozilla/5.0 (compatible; BLEXBot/1.0; +http://webmeup-crawler.com/)"
157.90.209.77 - - [14/Nov/2024:13:29:10 -0500] "GET /product/versa-gripps/ HTTP/1.1" 200 42958 "-" "Mozilla/5.0 (compatible; BLEXBot/1.0; +http://webmeup-crawler.com/)"
162.213.251.208 - - [14/Nov/2024:13:29:29 -0500] "POST /wp-cron.php?doing_wp_cron=1731608969.9193859100341796875000 HTTP/1.1" 200 0 "-" "WordPress/6.7; https://shapegain.com"
157.90.209.77 - - [14/Nov/2024:13:29:29 -0500] "GET /promotions/ HTTP/1.1" 200 30785 "-" "Mozilla/5.0 (compatible; BLEXBot/1.0; +http://webmeup-crawler.com/)"
157.90.209.77 - - [14/Nov/2024:13:29:33 -0500] "GET /shop HTTP/1.1" 301 0 "-" "Mozilla/5.0 (compatible; BLEXBot/1.0; +http://webmeup-crawler.com/)"
157.90.209.77 - - [14/Nov/2024:13:29:34 -0500] "GET /shop/ HTTP/1.1" 200 33098 "-" "Mozilla/5.0 (compatible; BLEXBot/1.0; +http://webmeup-crawler.com/)"
157.90.209.77 - - [14/Nov/2024:13:29:48 -0500] "GET /shop/ HTTP/1.1" 200 33098 "-" "Mozilla/5.0 (compatible; BLEXBot/1.0; +http://webmeup-crawler.com/)"
157.90.209.77 - - [14/Nov/2024:13:30:02 -0500] "GET /terms-of-use/ HTTP/1.1" 200 34148 "-" "Mozilla/5.0 (compatible; BLEXBot/1.0; +http://webmeup-crawler.com/)"
157.90.209.77 - - [14/Nov/2024:13:30:07 -0500] "GET /wa.me/+92%20304%201285496 HTTP/1.1" 404 19459 "-" "Mozilla/5.0 (compatible; BLEXBot/1.0; +http://webmeup-crawler.com/)"
157.90.209.77 - - [14/Nov/2024:13:30:12 -0500] "GET /wishlist/ HTTP/1.1" 200 26745 "-" "Mozilla/5.0 (compatible; BLEXBot/1.0; +http://webmeup-crawler.com/)"
162.213.251.208 - - [14/Nov/2024:13:41:17 -0500] "POST /wp-cron.php?doing_wp_cron=1731609677.3333039283752441406250 HTTP/1.1" 200 0 "-" "WordPress/6.7; https://shapegain.com"
80.85.245.128 - - [14/Nov/2024:13:41:09 -0500] "GET / HTTP/1.1" 200 45889 "-" "Mozilla/5.0 (Windows NT 10.0; Win64; x64) AppleWebKit/537.36 (KHTML, like Gecko) Chrome/120.0.0.0 Safari/537.36"
103.149.194.186 - - [14/Nov/2024:13:41:21 -0500] "POST / HTTP/1.1" 200 46164 "-" "Mozilla/5.0 (Windows NT 10.0; Win64; x64) AppleWebKit/537.36 (KHTML, like Gecko) Chrome/120.0.0.0 Safari/537.36"
103.149.194.186 - - [14/Nov/2024:13:41:24 -0500] "POST / HTTP/1.1" 200 46043 "-" "Mozilla/5.0 (Windows NT 10.0; Win64; x64) AppleWebKit/537.36 (KHTML, like Gecko) Chrome/120.0.0.0 Safari/537.36"
103.149.194.186 - - [14/Nov/2024:13:41:28 -0500] "POST / HTTP/1.1" 200 46027 "-" "Mozilla/5.0 (Windows NT 10.0; Win64; x64) AppleWebKit/537.36 (KHTML, like Gecko) Chrome/120.0.0.0 Safari/537.36"
103.149.194.186 - - [14/Nov/2024:13:41:32 -0500] "POST / HTTP/1.1" 200 45889 "-" "Mozilla/5.0 (Windows NT 10.0; Win64; x64) AppleWebKit/537.36 (KHTML, like Gecko) Chrome/120.0.0.0 Safari/537.36"
80.85.245.128 - - [14/Nov/2024:13:41:35 -0500] "GET /comments/feed/ HTTP/1.1" 200 442 "-" "Mozilla/5.0 (Windows NT 10.0; Win64; x64) AppleWebKit/537.36 (KHTML, like Gecko) Chrome/120.0.0.0 Safari/537.36"
80.85.245.128 - - [14/Nov/2024:13:41:36 -0500] "GET /my-account/ HTTP/1.1" 200 27093 "-" "Mozilla/5.0 (Windows NT 10.0; Win64; x64) AppleWebKit/537.36 (KHTML, like Gecko) Chrome/120.0.0.0 Safari/537.36"
103.149.194.186 - - [14/Nov/2024:13:41:39 -0500] "POST /my-account/ HTTP/1.1" 200 27097 "-" "Mozilla/5.0 (Windows NT 10.0; Win64; x64) AppleWebKit/537.36 (KHTML, like Gecko) Chrome/120.0.0.0 Safari/537.36"
103.149.194.186 - - [14/Nov/2024:13:41:42 -0500] "POST /my-account/ HTTP/1.1" 200 27059 "-" "Mozilla/5.0 (Windows NT 10.0; Win64; x64) AppleWebKit/537.36 (KHTML, like Gecko) Chrome/120.0.0.0 Safari/537.36"
103.149.194.186 - - [14/Nov/2024:13:41:45 -0500] "POST /my-account/ HTTP/1.1" 200 27062 "-" "Mozilla/5.0 (Windows NT 10.0; Win64; x64) AppleWebKit/537.36 (KHTML, like Gecko) Chrome/120.0.0.0 Safari/537.36"
103.149.194.186 - - [14/Nov/2024:13:41:48 -0500] "POST /my-account/ HTTP/1.1" 200 27093 "-" "Mozilla/5.0 (Windows NT 10.0; Win64; x64) AppleWebKit/537.36 (KHTML, like Gecko) Chrome/120.0.0.0 Safari/537.36"
162.213.251.208 - - [14/Nov/2024:13:44:08 -0500] "POST /wp-cron.php?doing_wp_cron=1731609848.7289669513702392578125 HTTP/1.1" 200 0 "-" "WordPress/6.7; https://shapegain.com"
80.85.245.128 - - [14/Nov/2024:13:43:59 -0500] "GET /contact-with-us/ HTTP/1.1" 200 32619 "-" "Mozilla/5.0 (Windows NT 10.0; Win64; x64) AppleWebKit/537.36 (KHTML, like Gecko) Chrome/120.0.0.0 Safari/537.36"
103.149.194.186 - - [14/Nov/2024:13:44:12 -0500] "POST /contact-with-us/ HTTP/1.1" 200 32661 "-" "Mozilla/5.0 (Windows NT 10.0; Win64; x64) AppleWebKit/537.36 (KHTML, like Gecko) Chrome/120.0.0.0 Safari/537.36"
162.213.251.208 - - [14/Nov/2024:13:44:17 -0500] "POST /wp-cron.php?doing_wp_cron=1731609857.6450660228729248046875 HTTP/1.1" 200 0 "-" "WordPress/6.7; https://shapegain.com"
103.149.194.186 - - [14/Nov/2024:13:44:16 -0500] "POST /contact-with-us/ HTTP/1.1" 200 32458 "-" "Mozilla/5.0 (Windows NT 10.0; Win64; x64) AppleWebKit/537.36 (KHTML, like Gecko) Chrome/120.0.0.0 Safari/537.36"
103.149.194.186 - - [14/Nov/2024:13:44:21 -0500] "POST /contact-with-us/ HTTP/1.1" 200 32443 "-" "Mozilla/5.0 (Windows NT 10.0; Win64; x64) AppleWebKit/537.36 (KHTML, like Gecko) Chrome/120.0.0.0 Safari/537.36"
103.149.194.186 - - [14/Nov/2024:13:44:24 -0500] "POST /contact-with-us/ HTTP/1.1" 200 32619 "-" "Mozilla/5.0 (Windows NT 10.0; Win64; x64) AppleWebKit/537.36 (KHTML, like Gecko) Chrome/120.0.0.0 Safari/537.36"
80.85.245.128 - - [14/Nov/2024:13:44:26 -0500] "GET /contact-with-us/feed/ HTTP/1.1" 200 446 "-" "Mozilla/5.0 (Windows NT 10.0; Win64; x64) AppleWebKit/537.36 (KHTML, like Gecko) Chrome/120.0.0.0 Safari/537.36"
80.85.245.128 - - [14/Nov/2024:13:44:27 -0500] "GET /my-account/lost-password/ HTTP/1.1" 200 27499 "-" "Mozilla/5.0 (Windows NT 10.0; Win64; x64) AppleWebKit/537.36 (KHTML, like Gecko) Chrome/120.0.0.0 Safari/537.36"
103.149.194.186 - - [14/Nov/2024:13:44:29 -0500] "POST /my-account/lost-password/ HTTP/1.1" 200 27689 "-" "Mozilla/5.0 (Windows NT 10.0; Win64; x64) AppleWebKit/537.36 (KHTML, like Gecko) Chrome/120.0.0.0 Safari/537.36"
103.149.194.186 - - [14/Nov/2024:13:44:32 -0500] "POST /my-account/lost-password/ HTTP/1.1" 200 27474 "-" "Mozilla/5.0 (Windows NT 10.0; Win64; x64) AppleWebKit/537.36 (KHTML, like Gecko) Chrome/120.0.0.0 Safari/537.36"
103.149.194.186 - - [14/Nov/2024:13:44:35 -0500] "POST /my-account/lost-password/ HTTP/1.1" 200 27505 "-" "Mozilla/5.0 (Windows NT 10.0; Win64; x64) AppleWebKit/537.36 (KHTML, like Gecko) Chrome/120.0.0.0 Safari/537.36"
103.149.194.186 - - [14/Nov/2024:13:44:38 -0500] "POST /my-account/lost-password/ HTTP/1.1" 200 27428 "-" "Mozilla/5.0 (Windows NT 10.0; Win64; x64) AppleWebKit/537.36 (KHTML, like Gecko) Chrome/120.0.0.0 Safari/537.36"
80.85.245.128 - - [14/Nov/2024:13:44:40 -0500] "GET /checkout/ HTTP/1.1" 302 0 "-" "Mozilla/5.0 (Windows NT 10.0; Win64; x64) AppleWebKit/537.36 (KHTML, like Gecko) Chrome/120.0.0.0 Safari/537.36"
80.85.245.128 - - [14/Nov/2024:13:44:40 -0500] "GET /cart/ HTTP/1.1" 200 50384 "https://shapegain.com/checkout/" "Mozilla/5.0 (Windows NT 10.0; Win64; x64) AppleWebKit/537.36 (KHTML, like Gecko) Chrome/120.0.0.0 Safari/537.36"
103.149.194.186 - - [14/Nov/2024:13:44:43 -0500] "POST /cart/ HTTP/1.1" 200 50492 "-" "Mozilla/5.0 (Windows NT 10.0; Win64; x64) AppleWebKit/537.36 (KHTML, like Gecko) Chrome/120.0.0.0 Safari/537.36"
103.149.194.186 - - [14/Nov/2024:13:44:45 -0500] "POST /cart/ HTTP/1.1" 200 50384 "-" "Mozilla/5.0 (Windows NT 10.0; Win64; x64) AppleWebKit/537.36 (KHTML, like Gecko) Chrome/120.0.0.0 Safari/537.36"
162.213.251.208 - - [14/Nov/2024:13:46:11 -0500] "POST /wp-cron.php?doing_wp_cron=1731609971.8111920356750488281250 HTTP/1.1" 200 0 "-" "WordPress/6.7; https://shapegain.com"
5.161.204.57 - - [14/Nov/2024:13:46:09 -0500] "GET /cart/ HTTP/1.1" 200 50492 "-" "Mozilla/5.0 (Windows NT 10.0; Win64; x64) AppleWebKit/537.36 (KHTML, like Gecko) Chrome/124.0.0.0 Safari/537.36"
162.213.251.208 - - [14/Nov/2024:14:00:49 -0500] "POST /wp-cron.php?doing_wp_cron=1731610849.5722610950469970703125 HTTP/1.1" 200 0 "-" "WordPress/6.7; https://shapegain.com"
44.205.74.196 - - [14/Nov/2024:14:00:43 -0500] "GET /product-category/gloves/ HTTP/1.1" 404 19517 "-" "Mozilla/5.0 (Macintosh; Intel Mac OS X 10_10_1) AppleWebKit/600.2.5 (KHTML, like Gecko) Version/8.0.2 Safari/600.2.5 (Amazonbot/0.1; +https://developer.amazon.com/support/amazonbot)"
162.213.251.208 - - [14/Nov/2024:14:04:47 -0500] "POST /wp-cron.php?doing_wp_cron=1731611086.9893150329589843750000 HTTP/1.1" 200 0 "-" "WordPress/6.7; https://shapegain.com"
51.222.253.7 - - [14/Nov/2024:14:04:42 -0500] "GET / HTTP/1.1" 200 35045 "-" "Mozilla/5.0 (compatible; AhrefsBot/7.0; +http://ahrefs.com/robot/)"
54.164.106.236 - - [14/Nov/2024:14:05:06 -0500] "GET /product-category/bags/ HTTP/1.1" 404 19482 "-" "Mozilla/5.0 (Macintosh; Intel Mac OS X 10_10_1) AppleWebKit/600.2.5 (KHTML, like Gecko) Version/8.0.2 Safari/600.2.5 (Amazonbot/0.1; +https://developer.amazon.com/support/amazonbot)"
162.213.251.208 - - [14/Nov/2024:14:21:51 -0500] "POST /wp-cron.php?doing_wp_cron=1731612111.7341809272766113281250 HTTP/1.1" 200 0 "-" "WordPress/6.7; https://shapegain.com"
184.72.95.195 - - [14/Nov/2024:14:21:42 -0500] "GET /product-category/Belts/ HTTP/1.1" 404 19516 "-" "Mozilla/5.0 (Macintosh; Intel Mac OS X 10_10_1) AppleWebKit/600.2.5 (KHTML, like Gecko) Version/8.0.2 Safari/600.2.5 (Amazonbot/0.1; +https://developer.amazon.com/support/amazonbot)"
162.213.251.208 - - [14/Nov/2024:14:30:19 -0500] "POST /wp-cron.php?doing_wp_cron=1731612619.4945540428161621093750 HTTP/1.1" 200 0 "-" "WordPress/6.7; https://shapegain.com"
40.77.167.36 - - [14/Nov/2024:14:30:09 -0500] "GET /wp-sitemap-taxonomies-product_tag-1.xml HTTP/1.1" 200 240 "-" "Mozilla/5.0 AppleWebKit/537.36 (KHTML, like Gecko; compatible; bingbot/2.0; +http://www.bing.com/bingbot.htm) Chrome/116.0.1938.76 Safari/537.36"
162.213.251.208 - - [14/Nov/2024:14:34:05 -0500] "POST /wp-cron.php?doing_wp_cron=1731612845.5895929336547851562500 HTTP/1.1" 200 0 "-" "WordPress/6.7; https://shapegain.com"
18.210.58.238 - - [14/Nov/2024:14:33:57 -0500] "GET /privacy-policy HTTP/1.1" 404 19508 "-" "Mozilla/5.0 (Macintosh; Intel Mac OS X 10_10_1) AppleWebKit/600.2.5 (KHTML, like Gecko) Version/8.0.2 Safari/600.2.5 (Amazonbot/0.1; +https://developer.amazon.com/support/amazonbot)"
162.213.251.208 - - [14/Nov/2024:14:41:27 -0500] "POST /wp-cron.php?doing_wp_cron=1731613287.6325550079345703125000 HTTP/1.1" 200 0 "-" "WordPress/6.7; https://shapegain.com"
3.213.85.234 - - [14/Nov/2024:14:41:17 -0500] "GET /wa.me/+92%20304%201285496 HTTP/1.1" 200 0 "-" "Mozilla/5.0 (Macintosh; Intel Mac OS X 10_10_1) AppleWebKit/600.2.5 (KHTML, like Gecko) Version/8.0.2 Safari/600.2.5 (Amazonbot/0.1; +https://developer.amazon.com/support/amazonbot)"
162.213.251.208 - - [14/Nov/2024:14:47:55 -0500] "POST /wp-cron.php?doing_wp_cron=1731613675.0146939754486083984375 HTTP/1.1" 200 0 "-" "WordPress/6.7; https://shapegain.com"
52.167.144.215 - - [14/Nov/2024:14:47:49 -0500] "GET /wp-sitemap-taxonomies-category-1.xml HTTP/1.1" 200 157 "-" "Mozilla/5.0 AppleWebKit/537.36 (KHTML, like Gecko; compatible; bingbot/2.0; +http://www.bing.com/bingbot.htm) Chrome/116.0.1938.76 Safari/537.36"
162.213.251.208 - - [14/Nov/2024:14:48:19 -0500] "POST /wp-cron.php?doing_wp_cron=1731613699.0753479003906250000000 HTTP/1.1" 200 0 "-" "WordPress/6.7; https://shapegain.com"
51.68.35.162 - - [14/Nov/2024:14:48:18 -0500] "POST /xmlrpc.php HTTP/1.1" 200 212 "-" "Mozilla/5.0 (Windows NT 10.0; Win64; x64; rv:96.0) Gecko/20100101 Firefox/96.0"
185.196.10.143 - - [14/Nov/2024:14:55:58 -0500] "GET /wp-content/uploads/wpr-addons/forms/db.php HTTP/1.1" 200 0 "-" "Mozilla/5.0 (Windows NT 10.0; Win64; x64) AppleWebKit/537.36 (KHTML, like Gecko) Chrome/123.0.0.0 Safari/537.36"
162.213.251.208 - - [14/Nov/2024:14:56:12 -0500] "POST /wp-cron.php?doing_wp_cron=1731614172.4712090492248535156250 HTTP/1.1" 200 0 "-" "WordPress/6.7; https://shapegain.com"
162.213.251.208 - - [14/Nov/2024:15:03:22 -0500] "POST /wp-cron.php?doing_wp_cron=1731614602.7684218883514404296875 HTTP/1.1" 200 0 "-" "WordPress/6.7; https://shapegain.com"
51.222.253.6 - - [14/Nov/2024:15:03:16 -0500] "GET /product/bepencil/feed/ HTTP/1.1" 200 398 "-" "Mozilla/5.0 (compatible; AhrefsBot/7.0; +http://ahrefs.com/robot/)"
162.213.251.208 - - [14/Nov/2024:15:04:18 -0500] "POST /wp-cron.php?doing_wp_cron=1731614658.0393869876861572265625 HTTP/1.1" 200 0 "-" "WordPress/6.7; https://shapegain.com"
69.163.177.221 - - [14/Nov/2024:15:04:17 -0500] "POST /xmlrpc.php HTTP/1.1" 200 236 "-" "Mozilla/5.0 (X11; Fedora; Linux x86_64; rv:94.0) Gecko/20100101 Firefox/95.0"
162.213.251.208 - - [14/Nov/2024:15:06:21 -0500] "POST /wp-cron.php?doing_wp_cron=1731614780.9678370952606201171875 HTTP/1.1" 200 0 "-" "WordPress/6.7; https://shapegain.com"
144.217.135.187 - - [14/Nov/2024:15:06:14 -0500] "GET / HTTP/1.1" 301 0 "-" "Mozilla/5.0 (compatible; Dataprovider.com)"
144.217.135.187 - - [14/Nov/2024:15:06:21 -0500] "GET / HTTP/1.1" 200 227606 "-" "Mozilla/5.0 (compatible; Dataprovider.com)"
144.217.135.187 - - [14/Nov/2024:15:06:23 -0500] "GET /robots.txt HTTP/1.1" 200 263 "-" "Mozilla/5.0 (compatible; Dataprovider.com)"
144.217.135.187 - - [14/Nov/2024:15:06:24 -0500] "GET / HTTP/1.1" 200 227607 "-" "Mozilla/5.0 (compatible; Dataprovider.com)"
144.217.135.187 - - [14/Nov/2024:15:06:26 -0500] "GET /wp-sitemap.xml HTTP/1.1" 200 879 "-" "Mozilla/5.0 (compatible; Dataprovider.com)"
144.217.135.187 - - [14/Nov/2024:15:06:27 -0500] "GET /contact-with-us/ HTTP/1.1" 200 147945 "-" "Mozilla/5.0 (compatible; Dataprovider.com)"
144.217.135.187 - - [14/Nov/2024:15:06:28 -0500] "GET /terms-of-use/ HTTP/1.1" 200 142606 "-" "Mozilla/5.0 (compatible; Dataprovider.com)"
144.217.135.187 - - [14/Nov/2024:15:06:29 -0500] "GET /cart/ HTTP/1.1" 200 182802 "-" "Mozilla/5.0 (compatible; Dataprovider.com)"
144.217.135.187 - - [14/Nov/2024:15:06:31 -0500] "GET /?add-to-cart=821 HTTP/1.1" 200 229978 "-" "Mozilla/5.0 (compatible; Dataprovider.com)"
144.217.135.187 - - [14/Nov/2024:15:06:32 -0500] "GET /checkout/ HTTP/1.1" 302 0 "-" "Mozilla/5.0 (compatible; Dataprovider.com)"
144.217.135.187 - - [14/Nov/2024:15:06:33 -0500] "GET /privacy-policy HTTP/1.1" 404 84401 "-" "Mozilla/5.0 (compatible; Dataprovider.com)"
144.217.135.187 - - [14/Nov/2024:15:06:34 -0500] "GET /?add-to-cart=821&product-page=2 HTTP/1.1" 200 207438 "-" "Mozilla/5.0 (compatible; Dataprovider.com)"
144.217.135.187 - - [14/Nov/2024:15:06:36 -0500] "GET /?add-to-cart=821&product-page=1 HTTP/1.1" 200 230039 "-" "Mozilla/5.0 (compatible; Dataprovider.com)"
144.217.135.187 - - [14/Nov/2024:15:06:38 -0500] "GET /my-account/ HTTP/1.1" 200 123961 "-" "Mozilla/5.0 (compatible; Dataprovider.com)"
144.217.135.187 - - [14/Nov/2024:15:06:39 -0500] "GET /ads.txt HTTP/1.1" 301 0 "http://www.shapegain.com/ads.txt" "Mozilla/5.0 (compatible; Dataprovider.com)"
144.217.135.187 - - [14/Nov/2024:15:06:40 -0500] "GET /ads.txt HTTP/1.1" 404 84394 "https://www.shapegain.com/ads.txt" "Mozilla/5.0 (compatible; Dataprovider.com)"
144.217.135.187 - - [14/Nov/2024:15:06:40 -0500] "GET /humans.txt HTTP/1.1" 301 0 "http://www.shapegain.com/humans.txt" "Mozilla/5.0 (compatible; Dataprovider.com)"
144.217.135.187 - - [14/Nov/2024:15:06:41 -0500] "GET /humans.txt HTTP/1.1" 404 84396 "https://www.shapegain.com/humans.txt" "Mozilla/5.0 (compatible; Dataprovider.com)"
144.217.135.187 - - [14/Nov/2024:15:06:42 -0500] "GET /security.txt HTTP/1.1" 301 0 "http://www.shapegain.com/security.txt" "Mozilla/5.0 (compatible; Dataprovider.com)"
144.217.135.187 - - [14/Nov/2024:15:06:42 -0500] "GET /security.txt HTTP/1.1" 404 84399 "https://www.shapegain.com/security.txt" "Mozilla/5.0 (compatible; Dataprovider.com)"
144.217.135.187 - - [14/Nov/2024:15:06:43 -0500] "GET /.well-known/security.txt HTTP/1.1" 301 0 "http://www.shapegain.com/.well-known/security.txt" "Mozilla/5.0 (compatible; Dataprovider.com)"
144.217.135.187 - - [14/Nov/2024:15:06:43 -0500] "GET /.well-known/security.txt HTTP/1.1" 404 84411 "https://www.shapegain.com/.well-known/security.txt" "Mozilla/5.0 (compatible; Dataprovider.com)"
144.217.135.187 - - [14/Nov/2024:15:06:44 -0500] "GET / HTTP/1.1" 200 227661 "-" "Mozilla/5.0 (Linux; Android 10; SM-G981B) AppleWebKit/537.36 (KHTML, like Gecko) Chrome/80.0.3987.162 Mobile Safari/537.36"
149.56.150.162 - - [14/Nov/2024:15:07:01 -0500] "GET / HTTP/1.1" 301 0 "-" "Mozilla/5.0 (compatible; Dataprovider.com)"
149.56.150.162 - - [14/Nov/2024:15:07:03 -0500] "GET / HTTP/1.1" 200 34288 "-" "Mozilla/5.0 (compatible; Dataprovider.com)"
149.56.150.162 - - [14/Nov/2024:15:07:04 -0500] "GET /wp-content/plugins/contact-form-7/includes/css/styles.css?ver=6.0 HTTP/1.1" 200 890 "https://shapegain.com/" "Mozilla/5.0 (compatible; Dataprovider.com)"
149.56.150.162 - - [14/Nov/2024:15:07:04 -0500] "GET /wp-content/plugins/woocommerce/assets/css/woocommerce-layout.css?ver=9.4.1 HTTP/1.1" 200 2342 "https://shapegain.com/" "Mozilla/5.0 (compatible; Dataprovider.com)"
149.56.150.162 - - [14/Nov/2024:15:07:04 -0500] "GET /wp-content/themes/betheme/assets/jplayer/css/jplayer.blue.monday.min.css?ver=26.8.4 HTTP/1.1" 200 1878 "https://shapegain.com/" "Mozilla/5.0 (compatible; Dataprovider.com)"
149.56.150.162 - - [14/Nov/2024:15:07:04 -0500] "GET /wp-content/themes/betheme/css/skins/orange/style.css?ver=26.8.4 HTTP/1.1" 200 3479 "https://shapegain.com/" "Mozilla/5.0 (compatible; Dataprovider.com)"
149.56.150.162 - - [14/Nov/2024:15:07:04 -0500] "GET /wp-includes/css/dist/block-library/style.min.css?ver=6.7 HTTP/1.1" 200 14225 "https://shapegain.com/" "Mozilla/5.0 (compatible; Dataprovider.com)"
149.56.150.162 - - [14/Nov/2024:15:07:04 -0500] "GET /wp-content/plugins/woocommerce/assets/css/woocommerce.css?ver=9.4.1 HTTP/1.1" 200 9953 "https://shapegain.com/" "Mozilla/5.0 (compatible; Dataprovider.com)"
149.56.150.162 - - [14/Nov/2024:15:07:04 -0500] "GET /wp-content/themes/betheme/assets/animations/animations.min.css?ver=26.8.4 HTTP/1.1" 200 4610 "https://shapegain.com/" "Mozilla/5.0 (compatible; Dataprovider.com)"
149.56.150.162 - - [14/Nov/2024:15:07:04 -0500] "GET /wp-content/themes/betheme/fonts/fontawesome/fontawesome.css?ver=26.8.4 HTTP/1.1" 200 12408 "https://shapegain.com/" "Mozilla/5.0 (compatible; Dataprovider.com)"
149.56.150.162 - - [14/Nov/2024:15:07:04 -0500] "GET /wp-content/themes/betheme/css/responsive.css?ver=26.8.4 HTTP/1.1" 200 10800 "https://shapegain.com/" "Mozilla/5.0 (compatible; Dataprovider.com)"
149.56.150.162 - - [14/Nov/2024:15:07:04 -0500] "GET /wp-content/themes/betheme/css/be.css?ver=26.8.4 HTTP/1.1" 200 70155 "https://shapegain.com/" "Mozilla/5.0 (compatible; Dataprovider.com)"
149.56.150.162 - - [14/Nov/2024:15:07:04 -0500] "GET /wp-includes/js/wp-util.min.js?ver=6.7 HTTP/1.1" 200 690 "https://shapegain.com/" "Mozilla/5.0 (compatible; Dataprovider.com)"
149.56.150.162 - - [14/Nov/2024:15:07:04 -0500] "GET /wp-content/plugins/revslider/public/assets/assets/dummy.png HTTP/1.1" 200 68 "https://shapegain.com/" "Mozilla/5.0 (compatible; Dataprovider.com)"
149.56.150.162 - - [14/Nov/2024:15:07:04 -0500] "GET /wp-content/themes/betheme/css/woocommerce.css?ver=26.8.4 HTTP/1.1" 200 19063 "https://shapegain.com/" "Mozilla/5.0 (compatible; Dataprovider.com)"
149.56.150.162 - - [14/Nov/2024:15:07:04 -0500] "GET /wp-includes/js/jquery/jquery.min.js?ver=3.7.1 HTTP/1.1" 200 29744 "https://shapegain.com/" "Mozilla/5.0 (compatible; Dataprovider.com)"
149.56.150.162 - - [14/Nov/2024:15:07:04 -0500] "GET /wp-includes/js/jquery/jquery-migrate.min.js?ver=3.4.1 HTTP/1.1" 200 4678 "https://shapegain.com/" "Mozilla/5.0 (compatible; Dataprovider.com)"
149.56.150.162 - - [14/Nov/2024:15:07:04 -0500] "GET /wp-includes/js/underscore.min.js?ver=1.13.7 HTTP/1.1" 200 7197 "https://shapegain.com/" "Mozilla/5.0 (compatible; Dataprovider.com)"
149.56.150.162 - - [14/Nov/2024:15:07:05 -0500] "GET /wp-content/plugins/woocommerce/assets/client/blocks/wc-blocks.css?ver=wc-9.4.1 HTTP/1.1" 200 2342 "https://shapegain.com/" "Mozilla/5.0 (compatible; Dataprovider.com)"
149.56.150.162 - - [14/Nov/2024:15:07:05 -0500] "GET /wp-content/uploads/betheme/css/post-771.css?ver=1731614824 HTTP/1.1" 200 123 "https://shapegain.com/" "Mozilla/5.0 (compatible; Dataprovider.com)"
149.56.150.162 - - [14/Nov/2024:15:07:05 -0500] "GET /wp-includes/js/dist/hooks.min.js?ver=4d63a3d491d11ffd8ac6 HTTP/1.1" 200 1571 "https://shapegain.com/" "Mozilla/5.0 (compatible; Dataprovider.com)"
149.56.150.162 - - [14/Nov/2024:15:07:05 -0500] "GET /wp-includes/js/dist/i18n.min.js?ver=5e580eb46a90c2b997e6 HTTP/1.1" 200 3542 "https://shapegain.com/" "Mozilla/5.0 (compatible; Dataprovider.com)"
149.56.150.162 - - [14/Nov/2024:15:07:05 -0500] "GET /wp-includes/js/jquery/ui/tabs.min.js?ver=1.13.3 HTTP/1.1" 200 3794 "https://shapegain.com/" "Mozilla/5.0 (compatible; Dataprovider.com)"
149.56.150.162 - - [14/Nov/2024:15:07:05 -0500] "GET /wp-content/plugins/contact-form-7/includes/swv/js/index.js?ver=6.0 HTTP/1.1" 200 3369 "https://shapegain.com/" "Mozilla/5.0 (compatible; Dataprovider.com)"
149.56.150.162 - - [14/Nov/2024:15:07:05 -0500] "GET /wp-content/plugins/contact-form-7/includes/js/index.js?ver=6.0 HTTP/1.1" 200 4008 "https://shapegain.com/" "Mozilla/5.0 (compatible; Dataprovider.com)"
149.56.150.162 - - [14/Nov/2024:15:07:05 -0500] "GET /wp-content/themes/betheme/js/plugins/debouncedresize.min.js?ver=26.8.4 HTTP/1.1" 200 258 "https://shapegain.com/" "Mozilla/5.0 (compatible; Dataprovider.com)"
149.56.150.162 - - [14/Nov/2024:15:07:05 -0500] "GET /wp-content/plugins/revslider/public/assets/css/rs6.css?ver=6.6.12 HTTP/1.1" 200 12037 "https://shapegain.com/" "Mozilla/5.0 (compatible; Dataprovider.com)"
149.56.150.162 - - [14/Nov/2024:15:07:05 -0500] "GET /wp-includes/js/jquery/ui/core.min.js?ver=1.13.3 HTTP/1.1" 200 6811 "https://shapegain.com/" "Mozilla/5.0 (compatible; Dataprovider.com)"
149.56.150.162 - - [14/Nov/2024:15:07:05 -0500] "GET /wp-content/themes/betheme/js/plugins/visible.min.js?ver=26.8.4 HTTP/1.1" 200 334 "https://shapegain.com/" "Mozilla/5.0 (compatible; Dataprovider.com)"
149.56.150.162 - - [14/Nov/2024:15:07:05 -0500] "GET /wp-content/themes/betheme/assets/animations/animations.min.js?ver=26.8.4 HTTP/1.1" 200 551 "https://shapegain.com/" "Mozilla/5.0 (compatible; Dataprovider.com)"
149.56.150.162 - - [14/Nov/2024:15:07:05 -0500] "GET /wp-content/themes/betheme/js/parallax/translate3d.js?ver=26.8.4 HTTP/1.1" 200 1223 "https://shapegain.com/" "Mozilla/5.0 (compatible; Dataprovider.com)"
149.56.150.162 - - [14/Nov/2024:15:07:05 -0500] "GET /wp-content/themes/betheme/js/menu.js?ver=26.8.4 HTTP/1.1" 200 897 "https://shapegain.com/" "Mozilla/5.0 (compatible; Dataprovider.com)"
149.56.150.162 - - [14/Nov/2024:15:07:05 -0500] "GET /wp-content/themes/betheme/js/live-search.js?ver=26.8.4 HTTP/1.1" 200 3837 "https://shapegain.com/" "Mozilla/5.0 (compatible; Dataprovider.com)"
149.56.150.162 - - [14/Nov/2024:15:07:05 -0500] "GET /wp-content/themes/betheme/js/plugins/imagesloaded.min.js?ver=26.8.4 HTTP/1.1" 200 1688 "https://shapegain.com/" "Mozilla/5.0 (compatible; Dataprovider.com)"
149.56.150.162 - - [14/Nov/2024:15:07:05 -0500] "GET /wp-content/themes/betheme/js/plugins/enllax.min.js?ver=26.8.4 HTTP/1.1" 200 476 "https://shapegain.com/" "Mozilla/5.0 (compatible; Dataprovider.com)"
149.56.150.162 - - [14/Nov/2024:15:07:05 -0500] "GET /wp-content/plugins/woocommerce/assets/js/frontend/order-attribution.min.js?ver=9.4.1 HTTP/1.1" 200 1006 "https://shapegain.com/" "Mozilla/5.0 (compatible; Dataprovider.com)"
149.56.150.162 - - [14/Nov/2024:15:07:05 -0500] "GET /wp-content/themes/betheme/js/plugins/countdown.min.js?ver=26.8.4 HTTP/1.1" 200 541 "https://shapegain.com/" "Mozilla/5.0 (compatible; Dataprovider.com)"
149.56.150.162 - - [14/Nov/2024:15:07:05 -0500] "GET /wp-content/themes/betheme/js/plugins/waypoints.min.js?ver=26.8.4 HTTP/1.1" 200 2598 "https://shapegain.com/" "Mozilla/5.0 (compatible; Dataprovider.com)"
149.56.150.162 - - [14/Nov/2024:15:07:05 -0500] "GET /wp-content/plugins/woocommerce/assets/js/jquery-blockui/jquery.blockUI.min.js?ver=2.7.0-wc.9.4.1 HTTP/1.1" 200 3277 "https://shapegain.com/" "Mozilla/5.0 (compatible; Dataprovider.com)"
149.56.150.162 - - [14/Nov/2024:15:07:05 -0500] "GET /wp-content/plugins/woocommerce/assets/js/frontend/add-to-cart.min.js?ver=9.4.1 HTTP/1.1" 200 1209 "https://shapegain.com/" "Mozilla/5.0 (compatible; Dataprovider.com)"
149.56.150.162 - - [14/Nov/2024:15:07:05 -0500] "GET /wp-content/plugins/woocommerce/assets/js/js-cookie/js.cookie.min.js?ver=2.1.4-wc.9.4.1 HTTP/1.1" 200 760 "https://shapegain.com/" "Mozilla/5.0 (compatible; Dataprovider.com)"
149.56.150.162 - - [14/Nov/2024:15:07:05 -0500] "GET /wp-content/themes/betheme/assets/jplayer/jplayer.min.js?ver=26.8.4 HTTP/1.1" 200 12378 "https://shapegain.com/" "Mozilla/5.0 (compatible; Dataprovider.com)"
149.56.150.162 - - [14/Nov/2024:15:07:05 -0500] "GET /wp-content/themes/betheme/js/plugins/magnificpopup.min.js?ver=26.8.4 HTTP/1.1" 200 7034 "https://shapegain.com/" "Mozilla/5.0 (compatible; Dataprovider.com)"
149.56.150.162 - - [14/Nov/2024:15:07:05 -0500] "GET /wp-content/themes/betheme/js/plugins/slick.min.js?ver=26.8.4 HTTP/1.1" 200 10228 "https://shapegain.com/" "Mozilla/5.0 (compatible; Dataprovider.com)"
149.56.150.162 - - [14/Nov/2024:15:07:05 -0500] "GET /wp-content/themes/betheme/js/scripts.js?ver=26.8.4 HTTP/1.1" 200 26028 "https://shapegain.com/" "Mozilla/5.0 (compatible; Dataprovider.com)"
149.56.150.162 - - [14/Nov/2024:15:07:05 -0500] "GET /wp-content/themes/betheme/js/woocommerce.js?ver=26.8.4 HTTP/1.1" 200 7537 "https://shapegain.com/" "Mozilla/5.0 (compatible; Dataprovider.com)"
149.56.150.162 - - [14/Nov/2024:15:07:05 -0500] "GET /wp-content/plugins/woocommerce/assets/js/sourcebuster/sourcebuster.min.js?ver=9.4.1 HTTP/1.1" 200 4609 "https://shapegain.com/" "Mozilla/5.0 (compatible; Dataprovider.com)"
149.56.150.162 - - [14/Nov/2024:15:07:05 -0500] "GET /wp-content/plugins/woocommerce/assets/js/frontend/add-to-cart-variation.min.js?ver=9.4.1 HTTP/1.1" 200 3521 "https://shapegain.com/" "Mozilla/5.0 (compatible; Dataprovider.com)"
149.56.150.162 - - [14/Nov/2024:15:07:05 -0500] "GET /wp-content/uploads/2021/09/bethemestore-home-icon8.webp HTTP/1.1" 200 268 "https://shapegain.com/" "Mozilla/5.0 (compatible; Dataprovider.com)"
149.56.150.162 - - [14/Nov/2024:15:07:05 -0500] "GET /wp-content/plugins/woocommerce/assets/js/frontend/woocommerce.min.js?ver=9.4.1 HTTP/1.1" 200 1061 "https://shapegain.com/" "Mozilla/5.0 (compatible; Dataprovider.com)"
149.56.150.162 - - [14/Nov/2024:15:07:05 -0500] "GET /wp-includes/js/comment-reply.min.js?ver=6.7 HTTP/1.1" 200 1247 "https://shapegain.com/" "Mozilla/5.0 (compatible; Dataprovider.com)"
149.56.150.162 - - [14/Nov/2024:15:07:05 -0500] "GET /wp-content/themes/betheme/images/cookies.png HTTP/1.1" 200 3228 "https://shapegain.com/" "Mozilla/5.0 (compatible; Dataprovider.com)"
149.56.150.162 - - [14/Nov/2024:15:07:05 -0500] "GET /wp-content/uploads/2023/07/gloves.png HTTP/1.1" 200 15961 "https://shapegain.com/" "Mozilla/5.0 (compatible; Dataprovider.com)"
149.56.150.162 - - [14/Nov/2024:15:07:05 -0500] "GET /wp-content/uploads/2023/07/logo-website-shape-gain.png HTTP/1.1" 200 25369 "https://shapegain.com/" "Mozilla/5.0 (compatible; Dataprovider.com)"
149.56.150.162 - - [14/Nov/2024:15:07:05 -0500] "GET /wp-content/uploads/2023/07/gym-bag.png HTTP/1.1" 200 6733 "https://shapegain.com/" "Mozilla/5.0 (compatible; Dataprovider.com)"
149.56.150.162 - - [14/Nov/2024:15:07:05 -0500] "GET /wp-content/uploads/2023/07/sport-wear-female.png HTTP/1.1" 200 10110 "https://shapegain.com/" "Mozilla/5.0 (compatible; Dataprovider.com)"
149.56.150.162 - - [14/Nov/2024:15:07:05 -0500] "GET /wp-content/uploads/2023/07/wrist-wrap.png HTTP/1.1" 200 43017 "https://shapegain.com/" "Mozilla/5.0 (compatible; Dataprovider.com)"
149.56.150.162 - - [14/Nov/2024:15:07:05 -0500] "GET /wp-content/uploads/2023/07/belt.png HTTP/1.1" 200 4114 "https://shapegain.com/" "Mozilla/5.0 (compatible; Dataprovider.com)"
149.56.150.162 - - [14/Nov/2024:15:07:05 -0500] "GET /wp-content/uploads/2021/09/WhatsApp-Image-2024-01-13-at-5.56-PhotoRoom-9-800x800.jpg HTTP/1.1" 200 52764 "https://shapegain.com/" "Mozilla/5.0 (compatible; Dataprovider.com)"
149.56.150.162 - - [14/Nov/2024:15:07:05 -0500] "GET /wp-content/uploads/2021/09/bethemestore-section-bg1.webp HTTP/1.1" 200 20316 "https://shapegain.com/" "Mozilla/5.0 (compatible; Dataprovider.com)"
149.56.150.162 - - [14/Nov/2024:15:07:05 -0500] "GET /wp-content/plugins/revslider/public/assets/js/rbtools.min.js?ver=6.6.12 HTTP/1.1" 200 59951 "https://shapegain.com/" "Mozilla/5.0 (compatible; Dataprovider.com)"
149.56.150.162 - - [14/Nov/2024:15:07:05 -0500] "GET /wp-content/plugins/revslider/public/assets/js/rs6.min.js?ver=6.6.12 HTTP/1.1" 200 103596 "https://shapegain.com/" "Mozilla/5.0 (compatible; Dataprovider.com)"
149.56.150.162 - - [14/Nov/2024:15:07:05 -0500] "GET /wp-content/plugins/woocommerce/assets/css/woocommerce-smallscreen.css?ver=9.4.1 HTTP/1.1" 200 1129 "https://shapegain.com/" "Mozilla/5.0 (compatible; Dataprovider.com)"
149.56.150.162 - - [14/Nov/2024:15:07:05 -0500] "GET /wp-content/themes/betheme/fonts/mfn/icons.woff?31690507 HTTP/1.1" 200 81448 "https://shapegain.com/wp-content/themes/betheme/css/be.css?ver=26.8.4" "Mozilla/5.0 (compatible; Dataprovider.com)"
149.56.150.162 - - [14/Nov/2024:15:07:05 -0500] "GET /wp-content/themes/betheme/images/stripes/stripes_3_b.png HTTP/1.1" 200 974 "https://shapegain.com/wp-content/themes/betheme/css/be.css?ver=26.8.4" "Mozilla/5.0 (compatible; Dataprovider.com)"
149.56.150.162 - - [14/Nov/2024:15:07:05 -0500] "GET /wp-content/uploads/2023/07/weight-lifting-belt-banner_2.jpg HTTP/1.1" 200 112936 "https://shapegain.com/" "Mozilla/5.0 (compatible; Dataprovider.com)"
149.56.150.162 - - [14/Nov/2024:15:07:05 -0500] "GET /wp-content/uploads/2023/07/Essential_Support_banner.jpg HTTP/1.1" 200 58223 "https://shapegain.com/" "Mozilla/5.0 (compatible; Dataprovider.com)"
149.56.150.162 - - [14/Nov/2024:15:07:05 -0500] "GET /wp-content/uploads/2021/09/WhatsApp-Image-2024-01-13-at-5.56-PhotoRoom-800x800.jpg HTTP/1.1" 200 41900 "https://shapegain.com/" "Mozilla/5.0 (compatible; Dataprovider.com)"
149.56.150.162 - - [14/Nov/2024:15:07:05 -0500] "GET /wp-content/uploads/2021/09/WhatsApp-Image-2024-01-13-at-5.56-PhotoRoom-5-1-800x800.jpg HTTP/1.1" 200 60441 "https://shapegain.com/" "Mozilla/5.0 (compatible; Dataprovider.com)"
149.56.150.162 - - [14/Nov/2024:15:07:05 -0500] "GET /wp-content/uploads/2021/09/WhatsApp-Image-2024-01-13-at-5.56-PhotoRoom-4-800x800.jpg HTTP/1.1" 200 43755 "https://shapegain.com/" "Mozilla/5.0 (compatible; Dataprovider.com)"
149.56.150.162 - - [14/Nov/2024:15:07:05 -0500] "GET /wp-content/uploads/2023/07/free_delivery.png HTTP/1.1" 200 30910 "https://shapegain.com/" "Mozilla/5.0 (compatible; Dataprovider.com)"
149.56.150.162 - - [14/Nov/2024:15:07:05 -0500] "GET /wp-content/uploads/2023/07/Strap-Weight-Support_2.jpg HTTP/1.1" 200 141712 "https://shapegain.com/" "Mozilla/5.0 (compatible; Dataprovider.com)"
149.56.150.162 - - [14/Nov/2024:15:07:05 -0500] "GET /wp-content/plugins/woocommerce/assets/fonts/WooCommerce.woff2 HTTP/1.1" 200 6488 "https://shapegain.com/wp-content/plugins/woocommerce/assets/css/woocommerce.css?ver=9.4.1" "Mozilla/5.0 (compatible; Dataprovider.com)"
149.56.150.162 - - [14/Nov/2024:15:07:05 -0500] "GET /wp-content/uploads/2021/09/WhatsApp-Image-2024-01-13-at-5.56-PhotoRoom-11-800x800.jpg HTTP/1.1" 200 57755 "https://shapegain.com/" "Mozilla/5.0 (compatible; Dataprovider.com)"
149.56.150.162 - - [14/Nov/2024:15:07:05 -0500] "GET /wp-content/uploads/2021/09/WhatsApp-Image-2024-01-13-at-5.56-PhotoRoom-3.jpg HTTP/1.1" 200 172622 "https://shapegain.com/" "Mozilla/5.0 (compatible; Dataprovider.com)"
149.56.150.162 - - [14/Nov/2024:15:07:05 -0500] "GET /wp-content/uploads/2021/09/WhatsApp-Image-2024-01-13-at-5.56-PhotoRoom-10.jpg HTTP/1.1" 200 220257 "https://shapegain.com/" "Mozilla/5.0 (compatible; Dataprovider.com)"
149.56.150.162 - - [14/Nov/2024:15:07:05 -0500] "GET /wp-content/uploads/2021/09/WhatsApp-Image-2024-01-13-at-5.56-PhotoRoom-8.jpg HTTP/1.1" 200 275112 "https://shapegain.com/" "Mozilla/5.0 (compatible; Dataprovider.com)"
149.56.150.162 - - [14/Nov/2024:15:07:05 -0500] "GET /wp-content/uploads/2023/07/easy_return.png HTTP/1.1" 200 27498 "https://shapegain.com/" "Mozilla/5.0 (compatible; Dataprovider.com)"
149.56.150.162 - - [14/Nov/2024:15:07:05 -0500] "GET /wp-content/uploads/2023/07/guarantee.png HTTP/1.1" 200 26607 "https://shapegain.com/" "Mozilla/5.0 (compatible; Dataprovider.com)"
149.56.150.162 - - [14/Nov/2024:15:07:05 -0500] "GET /wp-content/uploads/2023/07/24-7-support.png HTTP/1.1" 200 21677 "https://shapegain.com/" "Mozilla/5.0 (compatible; Dataprovider.com)"
149.56.150.162 - - [14/Nov/2024:15:07:05 -0500] "GET /wp-content/uploads/2021/09/WhatsApp-Image-2024-01-13-at-5.56-PhotoRoom-2.jpg HTTP/1.1" 200 276339 "https://shapegain.com/" "Mozilla/5.0 (compatible; Dataprovider.com)"
149.56.150.162 - - [14/Nov/2024:15:07:05 -0500] "GET /wp-includes/js/wp-emoji-release.min.js?ver=6.7 HTTP/1.1" 200 4676 "https://shapegain.com/" "Mozilla/5.0 (compatible; Dataprovider.com)"
149.56.150.162 - - [14/Nov/2024:15:07:05 -0500] "GET /wp-content/uploads/2021/09/WhatsApp-Image-2024-01-13-at-5.56-PhotoRoom.png HTTP/1.1" 200 1372819 "https://shapegain.com/" "Mozilla/5.0 (compatible; Dataprovider.com)"
149.56.150.162 - - [14/Nov/2024:15:07:05 -0500] "GET /wp-content/uploads/2023/07/Slider-2.jpg HTTP/1.1" 200 123544 "https://shapegain.com/" "Mozilla/5.0 (compatible; Dataprovider.com)"
149.56.150.162 - - [14/Nov/2024:15:07:06 -0500] "GET /wp-content/uploads/2023/07/Slider-3.jpg HTTP/1.1" 200 171325 "https://shapegain.com/" "Mozilla/5.0 (compatible; Dataprovider.com)"
149.56.150.162 - - [14/Nov/2024:15:07:05 -0500] "GET /wp-json/contact-form-7/v1/contact-forms/288/refill HTTP/1.1" 200 2 "https://shapegain.com/" "Mozilla/5.0 (compatible; Dataprovider.com)"
149.56.150.162 - - [14/Nov/2024:15:07:05 -0500] "GET /wp-json/contact-form-7/v1/contact-forms/288/feedback/schema HTTP/1.1" 200 489 "https://shapegain.com/" "Mozilla/5.0 (compatible; Dataprovider.com)"
162.213.251.208 - - [14/Nov/2024:15:18:25 -0500] "POST /wp-cron.php?doing_wp_cron=1731615505.6868419647216796875000 HTTP/1.1" 200 0 "-" "WordPress/6.7; https://shapegain.com"
23.105.150.90 - - [14/Nov/2024:15:18:19 -0500] "GET /contact-with-us/ HTTP/1.1" 200 26765 "-" "Mozilla/5.0 (Windows NT 10.0; Win64; x64) AppleWebKit/537.36 (KHTML, like Gecko) Chrome/114.0.0.0 Safari/537.36 Edg/114.0.1264.71"
23.105.150.90 - - [14/Nov/2024:15:18:29 -0500] "GET /wp-content/plugins/contact-form-7/includes/js/index.js?ver=6.0 HTTP/1.1" 200 4008 "https://shapegain.com/contact-with-us/" "Mozilla/5.0 (Windows NT 10.0; Win64; x64) AppleWebKit/537.36 (KHTML, like Gecko) Chrome/114.0.0.0 Safari/537.36 Edg/114.0.1264.71"
23.105.150.90 - - [14/Nov/2024:15:18:30 -0500] "POST /wp-json/contact-form-7/v1/contact-forms/316/feedback HTTP/1.1" 200 233 "https://shapegain.com/contact-with-us/" "Mozilla/5.0 (Windows NT 10.0; Win64; x64) AppleWebKit/537.36 (KHTML, like Gecko) Chrome/114.0.0.0 Safari/537.36 Edg/114.0.1264.71"
162.213.251.208 - - [14/Nov/2024:15:24:43 -0500] "POST /wp-cron.php?doing_wp_cron=1731615883.6472320556640625000000 HTTP/1.1" 200 0 "-" "WordPress/6.7; https://shapegain.com"
51.222.253.17 - - [14/Nov/2024:15:24:36 -0500] "GET /product/beheadphones2/feed/ HTTP/1.1" 200 401 "-" "Mozilla/5.0 (compatible; AhrefsBot/7.0; +http://ahrefs.com/robot/)"
162.213.251.208 - - [14/Nov/2024:15:30:18 -0500] "POST /wp-cron.php?doing_wp_cron=1731616218.6403040885925292968750 HTTP/1.1" 200 0 "-" "WordPress/6.7; https://shapegain.com"
52.167.144.59 - - [14/Nov/2024:15:30:09 -0500] "GET /robots.txt HTTP/1.1" 301 0 "-" "Mozilla/5.0 AppleWebKit/537.36 (KHTML, like Gecko; compatible; bingbot/2.0; +http://www.bing.com/bingbot.htm) Chrome/116.0.1938.76 Safari/537.36"
52.167.144.59 - - [14/Nov/2024:15:30:19 -0500] "GET /robots.txt HTTP/1.1" 200 141 "-" "Mozilla/5.0 AppleWebKit/537.36 (KHTML, like Gecko; compatible; bingbot/2.0; +http://www.bing.com/bingbot.htm) Chrome/116.0.1938.76 Safari/537.36"
162.213.251.208 - - [14/Nov/2024:15:30:30 -0500] "POST /wp-cron.php?doing_wp_cron=1731616230.8770990371704101562500 HTTP/1.1" 200 0 "-" "WordPress/6.7; https://shapegain.com"
157.55.39.197 - - [14/Nov/2024:15:30:30 -0500] "GET /sitemap.xml HTTP/1.1" 301 0 "-" "Mozilla/5.0 AppleWebKit/537.36 (KHTML, like Gecko; compatible; bingbot/2.0; +http://www.bing.com/bingbot.htm) Chrome/116.0.1938.76 Safari/537.36"
157.55.39.204 - - [14/Nov/2024:15:30:39 -0500] "GET /wp-sitemap.xml HTTP/1.1" 200 216 "-" "Mozilla/5.0 AppleWebKit/537.36 (KHTML, like Gecko; compatible; bingbot/2.0; +http://www.bing.com/bingbot.htm) Chrome/116.0.1938.76 Safari/537.36"
162.213.251.208 - - [14/Nov/2024:15:43:05 -0500] "POST /wp-cron.php?doing_wp_cron=1731616985.2636930942535400390625 HTTP/1.1" 200 0 "-" "WordPress/6.7; https://shapegain.com"
103.82.20.35 - - [14/Nov/2024:15:43:00 -0500] "POST /xmlrpc.php HTTP/1.1" 200 236 "-" "Mozilla/5.0 (X11; Fedora; Linux x86_64; rv:94.0) Gecko/20100101 Firefox/95.0"
162.213.251.208 - - [14/Nov/2024:15:49:21 -0500] "POST /wp-cron.php?doing_wp_cron=1731617361.3052740097045898437500 HTTP/1.1" 200 0 "-" "WordPress/6.7; https://shapegain.com"
52.167.144.162 - - [14/Nov/2024:15:49:16 -0500] "GET /wp-sitemap-taxonomies-post_tag-1.xml HTTP/1.1" 200 175 "-" "Mozilla/5.0 AppleWebKit/537.36 (KHTML, like Gecko; compatible; bingbot/2.0; +http://www.bing.com/bingbot.htm) Chrome/116.0.1938.76 Safari/537.36"
162.213.251.208 - - [14/Nov/2024:16:04:39 -0500] "POST /wp-cron.php?doing_wp_cron=1731618279.3055329322814941406250 HTTP/1.1" 200 0 "-" "WordPress/6.7; https://shapegain.com"
51.222.253.9 - - [14/Nov/2024:16:04:30 -0500] "GET /product-category/gaming/ HTTP/1.1" 200 24196 "-" "Mozilla/5.0 (compatible; AhrefsBot/7.0; +http://ahrefs.com/robot/)"
162.213.251.208 - - [14/Nov/2024:16:31:20 -0500] "POST /wp-cron.php?doing_wp_cron=1731619880.4446280002593994140625 HTTP/1.1" 200 0 "-" "WordPress/6.7; https://shapegain.com"
185.184.155.61 - - [14/Nov/2024:16:31:11 -0500] "POST /xmlrpc.php HTTP/1.1" 200 236 "-" "Mozilla/5.0 (X11; Fedora; Linux x86_64; rv:94.0) Gecko/20100101 Firefox/95.0"
162.213.251.208 - - [14/Nov/2024:16:37:10 -0500] "POST /wp-cron.php?doing_wp_cron=1731620230.3846681118011474609375 HTTP/1.1" 200 0 "-" "WordPress/6.7; https://shapegain.com"
51.222.253.15 - - [14/Nov/2024:16:37:03 -0500] "GET /product-category/tv-audio/ HTTP/1.1" 200 24697 "-" "Mozilla/5.0 (compatible; AhrefsBot/7.0; +http://ahrefs.com/robot/)"
162.213.251.208 - - [14/Nov/2024:17:05:31 -0500] "POST /wp-cron.php?doing_wp_cron=1731621931.8964340686798095703125 HTTP/1.1" 200 0 "-" "WordPress/6.7; https://shapegain.com"
51.222.253.14 - - [14/Nov/2024:17:05:27 -0500] "GET /product/beheadphones/feed/ HTTP/1.1" 200 400 "-" "Mozilla/5.0 (compatible; AhrefsBot/7.0; +http://ahrefs.com/robot/)"
162.213.251.208 - - [14/Nov/2024:17:11:19 -0500] "POST /wp-cron.php?doing_wp_cron=1731622279.5437409877777099609375 HTTP/1.1" 200 0 "-" "WordPress/6.7; https://shapegain.com"
103.186.184.120 - - [14/Nov/2024:17:11:14 -0500] "POST /xmlrpc.php HTTP/1.1" 200 236 "-" "Mozilla/5.0 (X11; Fedora; Linux x86_64; rv:94.0) Gecko/20100101 Firefox/95.0"
162.213.251.208 - - [14/Nov/2024:17:22:04 -0500] "POST /wp-cron.php?doing_wp_cron=1731622924.7695519924163818359375 HTTP/1.1" 200 0 "-" "WordPress/6.7; https://shapegain.com"
54.38.25.220 - - [14/Nov/2024:17:21:58 -0500] "GET /wp-json/wp/v2/users HTTP/1.1" 200 1317 "-" "Mozilla/5.0 (Windows NT 10.0; Win64; x64) AppleWebKit/537.36 (KHTML, like Gecko) Chrome/74.0.3729.157 Safari/537.36"
